{"id":1067,"date":"2012-04-17T14:32:13","date_gmt":"2012-04-17T12:32:13","guid":{"rendered":"http:\/\/www.brennecke.org\/?page_id=1067"},"modified":"2013-04-25T19:35:42","modified_gmt":"2013-04-25T17:35:42","slug":"schaltpult-um-und-neubauten","status":"publish","type":"page","link":"https:\/\/www.brennecke.org\/?page_id=1067","title":{"rendered":"Schaltpult-Um- und Neubauten"},"content":{"rendered":"<p>Diese Seite enth\u00e4lt eine \u00dcbersicht \u00fcber Beschreibungen, Bilder und Anleitungen zum Nachbau zu Erweiterungen und kompletten Neudesigns der Schaltpults der Philips-EE und ABC-Serie.<\/p>\n<ul>\n<li><a title=\"AVRnet 6440 \u2013 Das neue Mikrocontroller MasterLab\" href=\"..\/?page_id=1046\">AVRnet 6440<\/a>, ein Mikrocontroller-Experimentierboard auf AVR-Basis mit Ethernet-Anschluss<\/li>\n<li><a title=\"TV-Lab \u2013 Digitales Flachbildfernsehen f\u00fcr die Philips-Bauk\u00e4sten\" href=\"..\/?page_id=1057\">TV-Lab<\/a> &#8211;\u00a0 digitales Farbfernsehen im Philips-Design<\/li>\n<li><a title=\"Digital-Oszilloskop f\u00fcrs Schaltpult\" href=\"http:\/\/www.brennecke.org\/?page_id=1071\">Digital-Oszilloskop<\/a> zum Einbau in ein EE-2000-Schaltpult<\/li>\n<li><a title=\"Stromversorgung f\u00fcr die EE-2000-Serie\" href=\"http:\/\/www.brennecke.org\/?page_id=1067#Stromversorgung\">Stromversorgung f\u00fcr die EE2000-Serie<\/a> (siehe unten)<\/li>\n<li><a title=\"Zweiter Lautsprecher\" href=\"http:\/\/www.brennecke.org\/?page_id=1067#Zweiter-Lautsprecher\">Zweiter Lautsprecher<\/a> f\u00fcr die EE2000-Serie (siehe unten)<\/li>\n<li><a title=\"Stereo-Lab\" href=\"http:\/\/www.brennecke.org\/?page_id=1609\">Stereo-Lab<\/a> &#8211; zwei Lautsprecher f\u00fcr die ABC-Serie<\/li>\n<li><a title=\"PC Lab \u2013 Der Computer in der Box\" href=\"http:\/\/www.brennecke.org\/?page_id=1654\">PC-Lab<\/a> &#8211; ein kompletter Windows-7-Computer samt Bildschirm und USB-Steuerplatine zum Experimentieren, eingebaut in ein ABC-Pult<\/li>\n<li><a title=\"TV-R\u00f6hrenlab\" href=\"http:\/\/www.brennecke.org\/?page_id=2194\">TV-R\u00f6hrenlab<\/a> &#8211; ein Original-TV-Lab mit Schwarz-Wei\u00df-R\u00f6hre, erweitert um aktuelle TV-Eing\u00e4nge<\/li>\n<li><a title=\"Mikrocontroller-Lab 2.0\" href=\"http:\/\/www.brennecke.org\/?page_id=2396\">Mikrocontroller-Lab 2.0 (derzeit in Arbeit)<\/a><\/li>\n<\/ul>\n<p><a name=\"Stromversorgung\"><\/a><\/p>\n<h3>Stromversorgung f\u00fcr die EE-2000-Serie<\/h3>\n<p>Ich wollte bei den Basteleien gerne komplett auf Batterien verzichten, aus Umwelt- wie aus rein technischen Gr\u00fcnden. Heute sind leistungsf\u00e4hige Schaltnetzteile im 12V-Bereich verf\u00fcgbar, die man mit Reglern in saubere Philips-geeignete-Gleichspannungen herunterregeln kann.<\/p>\n<div>\n<div><a href=\"http:\/\/www.brennecke.org\/wp-content\/uploads\/2012\/04\/IMG_4146.jpg\"><img loading=\"lazy\" decoding=\"async\" class=\"alignnone size-full wp-image-1415\" title=\"IMG_4146\" alt=\"\" src=\"http:\/\/www.brennecke.org\/wp-content\/uploads\/2012\/04\/IMG_4146.jpg\" width=\"800\" height=\"600\" srcset=\"https:\/\/www.brennecke.org\/wp-content\/uploads\/2012\/04\/IMG_4146.jpg 800w, https:\/\/www.brennecke.org\/wp-content\/uploads\/2012\/04\/IMG_4146-300x225.jpg 300w\" sizes=\"(max-width: 800px) 100vw, 800px\" \/><\/a><\/div>\n<div><a href=\"http:\/\/www.brennecke.org\/wp-content\/uploads\/2012\/04\/Stromversorgung.png\"><img loading=\"lazy\" decoding=\"async\" class=\"alignnone size-full wp-image-1416\" title=\"Stromversorgung\" alt=\"\" src=\"http:\/\/www.brennecke.org\/wp-content\/uploads\/2012\/04\/Stromversorgung.png\" width=\"1024\" height=\"312\" srcset=\"https:\/\/www.brennecke.org\/wp-content\/uploads\/2012\/04\/Stromversorgung.png 1024w, https:\/\/www.brennecke.org\/wp-content\/uploads\/2012\/04\/Stromversorgung-300x91.png 300w\" sizes=\"(max-width: 1024px) 100vw, 1024px\" \/><\/a><\/div>\n<\/div>\n<p>Das entworfene Modul wird ins Schaltpult eingebaut und mit einer Schraube in Loch &#8222;Q&#8220; befestigt. Es bietet eine 12V-Anschlussbuchse, die zun\u00e4chst \u00fcber den Potentiometerschalter gef\u00fchrt ist &#8211; aus ist aus. Das Modul selbst stellt +9V und eine weitere regelbare Spannung zur Verf\u00fcgung, die ich je nach Anwendungsfall auf +4,5V oder +5V einstellen kann. Die Schaltungen des EE2000 ben\u00f6tigen gew\u00f6hnlich symmetrische Spannungen; dort sind 4,5V erste Wahl, viele Schaltungen arbeiten ansonsten nicht korrekt oder m\u00fcssten umdimensioniert werden. Die TTL-Schaltungen des EE2015 werden besser mit +5V betrieben. Nat\u00fcrlich sind bei Bedarf auch andere Spannungen bis etwa 7,5V m\u00f6glich.<\/p>\n<p><a href=\"http:\/\/www.brennecke.org\/wp-content\/uploads\/2012\/04\/IMG_4143.jpg\"><img loading=\"lazy\" decoding=\"async\" class=\"alignnone size-medium wp-image-1413\" title=\"IMG_4143\" alt=\"\" src=\"http:\/\/www.brennecke.org\/wp-content\/uploads\/2012\/04\/IMG_4143-300x225.jpg\" width=\"300\" height=\"225\" srcset=\"https:\/\/www.brennecke.org\/wp-content\/uploads\/2012\/04\/IMG_4143-300x225.jpg 300w, https:\/\/www.brennecke.org\/wp-content\/uploads\/2012\/04\/IMG_4143.jpg 800w\" sizes=\"(max-width: 300px) 100vw, 300px\" \/><\/a> <a href=\"http:\/\/www.brennecke.org\/wp-content\/uploads\/2012\/04\/IMG_4144.jpg\"><img loading=\"lazy\" decoding=\"async\" class=\"alignnone size-medium wp-image-1414\" title=\"IMG_4144\" alt=\"\" src=\"http:\/\/www.brennecke.org\/wp-content\/uploads\/2012\/04\/IMG_4144-300x225.jpg\" width=\"300\" height=\"225\" srcset=\"https:\/\/www.brennecke.org\/wp-content\/uploads\/2012\/04\/IMG_4144-300x225.jpg 300w, https:\/\/www.brennecke.org\/wp-content\/uploads\/2012\/04\/IMG_4144.jpg 800w\" sizes=\"(max-width: 300px) 100vw, 300px\" \/><\/a><\/p>\n<p>Die kleine Schaltung besteht aus dem Linearregler 7809 und dem regelbaren Baustein L200, dazu einigen Kondensatoren, die die Eingangsspannung s\u00e4ubern. +9V werden an Anschluss 17 des Schaltpults ausgegeben; der freie Anschluss 18 wird zum Masseanschluss. +5V oder +4,5V stehen an Anschluss 24 zur Verf\u00fcgung.<\/p>\n<p>Es sind allerdings nicht alle 12V-Netzteile gleicherma\u00dfen geeignet. Ein mit einer USB-Festplatte geliefertes Netzteil hatte eine st\u00f6rende Wechselspannung bei ca 1,3 kHz, die im reinen Schaltbetrieb nicht st\u00f6rte, jedoch f\u00fcr einen Verst\u00e4rker nicht genutzt werden konnte.<\/p>\n<h3><a name=\"Zweiter-Lautsprecher\"><\/a><\/h3>\n<h3>Zweiter Lautsprecher<\/h3>\n<p>F\u00fcr mein <a title=\"UKW-Stereo-Radio mit Computeranschluss\" href=\"http:\/\/www.brennecke.org\/?page_id=1086\">Stereo-Radio<\/a> suchte ich nach einer optisch und klanglich akzeptablen L\u00f6sung, den zweiten Lautsprecher am Schaltpult zu befestigen. Nach einigen Tests mit externen, anschaubbaren Erweiterungen beschloss ich, den Drehkondensator aus <a title=\"EE2003\" href=\"http:\/\/rigert.com\/bk-wiki\/index.php?title=EE2003\">EE2003<\/a> zu entfernen und stattdessen den Lautsprecher einzubauen. Dazu bohrte ich eine Reihe von L\u00f6chern in das Schaltpult. Nebenziel war dabei, dass der Drehkondensator bei Bedarf wieder befestigt werden konnte und sich die Besch\u00e4digungen diesmal (im Gegensatz zur Oszi-Erweiterung) in Grenzen hielten. Bei eingebautem Drehko werden die L\u00f6cher durch das Einstellrad abgedeckt und sind kaum zu sehen.<\/p>\n<p><a href=\"http:\/\/www.brennecke.org\/wp-content\/uploads\/2012\/04\/Zweiter-Lautsprecher-innen.jpg\"><img loading=\"lazy\" decoding=\"async\" class=\"alignnone size-medium wp-image-1417\" title=\"Zweiter Lautsprecher innen\" alt=\"\" src=\"http:\/\/www.brennecke.org\/wp-content\/uploads\/2012\/04\/Zweiter-Lautsprecher-innen-300x225.jpg\" width=\"300\" height=\"225\" srcset=\"https:\/\/www.brennecke.org\/wp-content\/uploads\/2012\/04\/Zweiter-Lautsprecher-innen-300x225.jpg 300w, https:\/\/www.brennecke.org\/wp-content\/uploads\/2012\/04\/Zweiter-Lautsprecher-innen.jpg 800w\" sizes=\"(max-width: 300px) 100vw, 300px\" \/><\/a> <a href=\"http:\/\/www.brennecke.org\/wp-content\/uploads\/2012\/04\/Zweiter-Lautsprecher.jpg\"><img loading=\"lazy\" decoding=\"async\" class=\"alignnone size-medium wp-image-1418\" title=\"Zweiter Lautsprecher\" alt=\"\" src=\"http:\/\/www.brennecke.org\/wp-content\/uploads\/2012\/04\/Zweiter-Lautsprecher-300x225.jpg\" width=\"300\" height=\"225\" srcset=\"https:\/\/www.brennecke.org\/wp-content\/uploads\/2012\/04\/Zweiter-Lautsprecher-300x225.jpg 300w, https:\/\/www.brennecke.org\/wp-content\/uploads\/2012\/04\/Zweiter-Lautsprecher.jpg 800w\" sizes=\"(max-width: 300px) 100vw, 300px\" \/><\/a><\/p>\n<p><a title=\"Elektronik\" href=\"http:\/\/www.brennecke.org\/?page_id=1039\">Zur\u00fcck zur Hauptseite<\/a><\/p>\n<p>&nbsp;<\/p>\n<p>&nbsp;<\/p>\n<p>&nbsp;<\/p>\n<p>&nbsp;<\/p>\n<p>&nbsp;<\/p>\n<p>&nbsp;<\/p>\n<div class=\"twoclick_social_bookmarks_post_1067 social_share_privacy clearfix 1.6.4 locale-de_DE sprite-de_DE\"><\/div><div class=\"twoclick-js\"><script type=\"text\/javascript\">\/* <![CDATA[ *\/\njQuery(document).ready(function($){if($('.twoclick_social_bookmarks_post_1067')){$('.twoclick_social_bookmarks_post_1067').socialSharePrivacy({\"services\":{\"facebook\":{\"status\":\"on\",\"txt_info\":\"2 Klicks f\\u00fcr mehr Datenschutz: Erst wenn Sie hier klicken, wird der Button aktiv und Sie k\\u00f6nnen Ihre Empfehlung an Facebook senden. Schon beim Aktivieren werden Daten an Dritte \\u00fcbertragen - siehe <em>i<\\\/em>.\",\"perma_option\":\"off\",\"action\":\"recommend\",\"language\":\"de_DE\"},\"twitter\":{\"reply_to\":\"\",\"tweet_text\":\"Schaltpult-Um-%20und%20Neubauten%20%C2%BB%2053%20Cent\",\"status\":\"on\",\"txt_info\":\"2 Klicks f\\u00fcr mehr Datenschutz: Erst wenn Sie hier klicken, wird der Button aktiv und Sie k\\u00f6nnen Ihre Empfehlung an Twitter senden. Schon beim Aktivieren werden Daten an Dritte \\u00fcbertragen - siehe <em>i<\\\/em>.\",\"perma_option\":\"off\",\"language\":\"de\",\"referrer_track\":\"\"},\"gplus\":{\"status\":\"on\",\"txt_info\":\"2 Klicks f\\u00fcr mehr Datenschutz: Erst wenn Sie hier klicken, wird der Button aktiv und Sie k\\u00f6nnen Ihre Empfehlung an Google+ senden. Schon beim Aktivieren werden Daten an Dritte \\u00fcbertragen - siehe <em>i<\\\/em>.\",\"perma_option\":\"off\",\"referrer_track\":\"\"},\"flattr\":{\"uid\":\"\",\"status\":\"on\",\"the_title\":\"Schaltpult-Um-%20und%20Neubauten\",\"the_excerpt\":\"Diese%20Seite%20enth%C3%A4lt%20eine%20%C3%9Cbersicht%20%C3%BCber%20Beschreibungen%2C%20Bilder%20und%20Anleitungen%20zum%20Nachbau%20zu%20Erweiterungen%20und%20kompletten%20Neudesigns%20der%20Schaltpults%20der%20Philips-EE%20und%20ABC-Serie.%0D%0A%0D%0A%09AVRnet%206440%2C%20ein%20Mikrocontroller-Experimentierboard%20auf%20AVR-Basis%20mit%20Ethernet-Anschluss%0D%0A%09TV-Lab%20-%C2%A0%20digitales%20Farbfernsehen%20im%20Philips-Design%0D%0A%09Digital-Oszilloskop%20zum%20Einbau%20in%20ein%20EE-2000-Schaltpult%0D%0A%09Stromver%20...\",\"txt_info\":\"2 Klicks f\\u00fcr mehr Datenschutz: Erst wenn Sie hier klicken, wird der Button aktiv und Sie k\\u00f6nnen Ihre Empfehlung an Flattr senden. Schon beim Aktivieren werden Daten an Dritte \\u00fcbertragen - siehe <em>i<\\\/em>.\",\"perma_option\":\"off\"}},\"txt_help\":\"Wenn Sie diese Felder durch einen Klick aktivieren, werden Informationen an Facebook, Twitter, Flattr, Xing, t3n, LinkedIn, Pinterest oder Google eventuell ins Ausland \\u00fcbertragen und unter Umst\\u00e4nden auch dort gespeichert. N\\u00e4heres erfahren Sie durch einen Klick auf das <em>i<\\\/em>.\",\"settings_perma\":\"Dauerhaft aktivieren und Daten\\u00fcber-tragung zustimmen:\",\"info_link\":\"http:\\\/\\\/www.heise.de\\\/ct\\\/artikel\\\/2-Klicks-fuer-mehr-Datenschutz-1333879.html\",\"uri\":\"https:\\\/\\\/www.brennecke.org\\\/?page_id=1067\",\"post_id\":1067,\"post_title_referrer_track\":\"Schaltpult-Um-+und+Neubauten\",\"display_infobox\":\"on\"});}});\n\/* ]]> *\/<\/script><\/div>","protected":false},"excerpt":{"rendered":"<p>Diese Seite enth\u00e4lt eine \u00dcbersicht \u00fcber Beschreibungen, Bilder und Anleitungen zum Nachbau zu Erweiterungen und kompletten Neudesigns der Schaltpults der Philips-EE und ABC-Serie. AVRnet 6440, ein Mikrocontroller-Experimentierboard auf AVR-Basis mit Ethernet-Anschluss TV-Lab &#8211;\u00a0 digitales Farbfernsehen im Philips-Design Digital-Oszilloskop zum Einbau &hellip; <a href=\"https:\/\/www.brennecke.org\/?page_id=1067\">Weiterlesen <span class=\"meta-nav\">&rarr;<\/span><\/a><\/p>\n","protected":false},"author":1,"featured_media":1104,"parent":1039,"menu_order":11,"comment_status":"open","ping_status":"open","template":"","meta":{"footnotes":""},"_links":{"self":[{"href":"https:\/\/www.brennecke.org\/index.php?rest_route=\/wp\/v2\/pages\/1067"}],"collection":[{"href":"https:\/\/www.brennecke.org\/index.php?rest_route=\/wp\/v2\/pages"}],"about":[{"href":"https:\/\/www.brennecke.org\/index.php?rest_route=\/wp\/v2\/types\/page"}],"author":[{"embeddable":true,"href":"https:\/\/www.brennecke.org\/index.php?rest_route=\/wp\/v2\/users\/1"}],"replies":[{"embeddable":true,"href":"https:\/\/www.brennecke.org\/index.php?rest_route=%2Fwp%2Fv2%2Fcomments&post=1067"}],"version-history":[{"count":14,"href":"https:\/\/www.brennecke.org\/index.php?rest_route=\/wp\/v2\/pages\/1067\/revisions"}],"predecessor-version":[{"id":2399,"href":"https:\/\/www.brennecke.org\/index.php?rest_route=\/wp\/v2\/pages\/1067\/revisions\/2399"}],"up":[{"embeddable":true,"href":"https:\/\/www.brennecke.org\/index.php?rest_route=\/wp\/v2\/pages\/1039"}],"wp:featuredmedia":[{"embeddable":true,"href":"https:\/\/www.brennecke.org\/index.php?rest_route=\/wp\/v2\/media\/1104"}],"wp:attachment":[{"href":"https:\/\/www.brennecke.org\/index.php?rest_route=%2Fwp%2Fv2%2Fmedia&parent=1067"}],"curies":[{"name":"wp","href":"https:\/\/api.w.org\/{rel}","templated":true}]}}