{"id":1086,"date":"2012-04-17T14:48:33","date_gmt":"2012-04-17T12:48:33","guid":{"rendered":"http:\/\/www.brennecke.org\/?page_id=1086"},"modified":"2012-10-04T16:54:28","modified_gmt":"2012-10-04T14:54:28","slug":"ukw-stereo-radio-mit-computeranschluss","status":"publish","type":"page","link":"https:\/\/www.brennecke.org\/?page_id=1086","title":{"rendered":"UKW-Stereo-Radio mit Computeranschluss"},"content":{"rendered":"<p><a href=\"http:\/\/www.brennecke.org\/wp-content\/uploads\/2012\/04\/IMG_4538.jpg\"><img loading=\"lazy\" decoding=\"async\" class=\"alignnone size-medium wp-image-1166\" title=\"IMG_4538\" src=\"http:\/\/www.brennecke.org\/wp-content\/uploads\/2012\/04\/IMG_4538-300x225.jpg\" alt=\"\" width=\"300\" height=\"225\" srcset=\"https:\/\/www.brennecke.org\/wp-content\/uploads\/2012\/04\/IMG_4538-300x225.jpg 300w, https:\/\/www.brennecke.org\/wp-content\/uploads\/2012\/04\/IMG_4538.jpg 1024w\" sizes=\"(max-width: 300px) 100vw, 300px\" \/><\/a> <a href=\"http:\/\/www.brennecke.org\/wp-content\/uploads\/2012\/04\/IMG_4486.jpg\"><img loading=\"lazy\" decoding=\"async\" class=\"alignnone size-medium wp-image-1193\" title=\"IMG_4486\" src=\"http:\/\/www.brennecke.org\/wp-content\/uploads\/2012\/04\/IMG_4486-300x225.jpg\" alt=\"\" width=\"300\" height=\"225\" srcset=\"https:\/\/www.brennecke.org\/wp-content\/uploads\/2012\/04\/IMG_4486-300x225.jpg 300w, https:\/\/www.brennecke.org\/wp-content\/uploads\/2012\/04\/IMG_4486.jpg 800w\" sizes=\"(max-width: 300px) 100vw, 300px\" \/><\/a><\/p>\n<p>Das Ger\u00e4t besteht aus dem UKW-Stereo-Modul, dessen Abstimmspannung hier nicht \u00fcber ein Trimmpotentiometer gesteuert, sondern aus einem der analogen Ausg\u00e4nge des USB-Moduls gewonnen wird. Das Modul steuert die Stereo-Lautst\u00e4rkeregelung und zwei Endverst\u00e4rker, die aus je einem TBA 820M bestehen. Sie sind hier an zwei 15-Ohm-Lautsprecher der sp\u00e4ten EE2000-Serie angeschlossen.<\/p>\n<p>Die analogen Ausg\u00e4nge des USB-Moduls liefern regelbare Spannungen von 0..5Volt in 256 Stufen. Das UKW-Stereo-Modul mit dem Chip TDA7021 besitzt ein automatisches Feinttuning, so dass 256 Stufen f\u00fcr eine Senderauswahl gen\u00fcgen sollten.<\/p>\n<p>Der Signalst\u00e4rkeausgang des UKW-Stereo-Moduls ist direkt mit einem der analogen Eing\u00e4nge des USB-Moduls verbunden, so  dass die jeweils anstehende Signalst\u00e4rke auf Computerseite gemessen  werden kann.<\/p>\n<h3>Software<\/h3>\n<p>Die Software \u00fcbernimmt mit der Abstimmung der Sender einen  wesentlichen Teil der Funktionen des Radios. Sie sollte folgende  Funktionen \u00fcbernehmen:<\/p>\n<ul>\n<li> Automatische Sendersuche: anhand der Signalst\u00e4rke sollte feststellbar sein, wo sich Sender befinden und wo nicht<\/li>\n<li> Senderspeicher: Alle gefundenen Sender sollen auch beim Beenden und Neustarten wieder vorhanden sein<\/li>\n<li> M\u00f6glichst automatisierte Zuordnung von Sendern, Sendernamen und Frequenzen<\/li>\n<li> Manuelle (Fein-)Abstimmung<\/li>\n<li> Sender-Kurzwahlspeicher<\/li>\n<li> Umschalten der Sender von der EE-Bauplatte aus<\/li>\n<\/ul>\n<p>Die folgenden Abschnitte beschreiben, wie die einzelnen Funktionen  umgesetzt sind. Die Software selbst wurde in Delphi (Pascal)  geschrieben, Quelltext und EXE-Version stehen auf Anfrage zur Verf\u00fcgung.  Die Software steuert eine DLL an, die dem K8055-Modul beiliegt und die  gesamte Kommunikation zum USB-Bus auf niederer Ebene \u00fcbernimmt.<\/p>\n<p>Ich habe das Programm f\u00fcr einen kleinen Touchscreen-Computer  optimiert, der unter Windows l\u00e4uft. Es wurde Wert darauf gelegt, dass  eine Tastatur nicht ben\u00f6tigt wird. Ebenso wird auf Doppelklicks  verzichtet bzw. eine Umgehung angeboten.<\/p>\n<h3>Automatische Sendersuche<\/h3>\n<p>Die Sendersuche gestaltet sich recht einfach. Es werden alle 256  Stufen einmalig geschaltet und f\u00fcr etwa eine halbe Sekunde gehalten. In  dieser Zeit wird ein Mittelwert aus den gemessenen Signalst\u00e4rken  gebildet. Danach erfolgt eine weitere Mittelung, um bei starken Sendern  das Optimum zu finden &#8211; diese Sender sind dank der automatischen  Feinabstimmung des TDA7021 oft mehrere Stufen breit. Die gemessene  Breite, w\u00e4hrend der eine gewisse Feldst\u00e4rke nicht unterschritten wird,  wird ebenfalls gespeichert. Der Suchlauf dauert etwa 2 Minuten, danach  hat das Modul je nach Standort eine gewisse Anzahl Sender gefunden &#8211; bei  mir waren es 22.<\/p>\n<p><a href=\"http:\/\/www.brennecke.org\/wp-content\/uploads\/2012\/04\/Suchlauf.png\"><img loading=\"lazy\" decoding=\"async\" class=\"alignnone size-medium wp-image-1198\" title=\"Suchlauf\" src=\"http:\/\/www.brennecke.org\/wp-content\/uploads\/2012\/04\/Suchlauf-300x234.png\" alt=\"\" width=\"300\" height=\"234\" srcset=\"https:\/\/www.brennecke.org\/wp-content\/uploads\/2012\/04\/Suchlauf-300x234.png 300w, https:\/\/www.brennecke.org\/wp-content\/uploads\/2012\/04\/Suchlauf.png 667w\" sizes=\"(max-width: 300px) 100vw, 300px\" \/><\/a><\/p>\n<h3>Zuordnung von Sendern, Sendernamen und Frequenzen<\/h3>\n<p>Das Bild zeigt den Zusammenhang der 256 Stufen des analogen Ausgangs  und der empfangenen Frequenz (abgeglichen \u00fcber einen RDS-Tuner). Die  logarithmische Kennlinie der Kapazit\u00e4tsdiode ist darauf gut zu erkennen.  Damit ist es aber auch recht einfach, eine recht exakte Zuordnung von  Steuerspannung und Frequenz zu erreichen, wenn nur zwei Frequenzen exakt  bekannt sind.<\/p>\n<p><a href=\"http:\/\/www.brennecke.org\/wp-content\/uploads\/2012\/04\/UKW-Spannung-Frequenz.png\"><img loading=\"lazy\" decoding=\"async\" class=\"alignnone size-medium wp-image-1199\" title=\"UKW Spannung-Frequenz\" src=\"http:\/\/www.brennecke.org\/wp-content\/uploads\/2012\/04\/UKW-Spannung-Frequenz-300x171.png\" alt=\"\" width=\"300\" height=\"171\" srcset=\"https:\/\/www.brennecke.org\/wp-content\/uploads\/2012\/04\/UKW-Spannung-Frequenz-300x171.png 300w, https:\/\/www.brennecke.org\/wp-content\/uploads\/2012\/04\/UKW-Spannung-Frequenz.png 665w\" sizes=\"(max-width: 300px) 100vw, 300px\" \/><\/a><\/p>\n<p>Passende Sendertabellen f\u00fcr jeden Standort k\u00f6nnen bei <a rel=\"nofollow\" href=\"http:\/\/www.fmscan.org\/main.php\">FMScan.org<\/a> heruntergeladen werden. In meiner Berliner Liste stehen alle  empfangbaren Sender inklusive der erwartbaren Feldst\u00e4rke mitsamt  RDS-Kennzeichen und Senderstandort. Diese Tabelle kann man in einem  CSV-Excel-Format (kommasepariert) speichern. Die Software liest diese  Tabelle dann automatisch ein und f\u00fchrt nach der Sendersuche anhand eines  Vorgabewerts f\u00fcr zwei Frequenzen bereits eine erste Zuordnung durch.  Falls diese fehlerhaft ist &#8211; damit ist zu rechnen &#8211; kann man in der  Senderliste nacheinander zwei Sender ausw\u00e4hlen und die Zuordnung erneut  automatisch durchf\u00fchren lassen. Dazu braucht man entweder ein Radio mit  Frequenzanzeige oder etwas Zeit &#8211; bis im Sender selbst gesagt wird, wer  da sendet. Danach stimmt die Zuordnung f\u00fcr die meisten Sender. Probleme  gibt es immer dann, wenn bei der Sendersuche der Sender nicht exakt  eingestellt wurde. Dann ist noch etwas Nacharbeit n\u00f6tig.<\/p>\n<p>Danach hat man bereits eine Software, die alle gefundenen Sender inklusive Frequenz und Sendernamen auflistet.<\/p>\n<p><a href=\"http:\/\/www.brennecke.org\/wp-content\/uploads\/2012\/04\/Senderliste.png\"><img loading=\"lazy\" decoding=\"async\" class=\"alignnone size-medium wp-image-1196\" title=\"Senderliste\" src=\"http:\/\/www.brennecke.org\/wp-content\/uploads\/2012\/04\/Senderliste-300x235.png\" alt=\"\" width=\"300\" height=\"235\" srcset=\"https:\/\/www.brennecke.org\/wp-content\/uploads\/2012\/04\/Senderliste-300x235.png 300w, https:\/\/www.brennecke.org\/wp-content\/uploads\/2012\/04\/Senderliste.png 665w\" sizes=\"(max-width: 300px) 100vw, 300px\" \/><\/a><\/p>\n<h3>Senderspeicher<\/h3>\n<p>Die Senderliste zeigt alle gefundenen Sender an &#8211; nach erfolgter  Zuordnung zum Sendernamen auch mit Namen und Frequenz. Der Auswahl des  Sendernamens &#8211; falls er nicht bereits automatisch erkannt wurde &#8211;  erfolgt durch Rechtsklick, mit Linksklick wird der Sender gewechselt.<\/p>\n<p><a href=\"http:\/\/www.brennecke.org\/wp-content\/uploads\/2012\/04\/Senderwahl.png\"><img loading=\"lazy\" decoding=\"async\" class=\"alignnone size-medium wp-image-1197\" title=\"Senderwahl\" src=\"http:\/\/www.brennecke.org\/wp-content\/uploads\/2012\/04\/Senderwahl-300x235.png\" alt=\"\" width=\"300\" height=\"235\" srcset=\"https:\/\/www.brennecke.org\/wp-content\/uploads\/2012\/04\/Senderwahl-300x235.png 300w, https:\/\/www.brennecke.org\/wp-content\/uploads\/2012\/04\/Senderwahl.png 668w\" sizes=\"(max-width: 300px) 100vw, 300px\" \/><\/a><\/p>\n<h3>Manuelle (Fein-)Abstimmung<\/h3>\n<p>Die manuelle Feinabstimmung erfolgt \u00fcber ein Tastenfeld, das Spr\u00fcnge  um je 1 oder 10 nach links oder rechts erlaubt. Wenn dabei der aktuelle  Sender verlassen wird, wird aus der Sendertabelle der jeweils passende  neue Sender gesucht. Wenn ein Sender eingestellt wird, der bisher nicht  vorhanden war (weil er vielleicht bei der Sendersuche zu schwach war),  kann er neu angelegt werden.<\/p>\n<p><a href=\"http:\/\/www.brennecke.org\/wp-content\/uploads\/2012\/04\/Manuell.png\"><img loading=\"lazy\" decoding=\"async\" class=\"alignnone size-medium wp-image-1195\" title=\"Manuell\" src=\"http:\/\/www.brennecke.org\/wp-content\/uploads\/2012\/04\/Manuell-300x235.png\" alt=\"\" width=\"300\" height=\"235\" srcset=\"https:\/\/www.brennecke.org\/wp-content\/uploads\/2012\/04\/Manuell-300x235.png 300w, https:\/\/www.brennecke.org\/wp-content\/uploads\/2012\/04\/Manuell.png 667w\" sizes=\"(max-width: 300px) 100vw, 300px\" \/><\/a><\/p>\n<h3>Sender-Kurzwahlspeicher<\/h3>\n<p>In Arbeit &#8211; dies wird \u00fcber die digitalen Eing\u00e4nge des USB-Moduls  gesteuert, die bereits mit Tastern versehen sind. Nat\u00fcrlich wird die  Kurzwahl auch von der Software aus steuerbar sein.<\/p>\n<h3>Umschalten der Sender von der EE-Bauplatte aus<\/h3>\n<p>In Arbeit &#8211; hier kommt der zweite analoge Eingang des USB-Moduls zum Einsatz, dazu zwei Taster auf der Grundplatte.<\/p>\n<h3>Bauteile<\/h3>\n<p><a href=\"http:\/\/www.brennecke.org\/wp-content\/uploads\/2012\/04\/UKW-Stereo-Radio-Schaltbild.png\"><img loading=\"lazy\" decoding=\"async\" class=\"alignnone size-large wp-image-1194\" title=\"UKW-Stereo-Radio Schaltbild\" src=\"http:\/\/www.brennecke.org\/wp-content\/uploads\/2012\/04\/UKW-Stereo-Radio-Schaltbild-1024x504.png\" alt=\"\" width=\"640\" height=\"315\" srcset=\"https:\/\/www.brennecke.org\/wp-content\/uploads\/2012\/04\/UKW-Stereo-Radio-Schaltbild-1024x504.png 1024w, https:\/\/www.brennecke.org\/wp-content\/uploads\/2012\/04\/UKW-Stereo-Radio-Schaltbild-300x147.png 300w, https:\/\/www.brennecke.org\/wp-content\/uploads\/2012\/04\/UKW-Stereo-Radio-Schaltbild.png 1275w\" sizes=\"(max-width: 640px) 100vw, 640px\" \/><\/a><\/p>\n<p><a title=\"Elektronische Schaltungen\" href=\"http:\/\/www.brennecke.org\/?page_id=1064\">Zur\u00fcck zur \u00dcbersicht<\/a><\/p>\n<table>\n<tbody>\n<tr>\n<th> Bauteil<\/th>\n<th> Gr\u00f6\u00dfe<\/th>\n<th> Bauteil<\/th>\n<th> Gr\u00f6\u00dfe<\/th>\n<\/tr>\n<tr>\n<td>U4<\/td>\n<td>USB-Modul<\/td>\n<td>C1, C2<\/td>\n<td>4,7\u00b5F<\/td>\n<\/tr>\n<tr>\n<td>R2, R3<\/td>\n<td>Stereo-Potentiometer 10 kOhm<\/td>\n<td>C3, C4<\/td>\n<td>10\u00b5F<\/td>\n<\/tr>\n<tr>\n<td>R7, R8<\/td>\n<td>10 kOhm<\/td>\n<td>C5, C6<\/td>\n<td>0,1 \u00b5F<\/td>\n<\/tr>\n<tr>\n<td>R9, R10<\/td>\n<td>100 Ohm<\/td>\n<td>C7, C8<\/td>\n<td>220 \u00b5F<\/td>\n<\/tr>\n<tr>\n<td>R12, R13<\/td>\n<td>1 Ohm<\/td>\n<td>U1<\/td>\n<td>UKW-Stereo-Modul<\/td>\n<\/tr>\n<tr>\n<td>U2, U3<\/td>\n<td>IC TBA820M (wei\u00df)<\/td>\n<\/tr>\n<\/tbody>\n<\/table>\n<div class=\"twoclick_social_bookmarks_post_1086 social_share_privacy clearfix 1.6.4 locale-de_DE sprite-de_DE\"><\/div><div class=\"twoclick-js\"><script type=\"text\/javascript\">\/* <![CDATA[ *\/\njQuery(document).ready(function($){if($('.twoclick_social_bookmarks_post_1086')){$('.twoclick_social_bookmarks_post_1086').socialSharePrivacy({\"services\":{\"facebook\":{\"status\":\"on\",\"txt_info\":\"2 Klicks f\\u00fcr mehr Datenschutz: Erst wenn Sie hier klicken, wird der Button aktiv und Sie k\\u00f6nnen Ihre Empfehlung an Facebook senden. Schon beim Aktivieren werden Daten an Dritte \\u00fcbertragen - siehe <em>i<\\\/em>.\",\"perma_option\":\"off\",\"action\":\"recommend\",\"language\":\"de_DE\"},\"twitter\":{\"reply_to\":\"\",\"tweet_text\":\"UKW-Stereo-Radio%20mit%20Computeranschluss%20%C2%BB%2053%20Cent\",\"status\":\"on\",\"txt_info\":\"2 Klicks f\\u00fcr mehr Datenschutz: Erst wenn Sie hier klicken, wird der Button aktiv und Sie k\\u00f6nnen Ihre Empfehlung an Twitter senden. Schon beim Aktivieren werden Daten an Dritte \\u00fcbertragen - siehe <em>i<\\\/em>.\",\"perma_option\":\"off\",\"language\":\"de\",\"referrer_track\":\"\"},\"gplus\":{\"status\":\"on\",\"txt_info\":\"2 Klicks f\\u00fcr mehr Datenschutz: Erst wenn Sie hier klicken, wird der Button aktiv und Sie k\\u00f6nnen Ihre Empfehlung an Google+ senden. Schon beim Aktivieren werden Daten an Dritte \\u00fcbertragen - siehe <em>i<\\\/em>.\",\"perma_option\":\"off\",\"referrer_track\":\"\"},\"flattr\":{\"uid\":\"\",\"status\":\"on\",\"the_title\":\"UKW-Stereo-Radio%20mit%20Computeranschluss\",\"the_excerpt\":\"%20%0D%0A%0D%0ADas%20Ger%C3%A4t%20besteht%20aus%20dem%20UKW-Stereo-Modul%2C%20dessen%20Abstimmspannung%20hier%20nicht%20%C3%BCber%20ein%20Trimmpotentiometer%20gesteuert%2C%20sondern%20aus%20einem%20der%20analogen%20Ausg%C3%A4nge%20des%20USB-Moduls%20gewonnen%20wird.%20Das%20Modul%20steuert%20die%20Stereo-Lautst%C3%A4rkeregelung%20und%20zwei%20Endverst%C3%A4rker%2C%20die%20aus%20je%20einem%20TBA%20820M%20bestehen.%20Sie%20sind%20hier%20an%20zwei%2015-Ohm-Lautsprecher%20der%20sp%C3%A4ten%20EE2000-Serie%20angeschlossen.%0D%0A%0D%0ADie%20analogen%20...\",\"txt_info\":\"2 Klicks f\\u00fcr mehr Datenschutz: Erst wenn Sie hier klicken, wird der Button aktiv und Sie k\\u00f6nnen Ihre Empfehlung an Flattr senden. Schon beim Aktivieren werden Daten an Dritte \\u00fcbertragen - siehe <em>i<\\\/em>.\",\"perma_option\":\"off\"}},\"txt_help\":\"Wenn Sie diese Felder durch einen Klick aktivieren, werden Informationen an Facebook, Twitter, Flattr, Xing, t3n, LinkedIn, Pinterest oder Google eventuell ins Ausland \\u00fcbertragen und unter Umst\\u00e4nden auch dort gespeichert. N\\u00e4heres erfahren Sie durch einen Klick auf das <em>i<\\\/em>.\",\"settings_perma\":\"Dauerhaft aktivieren und Daten\\u00fcber-tragung zustimmen:\",\"info_link\":\"http:\\\/\\\/www.heise.de\\\/ct\\\/artikel\\\/2-Klicks-fuer-mehr-Datenschutz-1333879.html\",\"uri\":\"https:\\\/\\\/www.brennecke.org\\\/?page_id=1086\",\"post_id\":1086,\"post_title_referrer_track\":\"UKW-Stereo-Radio+mit+Computeranschluss\",\"display_infobox\":\"on\"});}});\n\/* ]]> *\/<\/script><\/div>","protected":false},"excerpt":{"rendered":"<p>Das Ger\u00e4t besteht aus dem UKW-Stereo-Modul, dessen Abstimmspannung hier nicht \u00fcber ein Trimmpotentiometer gesteuert, sondern aus einem der analogen Ausg\u00e4nge des USB-Moduls gewonnen wird. Das Modul steuert die Stereo-Lautst\u00e4rkeregelung und zwei Endverst\u00e4rker, die aus je einem TBA 820M bestehen. Sie &hellip; <a href=\"https:\/\/www.brennecke.org\/?page_id=1086\">Weiterlesen <span class=\"meta-nav\">&rarr;<\/span><\/a><\/p>\n","protected":false},"author":1,"featured_media":1166,"parent":1773,"menu_order":2,"comment_status":"open","ping_status":"open","template":"","meta":{"footnotes":""},"_links":{"self":[{"href":"https:\/\/www.brennecke.org\/index.php?rest_route=\/wp\/v2\/pages\/1086"}],"collection":[{"href":"https:\/\/www.brennecke.org\/index.php?rest_route=\/wp\/v2\/pages"}],"about":[{"href":"https:\/\/www.brennecke.org\/index.php?rest_route=\/wp\/v2\/types\/page"}],"author":[{"embeddable":true,"href":"https:\/\/www.brennecke.org\/index.php?rest_route=\/wp\/v2\/users\/1"}],"replies":[{"embeddable":true,"href":"https:\/\/www.brennecke.org\/index.php?rest_route=%2Fwp%2Fv2%2Fcomments&post=1086"}],"version-history":[{"count":4,"href":"https:\/\/www.brennecke.org\/index.php?rest_route=\/wp\/v2\/pages\/1086\/revisions"}],"predecessor-version":[{"id":1795,"href":"https:\/\/www.brennecke.org\/index.php?rest_route=\/wp\/v2\/pages\/1086\/revisions\/1795"}],"up":[{"embeddable":true,"href":"https:\/\/www.brennecke.org\/index.php?rest_route=\/wp\/v2\/pages\/1773"}],"wp:featuredmedia":[{"embeddable":true,"href":"https:\/\/www.brennecke.org\/index.php?rest_route=\/wp\/v2\/media\/1166"}],"wp:attachment":[{"href":"https:\/\/www.brennecke.org\/index.php?rest_route=%2Fwp%2Fv2%2Fmedia&parent=1086"}],"curies":[{"name":"wp","href":"https:\/\/api.w.org\/{rel}","templated":true}]}}