{"id":1238,"date":"2012-04-20T19:39:05","date_gmt":"2012-04-20T17:39:05","guid":{"rendered":"http:\/\/www.brennecke.org\/?page_id=1238"},"modified":"2013-01-29T12:50:50","modified_gmt":"2013-01-29T10:50:50","slug":"rundfunk-empfangstechnik","status":"publish","type":"page","link":"https:\/\/www.brennecke.org\/?page_id=1238","title":{"rendered":"Rundfunk-Empfangstechnik"},"content":{"rendered":"<p>Die Mutter aller elektronischen Experimentierk\u00e4sten ist das Radiobasteln \u2013 der Nutzwert von Radios ist eben vielfach h\u00f6her als der einfacher Blink- oder Hupschaltungen. Hier finden sich Module, deren Komponenten kurz vor oder nach dem Ende der Philips-Experimentierk\u00e4sten auf den Markt kamen.<\/p>\n<h3>Inhalt<\/h3>\n<ol>\n<li><a title=\"Oszillator-Bausteine\" href=\"http:\/\/www.brennecke.org\/?page_id=1238#Oszillator-Bausteine\">Oszillator-Bausteine<\/a><\/li>\n<li><a title=\"UKW-Mono-Modul\" href=\"http:\/\/www.brennecke.org\/?page_id=1238#UKW-Mono-Modul\">UKW-Mono-Modul<\/a><\/li>\n<li><a title=\"UKW-Stereo-Modul\" href=\"http:\/\/www.brennecke.org\/?page_id=1240UKW-Stereo-Modul\">UKW-Stereo-Modul<\/a><\/li>\n<li><a title=\"RDS-Decoder\" href=\"http:\/\/www.brennecke.org\/?page_id=1238#RDS-Decoder\">RDS-Decoder<\/a><\/li>\n<\/ol>\n<h3><a name=\"Oszillator-Bausteine\"><\/a><\/h3>\n<h3>Oszillator-Bausteine f\u00fcr sp\u00e4te Mittelwelle<\/h3>\n<p>Auf Basis des SA612 und des D7642 entsteht ein sp\u00e4tes Mittelwellenradio. &#8222;Sp\u00e4t&#8220;, weil im Jahr 2012 das Mittelwellenband nur noch sp\u00e4rlich gef\u00fcllt ist. Das System ist aber ausbauf\u00e4hig und soll auch als Kurzwelle-Empf\u00e4nger arbeiten k\u00f6nnen.<\/p>\n<div>\n<div><a href=\"..\/wp-content\/uploads\/2012\/04\/IMG_4476.jpg\"><img loading=\"lazy\" decoding=\"async\" title=\"IMG_4476\" alt=\"\" src=\"..\/wp-content\/uploads\/2012\/04\/IMG_4476-300x269.jpg\" width=\"300\" height=\"269\" \/> <\/a><a href=\"http:\/\/www.brennecke.org\/wp-content\/uploads\/2012\/04\/IMG_4478.jpg\"><img loading=\"lazy\" decoding=\"async\" class=\"alignnone size-medium wp-image-1271\" title=\"IMG_4478\" alt=\"\" src=\"http:\/\/www.brennecke.org\/wp-content\/uploads\/2012\/04\/IMG_4478-300x279.jpg\" width=\"300\" height=\"279\" srcset=\"https:\/\/www.brennecke.org\/wp-content\/uploads\/2012\/04\/IMG_4478-300x279.jpg 300w, https:\/\/www.brennecke.org\/wp-content\/uploads\/2012\/04\/IMG_4478.jpg 600w\" sizes=\"(max-width: 300px) 100vw, 300px\" \/><\/a>Links: SA612 Mixer, rechts: D7642 Radio-Chip<\/div>\n<\/div>\n<p>Status: Bausteine sind fertiggestellt, aber bisher noch nicht eingesetzt worden.<\/p>\n<p><a name=\"UKW-Mono-Modul\"><\/a><\/p>\n<h3>UKW-Mono-Modul<\/h3>\n<p>Philips hat 1984 seinen damals brandneuen TDA7000-Chip gleich in einen Baukasten gesteckt und diesen als UKW-\/Stereo-Lab verkauft, wobei UKW und Stereo sich ausschlie\u00dfen, weil der TDA7000 das gar nicht beherrscht. Das hier vorgestellte Modul verwendet eine etwas umfangreichere Beschaltung und erm\u00f6glichst so ein Muting (nur leises Rauschen, wenn kein Sender empfangen wird) und ein weicheres Einschalten der Sender.<\/p>\n<div>\n<div><a href=\"http:\/\/www.brennecke.org\/wp-content\/uploads\/2012\/04\/UKW-Modul-TDA7000.jpg\"><img loading=\"lazy\" decoding=\"async\" class=\"alignnone size-medium wp-image-1274\" title=\"UKW-Modul TDA7000\" alt=\"\" src=\"http:\/\/www.brennecke.org\/wp-content\/uploads\/2012\/04\/UKW-Modul-TDA7000-300x225.jpg\" width=\"300\" height=\"225\" srcset=\"https:\/\/www.brennecke.org\/wp-content\/uploads\/2012\/04\/UKW-Modul-TDA7000-300x225.jpg 300w, https:\/\/www.brennecke.org\/wp-content\/uploads\/2012\/04\/UKW-Modul-TDA7000.jpg 800w\" sizes=\"(max-width: 300px) 100vw, 300px\" \/> <\/a><a href=\"http:\/\/www.brennecke.org\/wp-content\/uploads\/2012\/04\/UKW-Modul-TDA7000-R\u00fcckseite.jpg\"><img loading=\"lazy\" decoding=\"async\" class=\"alignnone size-medium wp-image-1273\" title=\"UKW-Modul TDA7000 R\u00fcckseite\" alt=\"\" src=\"http:\/\/www.brennecke.org\/wp-content\/uploads\/2012\/04\/UKW-Modul-TDA7000-R\u00fcckseite-300x225.jpg\" width=\"300\" height=\"225\" srcset=\"https:\/\/www.brennecke.org\/wp-content\/uploads\/2012\/04\/UKW-Modul-TDA7000-R\u00fcckseite-300x225.jpg 300w, https:\/\/www.brennecke.org\/wp-content\/uploads\/2012\/04\/UKW-Modul-TDA7000-R\u00fcckseite.jpg 800w\" sizes=\"(max-width: 300px) 100vw, 300px\" \/><\/a><\/div>\n<\/div>\n<p>Das Radio ist weitgehend pinkompatibel zum Original-UWK-Modul, besitzt jedoch eine eigene Spannungsstabilisierung, so dass es direkt an +9V angeschlossen werden kann; das vereinfacht die aufzubauende Schaltung. Die Abgleichspannung kann zwischen 0..9V betragen; bei mir stellte sich Empfang erst ab etwa 4 Volt ein. Das passende Radio findet sich <a title=\"UKW-Mono-Radio\" href=\"http:\/\/www.brennecke.org\/?page_id=1431\">hier<\/a>.<\/p>\n<p>Zweck des Nachbaus war aber vor allem ein wenig Sammlung von Erfahrung mit der Dimensionierung von Spulen. Es stellte sich heraus, dass die Eingangsspule mit 56nH recht einfach gewickelt werden kann (hier: 8 Windungen auf einem 3mm-Bohrer) und die zweite, gr\u00f6\u00dfere Spule als gedruckte Spule gebaut werden kann. Die gewickelte Spule ist nicht sehr kritisch, das Radio funktioniert auch mit 7 oder 6 Windungen.<\/p>\n<p><a href=\"..\/wp-content\/uploads\/2012\/04\/UKW-Modul.png\"><img loading=\"lazy\" decoding=\"async\" title=\"UKW-Modul\" alt=\"\" src=\"..\/wp-content\/uploads\/2012\/04\/UKW-Modul-300x288.png\" width=\"300\" height=\"288\" \/><\/a><\/p>\n<p>Die verwendete Kapazit\u00e4tsdiode ist eine BB105. Solche Dioden kann man offenbar heute kaum noch kaufen, ich besitze aber noch ein gut gef\u00fclltes Lager aus ausgel\u00f6teten Exemplaren aus den 80er Jahren.<\/p>\n<p><a name=\"UKW-Stereo-Modul\"><\/a><\/p>\n<h3><a title=\"UKW-Stereo-Modul\" href=\"..\/?page_id=1090\">UKW-Stereo-Modul<\/a><\/h3>\n<p>Der Nachfolger des TDA7000, der TDA7021 ist stereof\u00e4hig, und zusammen mit zwei weiteren Chips (TDA7040 und TDA7050 als Kopfh\u00f6rerverst\u00e4rker) und ein wenig Rundumbeschaltung l\u00e4sst sich daraus ein stereof\u00e4higes UKW-Radio zusammensetzen. Die Grundschaltung wurde von Philips bereits mit dem Datenblatt des TDA7021 geliefert, und s\u00e4mtliche im Internet dokumentierten Radios auf Basis des 7021 \u00e4hneln dem dort vorgeschlagenen Referenzdesign. Ich habe es daher weitgehend \u00fcbernommen und nur im Bereich der Empfangsspule ein paar Anpassungen vorgenommen (Trimmkondensator f\u00fcr Einstellung der unteren Grenzfrequenz). Hier geht&#8217;s <a title=\"UKW-Stereo-Modul\" href=\"http:\/\/www.brennecke.org\/?page_id=1090\">zur Schaltung und zur St\u00fcckliste.<\/a><\/p>\n<p><a href=\"http:\/\/www.brennecke.org\/wp-content\/uploads\/2012\/04\/UKW-Stereo-Modul-TDA70211.jpg\"><img loading=\"lazy\" decoding=\"async\" class=\"alignnone size-medium wp-image-1277\" title=\"UKW-Stereo-Modul TDA7021\" alt=\"\" src=\"http:\/\/www.brennecke.org\/wp-content\/uploads\/2012\/04\/UKW-Stereo-Modul-TDA70211-300x225.jpg\" width=\"300\" height=\"225\" srcset=\"https:\/\/www.brennecke.org\/wp-content\/uploads\/2012\/04\/UKW-Stereo-Modul-TDA70211-300x225.jpg 300w, https:\/\/www.brennecke.org\/wp-content\/uploads\/2012\/04\/UKW-Stereo-Modul-TDA70211.jpg 800w\" sizes=\"(max-width: 300px) 100vw, 300px\" \/><\/a> <a href=\"http:\/\/www.brennecke.org\/wp-content\/uploads\/2012\/04\/UKW-Stereo-Modul-R\u00fcckseite1.jpg\"><img loading=\"lazy\" decoding=\"async\" class=\"alignnone size-medium wp-image-1276\" title=\"UKW-Stereo-Modul R\u00fcckseite\" alt=\"\" src=\"http:\/\/www.brennecke.org\/wp-content\/uploads\/2012\/04\/UKW-Stereo-Modul-R\u00fcckseite1-300x225.jpg\" width=\"300\" height=\"225\" srcset=\"https:\/\/www.brennecke.org\/wp-content\/uploads\/2012\/04\/UKW-Stereo-Modul-R\u00fcckseite1-300x225.jpg 300w, https:\/\/www.brennecke.org\/wp-content\/uploads\/2012\/04\/UKW-Stereo-Modul-R\u00fcckseite1.jpg 800w\" sizes=\"(max-width: 300px) 100vw, 300px\" \/><\/a><\/p>\n<p>Das Modul arbeitete bereits bei der ersten Inbetriebnahme einwandfrei im Bereich zwischen 89 und 107 MHz und gibt bei gutem Empfang tats\u00e4chlich an den den beiden Ausg\u00e4ngen ein Stereosignal aus &#8211; ansonsten schaltet es auf Monoempfang. Die Empfangsqualit\u00e4t liegt gef\u00fchlt \u00fcber der des TDA7000 &#8211; ich erhalte einwandfreien Empfang bei einer deutlich h\u00f6heren Zahl von Sendern (ca 20-25 Sender mit einer 75cm-Wurfantenne). Das mag auch mit einer besseren Dimensionierung der Spulen und der zugeh\u00f6rigen Kondensatoren liegen. Leider schweigt sich das Datenblatt gerade an dieser entscheidenen Stelle aus und \u00fcberl\u00e4sst den Spulenentwurf den Bastlern.<\/p>\n<p><a href=\"..\/wp-content\/uploads\/2012\/04\/UKW-Stereo-Modul1.png\"><img loading=\"lazy\" decoding=\"async\" title=\"UKW-Stereo-Modul\" alt=\"\" src=\"..\/wp-content\/uploads\/2012\/04\/UKW-Stereo-Modul1-300x243.png\" width=\"300\" height=\"243\" \/><\/a> <a href=\"http:\/\/www.brennecke.org\/wp-content\/uploads\/2012\/04\/IMG_4551.jpg\"><img loading=\"lazy\" decoding=\"async\" class=\"alignnone size-medium wp-image-1167\" title=\"IMG_4551\" alt=\"\" src=\"http:\/\/www.brennecke.org\/wp-content\/uploads\/2012\/04\/IMG_4551-300x225.jpg\" width=\"300\" height=\"225\" srcset=\"https:\/\/www.brennecke.org\/wp-content\/uploads\/2012\/04\/IMG_4551-300x225.jpg 300w, https:\/\/www.brennecke.org\/wp-content\/uploads\/2012\/04\/IMG_4551.jpg 1024w\" sizes=\"(max-width: 300px) 100vw, 300px\" \/><\/a><\/p>\n<p>Das Radio ist nicht mehr pinkompatibel zum Original-UWK-Modul; es ist auch eine Lochreihe gr\u00f6\u00dfer geraten und besitzt dank der Stereof\u00e4higkeit mehr Ausg\u00e4nge. Ein zus\u00e4tzliche Ausgang liefert Informationen \u00fcber die Empfangsqualit\u00e4t (Beste Qualit\u00e4t bei niedriger Spannung). Ein passendes Radio findet sich <a title=\"UKW-Stereo-Radio mit Computeranschluss\" href=\"http:\/\/www.brennecke.org\/?page_id=1086\">hier<\/a>.<\/p>\n<p><a name=\"RDS-Decoder\"><\/a><\/p>\n<h3>RDS-Decoder<\/h3>\n<p>Dieses Modul decodiert mit dem Hauptbestandteil TDA7330 die RDS-Signale des <a title=\"UKW-Stereo-Modul\" href=\"http:\/\/www.brennecke.org\/?page_id=1090\">UKW-Stereo-Moduls<\/a> und liefert die n\u00f6tigen digitalen Signale\u00a0 f\u00fcr eine weitere Aufbereitung mit dem <a title=\"AVRnet 6440 \u2013 Das neue Mikrocontroller MasterLab\" href=\"http:\/\/www.brennecke.org\/?page_id=1046\">AVRnet 6440<\/a>. Obwohl der Chip letztlich alle n\u00f6tigen Einheiten enth\u00e4lt, sind doch ein paar externe Bauteile n\u00f6tig. Dazu geh\u00f6rt ein Quarz mit der un\u00fcblichen Frequenz 4,3320 MHz (ebay) und ein kleiner Vorverst\u00e4rker. Das gesamte Modul wird \u00fcberdies mit 5 Volt betrieben, dazu ist ein 78L05-Spannungsregler an Bord. Zudem findet sich eine LED, die die Qualit\u00e4t des RDS-Signals anzeigen soll.<\/p>\n<p>Zwei Ausg\u00e4nge liefern ein Taktsignal (Cl, Clock, etwa 1,187 kHz) und ein Datensignal (Da, Data), die zur weiteren Verarbeitung beispielsweise an den <a title=\"AVRnet 6440 \u2013 Das neue Mikrocontroller MasterLab\" href=\"http:\/\/www.brennecke.org\/?page_id=1046\">AVRnet6440<\/a> angeschlossen werden k\u00f6nnen. Ein Radio, das die Decodierung der RDS-Signale mit dem <a title=\"AVR-Mikrocontrollerplatine\" href=\"http:\/\/www.brennecke.org\/?page_id=1743\">AVR-Mikrocontroller-Modul<\/a> vornimmt, findet sich <a title=\"Kompaktes UKW-Radio mit RDS-Decoder\" href=\"http:\/\/www.brennecke.org\/?page_id=1756\">hier<\/a>.<\/p>\n<p><a href=\"http:\/\/www.brennecke.org\/wp-content\/uploads\/2012\/04\/IMG_48481.jpg\"><img loading=\"lazy\" decoding=\"async\" class=\"alignnone size-medium wp-image-1597\" title=\"IMG_4848\" alt=\"\" src=\"http:\/\/www.brennecke.org\/wp-content\/uploads\/2012\/04\/IMG_48481-300x225.jpg\" width=\"300\" height=\"225\" srcset=\"https:\/\/www.brennecke.org\/wp-content\/uploads\/2012\/04\/IMG_48481-300x225.jpg 300w, https:\/\/www.brennecke.org\/wp-content\/uploads\/2012\/04\/IMG_48481.jpg 800w\" sizes=\"(max-width: 300px) 100vw, 300px\" \/><\/a><\/p>\n<p><a title=\"Neue Module f\u00fcr die Philips-Experimentierk\u00e4sten\" href=\"http:\/\/www.brennecke.org\/?page_id=1051\">Zur\u00fcck zur \u00dcbersicht<\/a><\/p>\n<div class=\"twoclick_social_bookmarks_post_1238 social_share_privacy clearfix 1.6.4 locale-de_DE sprite-de_DE\"><\/div><div class=\"twoclick-js\"><script type=\"text\/javascript\">\/* <![CDATA[ *\/\njQuery(document).ready(function($){if($('.twoclick_social_bookmarks_post_1238')){$('.twoclick_social_bookmarks_post_1238').socialSharePrivacy({\"services\":{\"facebook\":{\"status\":\"on\",\"txt_info\":\"2 Klicks f\\u00fcr mehr Datenschutz: Erst wenn Sie hier klicken, wird der Button aktiv und Sie k\\u00f6nnen Ihre Empfehlung an Facebook senden. Schon beim Aktivieren werden Daten an Dritte \\u00fcbertragen - siehe <em>i<\\\/em>.\",\"perma_option\":\"off\",\"action\":\"recommend\",\"language\":\"de_DE\"},\"twitter\":{\"reply_to\":\"\",\"tweet_text\":\"Rundfunk-Empfangstechnik%20%C2%BB%2053%20Cent\",\"status\":\"on\",\"txt_info\":\"2 Klicks f\\u00fcr mehr Datenschutz: Erst wenn Sie hier klicken, wird der Button aktiv und Sie k\\u00f6nnen Ihre Empfehlung an Twitter senden. Schon beim Aktivieren werden Daten an Dritte \\u00fcbertragen - siehe <em>i<\\\/em>.\",\"perma_option\":\"off\",\"language\":\"de\",\"referrer_track\":\"\"},\"gplus\":{\"status\":\"on\",\"txt_info\":\"2 Klicks f\\u00fcr mehr Datenschutz: Erst wenn Sie hier klicken, wird der Button aktiv und Sie k\\u00f6nnen Ihre Empfehlung an Google+ senden. Schon beim Aktivieren werden Daten an Dritte \\u00fcbertragen - siehe <em>i<\\\/em>.\",\"perma_option\":\"off\",\"referrer_track\":\"\"},\"flattr\":{\"uid\":\"\",\"status\":\"on\",\"the_title\":\"Rundfunk-Empfangstechnik\",\"the_excerpt\":\"Die%20Mutter%20aller%20elektronischen%20Experimentierk%C3%A4sten%20ist%20das%20Radiobasteln%20%E2%80%93%20der%20Nutzwert%20von%20Radios%20ist%20eben%20vielfach%20h%C3%B6her%20als%20der%20einfacher%20Blink-%20oder%20Hupschaltungen.%20Hier%20finden%20sich%20Module%2C%20deren%20Komponenten%20kurz%20vor%20oder%20nach%20dem%20Ende%20der%20Philips-Experimentierk%C3%A4sten%20auf%20den%20Markt%20kamen.%0D%0AInhalt%0D%0A%0D%0A%09Oszillator-Bausteine%0D%0A%09UKW-Mono-Modul%0D%0A%09UKW-Stereo-Modul%0D%0A%09RDS-Decoder%0D%0A%0D%0A%0D%0AOszillator-Baus%20...\",\"txt_info\":\"2 Klicks f\\u00fcr mehr Datenschutz: Erst wenn Sie hier klicken, wird der Button aktiv und Sie k\\u00f6nnen Ihre Empfehlung an Flattr senden. Schon beim Aktivieren werden Daten an Dritte \\u00fcbertragen - siehe <em>i<\\\/em>.\",\"perma_option\":\"off\"}},\"txt_help\":\"Wenn Sie diese Felder durch einen Klick aktivieren, werden Informationen an Facebook, Twitter, Flattr, Xing, t3n, LinkedIn, Pinterest oder Google eventuell ins Ausland \\u00fcbertragen und unter Umst\\u00e4nden auch dort gespeichert. N\\u00e4heres erfahren Sie durch einen Klick auf das <em>i<\\\/em>.\",\"settings_perma\":\"Dauerhaft aktivieren und Daten\\u00fcber-tragung zustimmen:\",\"info_link\":\"http:\\\/\\\/www.heise.de\\\/ct\\\/artikel\\\/2-Klicks-fuer-mehr-Datenschutz-1333879.html\",\"uri\":\"https:\\\/\\\/www.brennecke.org\\\/?page_id=1238\",\"post_id\":1238,\"post_title_referrer_track\":\"Rundfunk-Empfangstechnik\",\"display_infobox\":\"on\"});}});\n\/* ]]> *\/<\/script><\/div>","protected":false},"excerpt":{"rendered":"<p>Die Mutter aller elektronischen Experimentierk\u00e4sten ist das Radiobasteln \u2013 der Nutzwert von Radios ist eben vielfach h\u00f6her als der einfacher Blink- oder Hupschaltungen. Hier finden sich Module, deren Komponenten kurz vor oder nach dem Ende der Philips-Experimentierk\u00e4sten auf den Markt &hellip; <a href=\"https:\/\/www.brennecke.org\/?page_id=1238\">Weiterlesen <span class=\"meta-nav\">&rarr;<\/span><\/a><\/p>\n","protected":false},"author":1,"featured_media":1167,"parent":1051,"menu_order":30,"comment_status":"open","ping_status":"open","template":"","meta":{"footnotes":""},"_links":{"self":[{"href":"https:\/\/www.brennecke.org\/index.php?rest_route=\/wp\/v2\/pages\/1238"}],"collection":[{"href":"https:\/\/www.brennecke.org\/index.php?rest_route=\/wp\/v2\/pages"}],"about":[{"href":"https:\/\/www.brennecke.org\/index.php?rest_route=\/wp\/v2\/types\/page"}],"author":[{"embeddable":true,"href":"https:\/\/www.brennecke.org\/index.php?rest_route=\/wp\/v2\/users\/1"}],"replies":[{"embeddable":true,"href":"https:\/\/www.brennecke.org\/index.php?rest_route=%2Fwp%2Fv2%2Fcomments&post=1238"}],"version-history":[{"count":12,"href":"https:\/\/www.brennecke.org\/index.php?rest_route=\/wp\/v2\/pages\/1238\/revisions"}],"predecessor-version":[{"id":1269,"href":"https:\/\/www.brennecke.org\/index.php?rest_route=\/wp\/v2\/pages\/1238\/revisions\/1269"}],"up":[{"embeddable":true,"href":"https:\/\/www.brennecke.org\/index.php?rest_route=\/wp\/v2\/pages\/1051"}],"wp:featuredmedia":[{"embeddable":true,"href":"https:\/\/www.brennecke.org\/index.php?rest_route=\/wp\/v2\/media\/1167"}],"wp:attachment":[{"href":"https:\/\/www.brennecke.org\/index.php?rest_route=%2Fwp%2Fv2%2Fmedia&parent=1238"}],"curies":[{"name":"wp","href":"https:\/\/api.w.org\/{rel}","templated":true}]}}