{"id":1240,"date":"2012-04-20T19:40:29","date_gmt":"2012-04-20T17:40:29","guid":{"rendered":"http:\/\/www.brennecke.org\/?page_id=1240"},"modified":"2013-04-11T19:39:17","modified_gmt":"2013-04-11T17:39:17","slug":"video-technik","status":"publish","type":"page","link":"https:\/\/www.brennecke.org\/?page_id=1240","title":{"rendered":"Video-Technik"},"content":{"rendered":"<p>Die Videotechnik umfasst Komponenten, die Informationen auf einem Bildschirm ausgeben k\u00f6nnen. Die Komponenten beruhen dabei teilweise auf Konzepten, wie Philips sie in der Kombination EE2003\/07\/08 (Oszilloskop- und Fernsehtechnik) und beim EE3023 (Videotechnik) vorgestellt hat.<\/p>\n<h3>Inhalt<\/h3>\n<ol>\n<li><a title=\"VGA-Modul\" href=\"http:\/\/www.brennecke.org\/?page_id=1240#Videotechnik-VGA-Modul\">VGA-Modul<\/a><\/li>\n<li><a title=\"Sprite-Modul\" href=\"http:\/\/www.brennecke.org\/?page_id=1240#Videotechnik-Sprite-Modul\">Sprite-Modul<\/a><\/li>\n<li><a title=\"Sinus-Rechteck-Generator\" href=\"http:\/\/www.brennecke.org\/?page_id=1240#Videotechnik-Sinus-Generator-Modul\">Sinus-Rechteck-Generator<\/a><\/li>\n<li><a title=\"Oszilloskop-Modul\" href=\"http:\/\/www.brennecke.org\/?page_id=1240#Videotechnik-Oszilloskop-Modul\">Oszilloskop<\/a><\/li>\n<li><a title=\"DVB-T-Tuner\" href=\"http:\/\/www.brennecke.org\/?page_id=1240#Videotechnik-DVB-T-Tuner\">DVB-T-Tuner<\/a><\/li>\n<li><a title=\"Pong-Modul\" href=\"http:\/\/www.brennecke.org\/?page_id=1240#Videotechnik-Pong\">Pong!-Modul<\/a><\/li>\n<li><a title=\"Neues von der Bildr\u00f6hreneinheit\" href=\"http:\/\/www.brennecke.org\/?page_id=1842\">Neues von der Bildr\u00f6hreneinheit<\/a><\/li>\n<li><a title=\"Bunte Balken\" href=\"http:\/\/www.brennecke.org\/?page_id=2278\">Farbgrafik-Modul<\/a><\/li>\n<\/ol>\n<h3><a name=\"Videotechnik-VGA-Modul\"><\/a><\/h3>\n<h3><a title=\"VGA-Modul\" href=\"http:\/\/www.brennecke.org\/?page_id=1328\">VGA-Modul<\/a><\/h3>\n<p>Dieses Modul soll eine Br\u00fccke schlagen vom Video Modul des EE3023 hin zu aktueller Monitortechnik. Dieses Video-Modul erzeugte seinerzeit PAL-Bildsignale f\u00fcr den Fernseher und machte diesen daher zum Teil neuer Experimente, bei denen unter anderem ein rudiment\u00e4res Oszilloskop und ein Telespiel gebaut werden konnten.<\/p>\n<p>Statt eines Fernsehers sollte im Neuentwurf aber ein VGA-Computermonitor zum Einsatz kommen, der in heutigen Jugendzimmern wohl auch h\u00e4ufiger anzutreffen sein d\u00fcrfte als ein Fernseher. Daher entwarf ich ein VGA-Moduls, das als Ersatz f\u00fcr das Video Modul genutzt werden kann und an den VGA-Eingang eines herk\u00f6mmlichen Computermonitors angeschlossen wird. Die Aufl\u00f6sung bleibt dabei auf 640&#215;480 Punkte bei 60Hz beschr\u00e4nkt, da h\u00f6here Aufl\u00f6sungen zum Umgang mit Frequenzen zwingen, die mit dem diskreten EE-System zu konstruktiven Problemen f\u00fchren k\u00f6nnen. Als besonderes Bonbon steht dabei nat\u00fcrlich <strong>Farbe<\/strong> zur Verf\u00fcgung.<\/p>\n<p><a href=\"http:\/\/www.brennecke.org\/wp-content\/uploads\/2012\/04\/IMG_45841.jpg\"><img loading=\"lazy\" decoding=\"async\" class=\"alignnone size-medium wp-image-1319\" title=\"IMG_4584\" alt=\"\" src=\"http:\/\/www.brennecke.org\/wp-content\/uploads\/2012\/04\/IMG_45841-300x225.jpg\" width=\"300\" height=\"225\" srcset=\"https:\/\/www.brennecke.org\/wp-content\/uploads\/2012\/04\/IMG_45841-300x225.jpg 300w, https:\/\/www.brennecke.org\/wp-content\/uploads\/2012\/04\/IMG_45841.jpg 1024w\" sizes=\"(max-width: 300px) 100vw, 300px\" \/><\/a> <a href=\"http:\/\/www.brennecke.org\/wp-content\/uploads\/2012\/04\/IMG_4615.jpg\"><img loading=\"lazy\" decoding=\"async\" class=\"alignnone size-medium wp-image-1446\" title=\"IMG_4615\" alt=\"\" src=\"http:\/\/www.brennecke.org\/wp-content\/uploads\/2012\/04\/IMG_4615-300x225.jpg\" width=\"300\" height=\"225\" srcset=\"https:\/\/www.brennecke.org\/wp-content\/uploads\/2012\/04\/IMG_4615-300x225.jpg 300w, https:\/\/www.brennecke.org\/wp-content\/uploads\/2012\/04\/IMG_4615.jpg 1024w\" sizes=\"(max-width: 300px) 100vw, 300px\" \/><\/a><\/p>\n<p>Inzwischen existieren zwei Varianten des Moduls in mehreren Entw\u00fcrfen. Die erste setzt auf klassische CMOS-Technik und vollzieht das Prinzip des EE3023 nach; die zweite setzt als zentrales Element einen Mikrocontroller vom Typ ATMega88 ein. Sie kann damit flexibel auch an andere Bildformate angepasst werden. Beide Varianten sind aufgrund des Umfangs auf Unterseiten detailliert dargestellt.<\/p>\n<p>Aufgrund der h\u00f6heren Pr\u00e4zision bei der Einhaltung der VGA-Signale und der gr\u00f6\u00dferen Flexibilit\u00e4t empfehle ich Nachbauern die Mikrocontroller-Variante.<\/p>\n<p><a href=\"http:\/\/www.brennecke.org\/wp-content\/uploads\/2012\/04\/IMG_4592.jpg\"><img loading=\"lazy\" decoding=\"async\" class=\"alignnone size-thumbnail wp-image-1323\" title=\"IMG_4592\" alt=\"\" src=\"http:\/\/www.brennecke.org\/wp-content\/uploads\/2012\/04\/IMG_4592-150x150.jpg\" width=\"150\" height=\"150\" \/><\/a> <a href=\"http:\/\/www.brennecke.org\/wp-content\/uploads\/2012\/04\/IMG_4588.jpg\"><img loading=\"lazy\" decoding=\"async\" class=\"alignnone size-thumbnail wp-image-1322\" title=\"IMG_4588\" alt=\"\" src=\"http:\/\/www.brennecke.org\/wp-content\/uploads\/2012\/04\/IMG_4588-150x150.jpg\" width=\"150\" height=\"150\" \/><\/a> <a href=\"http:\/\/www.brennecke.org\/wp-content\/uploads\/2012\/04\/IMG_4585.jpg\"><img loading=\"lazy\" decoding=\"async\" class=\"alignnone size-thumbnail wp-image-1320\" title=\"IMG_4585\" alt=\"\" src=\"http:\/\/www.brennecke.org\/wp-content\/uploads\/2012\/04\/IMG_4585-150x150.jpg\" width=\"150\" height=\"150\" \/><\/a><\/p>\n<p><a href=\"http:\/\/www.brennecke.org\/wp-content\/uploads\/2012\/04\/IMG_4593.jpg\"><img loading=\"lazy\" decoding=\"async\" class=\"alignnone size-thumbnail wp-image-1324\" title=\"IMG_4593\" alt=\"\" src=\"http:\/\/www.brennecke.org\/wp-content\/uploads\/2012\/04\/IMG_4593-150x150.jpg\" width=\"150\" height=\"150\" \/><\/a> <a href=\"http:\/\/www.brennecke.org\/wp-content\/uploads\/2012\/04\/IMG_4586.jpg\"><img loading=\"lazy\" decoding=\"async\" class=\"alignnone size-thumbnail wp-image-1321\" title=\"IMG_4586\" alt=\"\" src=\"http:\/\/www.brennecke.org\/wp-content\/uploads\/2012\/04\/IMG_4586-150x150.jpg\" width=\"150\" height=\"150\" \/><\/a> <a href=\"http:\/\/www.brennecke.org\/wp-content\/uploads\/2012\/04\/IMG_4487.jpg\"><img loading=\"lazy\" decoding=\"async\" class=\"alignnone size-thumbnail wp-image-1127\" title=\"IMG_4487\" alt=\"\" src=\"http:\/\/www.brennecke.org\/wp-content\/uploads\/2012\/04\/IMG_4487-150x150.jpg\" width=\"150\" height=\"150\" \/><\/a><\/p>\n<p><a title=\"VGA-Modul\" href=\"http:\/\/www.brennecke.org\/?page_id=1328\">Hier geht&#8217;s zur detaillierten Beschreibung des VGA-Moduls in CMOS-Technik<\/a><\/p>\n<p><a title=\"VGA-Module (Mikrocontroller-Technik)\" href=\"http:\/\/www.brennecke.org\/?page_id=1348\">Hier geht&#8217;s zur detaillierten Beschreibung des VGA-Moduls in Mikrocontroller-Technik<br \/>\n<\/a><\/p>\n<h3><a name=\"Videotechnik-Sprite-Modul\"><\/a><\/h3>\n<h3>Sprite-Modul<\/h3>\n<p>Dieses Modul soll die Darstellung von Objekten im VGA-Modul vereinfachen und fasst dabei ein NE558-Timer-IC mit den n\u00f6tigen Komponenten zusammen.<\/p>\n<p><a href=\"http:\/\/www.brennecke.org\/wp-content\/uploads\/2012\/04\/IMG_4578.jpg\"><img loading=\"lazy\" decoding=\"async\" class=\"alignnone size-medium wp-image-1310\" title=\"IMG_4578\" alt=\"\" src=\"http:\/\/www.brennecke.org\/wp-content\/uploads\/2012\/04\/IMG_4578-300x223.jpg\" width=\"300\" height=\"223\" srcset=\"https:\/\/www.brennecke.org\/wp-content\/uploads\/2012\/04\/IMG_4578-300x223.jpg 300w, https:\/\/www.brennecke.org\/wp-content\/uploads\/2012\/04\/IMG_4578.jpg 807w\" sizes=\"(max-width: 300px) 100vw, 300px\" \/><\/a> <a href=\"http:\/\/www.brennecke.org\/wp-content\/uploads\/2012\/04\/Spritemodul.png\"><img loading=\"lazy\" decoding=\"async\" class=\"alignnone size-medium wp-image-1312\" title=\"Spritemodul\" alt=\"\" src=\"http:\/\/www.brennecke.org\/wp-content\/uploads\/2012\/04\/Spritemodul-300x203.png\" width=\"300\" height=\"203\" srcset=\"https:\/\/www.brennecke.org\/wp-content\/uploads\/2012\/04\/Spritemodul-300x203.png 300w, https:\/\/www.brennecke.org\/wp-content\/uploads\/2012\/04\/Spritemodul.png 960w\" sizes=\"(max-width: 300px) 100vw, 300px\" \/><\/a><\/p>\n<p>Die im EE3023 gezeigte Methode zur Bewegung von Objekten beruht darauf, zwei der Timer hintereinander zu schalten.Der erste sorgt f\u00fcr die Position des Elements in horizontaler oder vertikaler Richtung, indem er auf das horizontale oder vertikale Synchronisationssignal triggert und dieses um einen gewissen Zeitraum verl\u00e4ngert. Der zweite Timer wird geschaltet, wenn der erste abgelaufen ist &#8211; er ist f\u00fcr die Breite oder H\u00f6he des angezeigten Objekts verantwortlich. Um ein bewegliches Objekt auf dem Bildschirm darstellen zu k\u00f6nnen, muss der erste Timer variabel steuerbar sein, w\u00e4hrend der zweite fest eingestellt bleibt und f\u00fcr die feste Bildbreite oder -h\u00f6he sorgt.<\/p>\n<p>Diese Methode funktioniert prinzipiell, hat aber eine Prinzip-bedingte Schwachstelle. Diese Timer lassen sich nicht sehr gut \u00fcber eine Spannung steuern; der resultierende Verlauf ist stark nichtlinear. Das Tele-Spiel6.19 zeigt beispielsweise einen springenden Ball, dessen Verlauf kaum vorhersehbar ist. Das Pong-Telespiel der 70er Jahr war da schon weiter.<\/p>\n<p>Zwar bietet der NE558 prinzipiell einen Eingang f\u00fcr eine Steuerspannung, aber dieser Eingang steuert alle vier Timer des NE558 gemeinsam und ist daher ungeeignet f\u00fcr Steuerversuche. Er bewirkt auch kaum Ver\u00e4nderungen.<\/p>\n<p>Es zeigte sich jedoch, dass nur sehr wenig zus\u00e4tzliche Elektronik n\u00f6tig ist, um dieses Problem zu l\u00f6sen. Der NE558 zeigt n\u00e4mlich an seinem Timereingang ein ausreichend lineares S\u00e4gezahnsignal. Man kann dieses Signal nutzen, um es an einem Operationsverst\u00e4rker mit einer Steuerspannung zu vergleichen. Der OP steuert dann den zweiten Timer, und schon hat man einen weitaus angenehmeren (sprich: linearen) Verlauf der Bewegung. Man muss nur den ersten Timer so abgleichen, dass er am Ende einer Zeile (oder eines Bildes) abl\u00e4uft &#8211; das war`s bereits.<\/p>\n<p><a href=\"http:\/\/www.brennecke.org\/wp-content\/uploads\/2012\/04\/Sprite-Modul.png\"><img decoding=\"async\" class=\"alignnone size-full wp-image-1311\" title=\"Sprite-Modul\" alt=\"\" src=\"http:\/\/www.brennecke.org\/wp-content\/uploads\/2012\/04\/Sprite-Modul.png\" \/><\/a><\/p>\n<p>Allerdings haben die NE558 bei langsamen Frequenzen eine weitere kleine Macke &#8211; sie triggern n\u00e4mlich auch gerne mal auf den ansteigenden Teil der Flanke. Ich war nicht in der Lage festzustellen, woran das lag &#8211; eine Ver\u00e4ndern der Kontrollspannung am NE558 brachte ebenso wenig wie Entkopplungsma\u00dfnahmen. Letztlich f\u00fchrte dieses Verhalten dann immer dazu, dass das vom Sprite-Modul gebildete Objekt am unteren Bildrand ein zweites Mal zu sehen war &#8211; und dort nat\u00fcrlich auch eine unerw\u00fcnschte Kollision mit der Wand ausl\u00f6ste. Auf den beiden Oszillogrammen l\u00e4sst sich das gut erkennen. Links ist das Taktsignal zu erkennen &#8211; nur bei dessen abfallender Flanke sollte der NE558 triggern. Tats\u00e4chlich triggert er aber auch auf der ansteigenden Flanke &#8211; man kann gut die beiden Nadelimpulse erkennen, die auf dem Bildschirm dann zwei Bildpunkte erscheinen lassen statt nur einen.<\/p>\n<p><a href=\"..\/wp-content\/uploads\/2012\/04\/IMG_43592.jpg\"><img loading=\"lazy\" decoding=\"async\" title=\"IMG_4359\" alt=\"\" src=\"..\/wp-content\/uploads\/2012\/04\/IMG_43592-300x204.jpg\" width=\"300\" height=\"204\" \/><\/a><a href=\"http:\/\/www.brennecke.org\/wp-content\/uploads\/2012\/04\/IMG_43571.jpg\"> <img loading=\"lazy\" decoding=\"async\" class=\"alignnone size-medium wp-image-1313\" title=\"IMG_4357\" alt=\"\" src=\"http:\/\/www.brennecke.org\/wp-content\/uploads\/2012\/04\/IMG_43571-300x201.jpg\" width=\"300\" height=\"201\" srcset=\"https:\/\/www.brennecke.org\/wp-content\/uploads\/2012\/04\/IMG_43571-300x201.jpg 300w, https:\/\/www.brennecke.org\/wp-content\/uploads\/2012\/04\/IMG_43571.jpg 800w\" sizes=\"(max-width: 300px) 100vw, 300px\" \/><\/a><\/p>\n<p>Abhilfe konnte \u00fcber einen kleinen Tiefpass zwischen Triggersignal und NE558 geschaffen werden &#8211; allerdings hat mich das einige Stunden intensiven Suchens und Testens gekostet. Ohne Oszilloskop w\u00e4re es gar nicht m\u00f6glich gewesen. Im \u00fcbrigen funktionierte der horizontale Impuls mit seinen 31,5 kHz bestens &#8211; nur der vertikale Impuls mit lachhaften 60 Hz machte Probleme. Wenn jemand eine Idee dazu hat, bin ich sehr gespannt.<\/p>\n<p>Das gezeigte Modul stellt letztlich eine Weiterentwicklung der im EE3023 gezeigten Technik dar. Es sollte mit Anpassungen am Horizontalkreis (wegen der gegen\u00fcber PAL doppelten Horizontalfrequenz) auch mit dem Original-Videomodul zusammenarbeiten k\u00f6nnen. Der horizontale und der vertikale Anteil des Signals sind getrennt herausgef\u00fchrt zur weiteren Verarbeitung.<\/p>\n<p><a name=\"Videotechnik-Sinus-Generator-Modul\"><\/a><\/p>\n<h3>Sinus-Generator-Modul<\/h3>\n<p>Im EE3023 wird eine Schaltung vorgestellt, die dem TV-Oszilloskop als Funktionsgenerator dient. Genau genommen ist es aber kein Generator, sondern nur ein fremdgetakteter RC-Pass, der aus dem Rechteck-Eingangssignal ein fast sinusf\u00f6rmiges Signal erzeugt. Um mit dem neuen <a title=\"TV-Lab \u2013 Digitales Farbfernsehen im Philips-ABC-Design\" href=\"http:\/\/www.brennecke.org\/?page_id=1079\">TV-Lab<\/a> auch die Schaltungen des EE3023 nachbauen zu k\u00f6nnen, wurde dieses Modul als eigene Platine entworfen. Es findet sich auch auf mehreren VGA-Modulen.<\/p>\n<p><a href=\"http:\/\/www.brennecke.org\/wp-content\/uploads\/2012\/04\/IMG_4698.jpg\"><img loading=\"lazy\" decoding=\"async\" class=\"alignnone size-medium wp-image-1558\" title=\"IMG_4698\" alt=\"\" src=\"http:\/\/www.brennecke.org\/wp-content\/uploads\/2012\/04\/IMG_4698-300x225.jpg\" width=\"300\" height=\"225\" srcset=\"https:\/\/www.brennecke.org\/wp-content\/uploads\/2012\/04\/IMG_4698-300x225.jpg 300w, https:\/\/www.brennecke.org\/wp-content\/uploads\/2012\/04\/IMG_4698.jpg 800w\" sizes=\"(max-width: 300px) 100vw, 300px\" \/><\/a> <a href=\"http:\/\/www.brennecke.org\/wp-content\/uploads\/2012\/04\/Sinusgenerator.png\"><img loading=\"lazy\" decoding=\"async\" class=\"alignnone size-medium wp-image-1337\" title=\"Sinusgenerator\" alt=\"\" src=\"http:\/\/www.brennecke.org\/wp-content\/uploads\/2012\/04\/Sinusgenerator-300x192.png\" width=\"300\" height=\"192\" srcset=\"https:\/\/www.brennecke.org\/wp-content\/uploads\/2012\/04\/Sinusgenerator-300x192.png 300w, https:\/\/www.brennecke.org\/wp-content\/uploads\/2012\/04\/Sinusgenerator.png 715w\" sizes=\"(max-width: 300px) 100vw, 300px\" \/><\/a><\/p>\n<p><a href=\"http:\/\/www.brennecke.org\/wp-content\/uploads\/2012\/04\/Schaltbild-Sinus-Rechteck-Generator.png\"><img loading=\"lazy\" decoding=\"async\" class=\"alignnone size-full wp-image-1339\" title=\"Schaltbild Sinus-Rechteck-Generator\" alt=\"\" src=\"http:\/\/www.brennecke.org\/wp-content\/uploads\/2012\/04\/Schaltbild-Sinus-Rechteck-Generator.png\" width=\"1024\" height=\"589\" srcset=\"https:\/\/www.brennecke.org\/wp-content\/uploads\/2012\/04\/Schaltbild-Sinus-Rechteck-Generator.png 1024w, https:\/\/www.brennecke.org\/wp-content\/uploads\/2012\/04\/Schaltbild-Sinus-Rechteck-Generator-300x172.png 300w\" sizes=\"(max-width: 1024px) 100vw, 1024px\" \/><\/a><\/p>\n<p>Die DIP-Schalter erlauben dabei die Auswahl der Gr\u00f6\u00dfe des Eingangssignals und der Signalart. Es darf immer nur einer der Schalter 1-4 bzw. 7-8 umgelegt werden, damit die Schaltung korrekt funktioniert. Sie wird aber bei falschen Schalterstellungen nicht besch\u00e4digt.<\/p>\n<h3><a name=\"Videotechnik-Oszilloskop-Modul\"><\/a><\/h3>\n<h3>Oszilloskop-Modul<\/h3>\n<p>Genau wie der Sinusgenerator dient das Oszilloskop-Modul dazu, mit dem neuen <a title=\"TV-Lab \u2013 Digitales Farbfernsehen im Philips-ABC-Design\" href=\"..\/?page_id=1079\">TV-Lab<\/a> auch die Schaltungen des EE3023 nachbauen zu k\u00f6nnen. Es ist eine modifizierte Variante des Originals aus dem EE3023. Insbesondere ist die Verbesserung der Linearit\u00e4t eingeflossen, die bereits beim Sprite-Modul beschrieben wurde.<\/p>\n<p><a href=\"http:\/\/www.brennecke.org\/wp-content\/uploads\/2012\/04\/IMG_4693.jpg\"><img loading=\"lazy\" decoding=\"async\" class=\"alignnone size-medium wp-image-1557\" title=\"IMG_4693\" alt=\"\" src=\"http:\/\/www.brennecke.org\/wp-content\/uploads\/2012\/04\/IMG_4693-300x225.jpg\" width=\"300\" height=\"225\" srcset=\"https:\/\/www.brennecke.org\/wp-content\/uploads\/2012\/04\/IMG_4693-300x225.jpg 300w, https:\/\/www.brennecke.org\/wp-content\/uploads\/2012\/04\/IMG_4693.jpg 800w\" sizes=\"(max-width: 300px) 100vw, 300px\" \/><\/a> <a href=\"http:\/\/www.brennecke.org\/wp-content\/uploads\/2012\/04\/Bildschirmfoto-2012-05-06-um-14.59.59.png\"><img loading=\"lazy\" decoding=\"async\" class=\"alignnone size-medium wp-image-1559\" title=\"Bildschirmfoto 2012-05-06 um 14.59.59\" alt=\"\" src=\"http:\/\/www.brennecke.org\/wp-content\/uploads\/2012\/04\/Bildschirmfoto-2012-05-06-um-14.59.59-300x190.png\" width=\"300\" height=\"190\" srcset=\"https:\/\/www.brennecke.org\/wp-content\/uploads\/2012\/04\/Bildschirmfoto-2012-05-06-um-14.59.59-300x190.png 300w, https:\/\/www.brennecke.org\/wp-content\/uploads\/2012\/04\/Bildschirmfoto-2012-05-06-um-14.59.59.png 899w\" sizes=\"(max-width: 300px) 100vw, 300px\" \/><\/a><\/p>\n<p><a href=\"http:\/\/www.brennecke.org\/wp-content\/uploads\/2012\/04\/Bildschirmfoto-2012-05-06-um-15.05.51.png\"><img loading=\"lazy\" decoding=\"async\" class=\"alignnone size-large wp-image-1560\" title=\"Bildschirmfoto 2012-05-06 um 15.05.51\" alt=\"\" src=\"http:\/\/www.brennecke.org\/wp-content\/uploads\/2012\/04\/Bildschirmfoto-2012-05-06-um-15.05.51-1024x585.png\" width=\"640\" height=\"365\" srcset=\"https:\/\/www.brennecke.org\/wp-content\/uploads\/2012\/04\/Bildschirmfoto-2012-05-06-um-15.05.51-1024x585.png 1024w, https:\/\/www.brennecke.org\/wp-content\/uploads\/2012\/04\/Bildschirmfoto-2012-05-06-um-15.05.51-300x171.png 300w, https:\/\/www.brennecke.org\/wp-content\/uploads\/2012\/04\/Bildschirmfoto-2012-05-06-um-15.05.51.png 1267w\" sizes=\"(max-width: 640px) 100vw, 640px\" \/><\/a><\/p>\n<p>Die Kondensatoren C1 und C2 sind mit 1\u00b5F recht gro\u00df gew\u00e4hlt &#8211; dies verhindert, dass das Rechtecksignal bei gr\u00f6\u00dferen Amplituden verf\u00e4lscht mit schr\u00e4gen Flanken dargestellt wird. Grunds\u00e4tzlich k\u00f6nnte man R6 noch regelbar gestalten, um eine Verst\u00e4rkung des Signals zu erm\u00f6glichen. Aufgrund der doch recht eingeschr\u00e4nkten M\u00f6glichkeiten dieses Moduls habe ich darauf verzichtet.<\/p>\n<p><a title=\"Schaltungen mit dem VGA-Oszilloskop\" href=\"http:\/\/www.brennecke.org\/?page_id=1217\">Einige Schaltungen mit diesem Oszilloskop finden sich hier.<\/a><\/p>\n<h3><a name=\"Videotechnik-DVB-T-Tuner\"><\/a><\/h3>\n<h3><a title=\"DVB-T-Tuner\" href=\"http:\/\/www.brennecke.org\/?page_id=1059\">DVB-T-Tuner<\/a><\/h3>\n<p>Der hier gezeigte DVB-T-Tuner wird aus einem Fertigmodul mit einer kleinen Schaltung zur Stromversorgung zusammengesetzt. Tuner und Decoder f\u00fcr digitales Fernsehen lassen sich nicht mehr in diskreter Technik bauen &#8211; dies ist der einzige Weg, Fernsehsignale in einer Kleinserie zu gewinnen.<\/p>\n<p><a href=\"http:\/\/www.brennecke.org\/wp-content\/uploads\/2012\/04\/IMG_4481.jpg\"><img loading=\"lazy\" decoding=\"async\" class=\"alignnone size-full wp-image-1111\" title=\"IMG_4481\" alt=\"\" src=\"http:\/\/www.brennecke.org\/wp-content\/uploads\/2012\/04\/IMG_4481.jpg\" width=\"600\" height=\"800\" srcset=\"https:\/\/www.brennecke.org\/wp-content\/uploads\/2012\/04\/IMG_4481.jpg 600w, https:\/\/www.brennecke.org\/wp-content\/uploads\/2012\/04\/IMG_4481-225x300.jpg 225w\" sizes=\"(max-width: 600px) 100vw, 600px\" \/><\/a><\/p>\n<p>Der Tuner dient in erster Linie als Eingangssignal f\u00fcr den neuen <a title=\"TV-Lab \u2013 Digitales Flachbildfernsehen f\u00fcr die Philips-Bauk\u00e4sten\" href=\"http:\/\/www.brennecke.org\/?page_id=1057\">TV-Lab-Fernseher<\/a>. Er kann jedoch auch ein Eingangssignal f\u00fcr die Fernseher aus EE2007\/08 und ABC 6105\/6205 zur Verf\u00fcgung stellen &#8211; dazu ist nur ein wenig Pegelanpassung erforderlich. Da deren analoge Tuner heute sowieso nur noch beim Kabelfernsehen verwendet werden k\u00f6nnen (nur dort wird noch analoges Fernsehen ausgestrahlt), ist es sicher reizvoll, den alten Ger\u00e4ten auf diese Weise wieder neues Leben einzuhauchen.<\/p>\n<p><a title=\"DVB-T-Tuner\" href=\"http:\/\/www.brennecke.org\/?page_id=1059\">Hier geht&#8217;s zur detaillierten Beschreibung des Tuners.<\/a><\/p>\n<h3><a name=\"Videotechnik-Pong\"><\/a><\/h3>\n<h3>Pong!<\/h3>\n<p>Vermutlich kennt es jeder: Pong, das 70er-Jahre-Teletennis auf dem Bildschirm. Entsprechende Konsolen fanden sich damals in vielen Haushalten &#8211; wir hatten seinerzeit auch eins, das zun\u00e4chst der Renner war, dann aber irgendwann in der Ecke verstaubte und vermutlich still und leise entsorgt wurde. Das ganze basiert auf einem einzigen Chip, dem AY-3-8500, der von General Instruments hergestellt wurde und neben dem Teletennis noch ein paar andere Spielvarianten beinhaltet. Der Chip wird nicht mehr hergestellt, ist aber auf ebay noch gut vertreten.<\/p>\n<p><a href=\"http:\/\/www.brennecke.org\/?attachment_id=1488\" rel=\"attachment wp-att-1488\"><img loading=\"lazy\" decoding=\"async\" class=\"alignnone size-full wp-image-1488\" alt=\"IMG_4672\" src=\"http:\/\/www.brennecke.org\/wp-content\/uploads\/2012\/04\/IMG_4672.jpg\" width=\"800\" height=\"600\" srcset=\"https:\/\/www.brennecke.org\/wp-content\/uploads\/2012\/04\/IMG_4672.jpg 800w, https:\/\/www.brennecke.org\/wp-content\/uploads\/2012\/04\/IMG_4672-300x225.jpg 300w\" sizes=\"(max-width: 800px) 100vw, 800px\" \/><\/a><\/p>\n<p><a href=\"http:\/\/www.brennecke.org\/wp-content\/uploads\/2012\/04\/IMG_4669.jpg\"><img loading=\"lazy\" decoding=\"async\" class=\"alignnone size-full wp-image-1487\" title=\"IMG_4669\" alt=\"\" src=\"http:\/\/www.brennecke.org\/wp-content\/uploads\/2012\/04\/IMG_4669.jpg\" width=\"800\" height=\"600\" srcset=\"https:\/\/www.brennecke.org\/wp-content\/uploads\/2012\/04\/IMG_4669.jpg 800w, https:\/\/www.brennecke.org\/wp-content\/uploads\/2012\/04\/IMG_4669-300x225.jpg 300w\" sizes=\"(max-width: 800px) 100vw, 800px\" \/><\/a><\/p>\n<p><a title=\"Pong\" href=\"http:\/\/www.brennecke.org\/?page_id=2058\">Hier geht&#8217;s zu einer Beschreibung des Pong-Moduls.<\/a><\/p>\n<p><a title=\"Videotechnik\" href=\"http:\/\/www.brennecke.org\/?page_id=1776\">Zur\u00fcck zur \u00dcbersicht<\/a><\/p>\n<p>&nbsp;<\/p>\n<div class=\"twoclick_social_bookmarks_post_1240 social_share_privacy clearfix 1.6.4 locale-de_DE sprite-de_DE\"><\/div><div class=\"twoclick-js\"><script type=\"text\/javascript\">\/* <![CDATA[ *\/\njQuery(document).ready(function($){if($('.twoclick_social_bookmarks_post_1240')){$('.twoclick_social_bookmarks_post_1240').socialSharePrivacy({\"services\":{\"facebook\":{\"status\":\"on\",\"txt_info\":\"2 Klicks f\\u00fcr mehr Datenschutz: Erst wenn Sie hier klicken, wird der Button aktiv und Sie k\\u00f6nnen Ihre Empfehlung an Facebook senden. Schon beim Aktivieren werden Daten an Dritte \\u00fcbertragen - siehe <em>i<\\\/em>.\",\"perma_option\":\"off\",\"action\":\"recommend\",\"language\":\"de_DE\"},\"twitter\":{\"reply_to\":\"\",\"tweet_text\":\"Video-Technik%20%C2%BB%2053%20Cent\",\"status\":\"on\",\"txt_info\":\"2 Klicks f\\u00fcr mehr Datenschutz: Erst wenn Sie hier klicken, wird der Button aktiv und Sie k\\u00f6nnen Ihre Empfehlung an Twitter senden. Schon beim Aktivieren werden Daten an Dritte \\u00fcbertragen - siehe <em>i<\\\/em>.\",\"perma_option\":\"off\",\"language\":\"de\",\"referrer_track\":\"\"},\"gplus\":{\"status\":\"on\",\"txt_info\":\"2 Klicks f\\u00fcr mehr Datenschutz: Erst wenn Sie hier klicken, wird der Button aktiv und Sie k\\u00f6nnen Ihre Empfehlung an Google+ senden. Schon beim Aktivieren werden Daten an Dritte \\u00fcbertragen - siehe <em>i<\\\/em>.\",\"perma_option\":\"off\",\"referrer_track\":\"\"},\"flattr\":{\"uid\":\"\",\"status\":\"on\",\"the_title\":\"Video-Technik\",\"the_excerpt\":\"Die%20Videotechnik%20umfasst%20Komponenten%2C%20die%20Informationen%20auf%20einem%20Bildschirm%20ausgeben%20k%C3%B6nnen.%20Die%20Komponenten%20beruhen%20dabei%20teilweise%20auf%20Konzepten%2C%20wie%20Philips%20sie%20in%20der%20Kombination%20EE2003%2F07%2F08%20%28Oszilloskop-%20und%20Fernsehtechnik%29%20und%20beim%20EE3023%20%28Videotechnik%29%20vorgestellt%20hat.%0D%0AInhalt%0D%0A%0D%0A%09VGA-Modul%0D%0A%09Sprite-Modul%0D%0A%09Sinus-Rechteck-Generator%0D%0A%09Oszilloskop%0D%0A%09DVB-T-Tuner%0D%0A%09Pong%21-Modul%0D%0A%09Neues%20von%20...\",\"txt_info\":\"2 Klicks f\\u00fcr mehr Datenschutz: Erst wenn Sie hier klicken, wird der Button aktiv und Sie k\\u00f6nnen Ihre Empfehlung an Flattr senden. Schon beim Aktivieren werden Daten an Dritte \\u00fcbertragen - siehe <em>i<\\\/em>.\",\"perma_option\":\"off\"}},\"txt_help\":\"Wenn Sie diese Felder durch einen Klick aktivieren, werden Informationen an Facebook, Twitter, Flattr, Xing, t3n, LinkedIn, Pinterest oder Google eventuell ins Ausland \\u00fcbertragen und unter Umst\\u00e4nden auch dort gespeichert. N\\u00e4heres erfahren Sie durch einen Klick auf das <em>i<\\\/em>.\",\"settings_perma\":\"Dauerhaft aktivieren und Daten\\u00fcber-tragung zustimmen:\",\"info_link\":\"http:\\\/\\\/www.heise.de\\\/ct\\\/artikel\\\/2-Klicks-fuer-mehr-Datenschutz-1333879.html\",\"uri\":\"https:\\\/\\\/www.brennecke.org\\\/?page_id=1240\",\"post_id\":1240,\"post_title_referrer_track\":\"Video-Technik\",\"display_infobox\":\"on\"});}});\n\/* ]]> *\/<\/script><\/div>","protected":false},"excerpt":{"rendered":"<p>Die Videotechnik umfasst Komponenten, die Informationen auf einem Bildschirm ausgeben k\u00f6nnen. Die Komponenten beruhen dabei teilweise auf Konzepten, wie Philips sie in der Kombination EE2003\/07\/08 (Oszilloskop- und Fernsehtechnik) und beim EE3023 (Videotechnik) vorgestellt hat. Inhalt VGA-Modul Sprite-Modul Sinus-Rechteck-Generator Oszilloskop DVB-T-Tuner &hellip; <a href=\"https:\/\/www.brennecke.org\/?page_id=1240\">Weiterlesen <span class=\"meta-nav\">&rarr;<\/span><\/a><\/p>\n","protected":false},"author":1,"featured_media":1317,"parent":1051,"menu_order":40,"comment_status":"open","ping_status":"open","template":"","meta":{"footnotes":""},"_links":{"self":[{"href":"https:\/\/www.brennecke.org\/index.php?rest_route=\/wp\/v2\/pages\/1240"}],"collection":[{"href":"https:\/\/www.brennecke.org\/index.php?rest_route=\/wp\/v2\/pages"}],"about":[{"href":"https:\/\/www.brennecke.org\/index.php?rest_route=\/wp\/v2\/types\/page"}],"author":[{"embeddable":true,"href":"https:\/\/www.brennecke.org\/index.php?rest_route=\/wp\/v2\/users\/1"}],"replies":[{"embeddable":true,"href":"https:\/\/www.brennecke.org\/index.php?rest_route=%2Fwp%2Fv2%2Fcomments&post=1240"}],"version-history":[{"count":30,"href":"https:\/\/www.brennecke.org\/index.php?rest_route=\/wp\/v2\/pages\/1240\/revisions"}],"predecessor-version":[{"id":2285,"href":"https:\/\/www.brennecke.org\/index.php?rest_route=\/wp\/v2\/pages\/1240\/revisions\/2285"}],"up":[{"embeddable":true,"href":"https:\/\/www.brennecke.org\/index.php?rest_route=\/wp\/v2\/pages\/1051"}],"wp:featuredmedia":[{"embeddable":true,"href":"https:\/\/www.brennecke.org\/index.php?rest_route=\/wp\/v2\/media\/1317"}],"wp:attachment":[{"href":"https:\/\/www.brennecke.org\/index.php?rest_route=%2Fwp%2Fv2%2Fmedia&parent=1240"}],"curies":[{"name":"wp","href":"https:\/\/api.w.org\/{rel}","templated":true}]}}