{"id":1538,"date":"2012-05-06T12:18:14","date_gmt":"2012-05-06T10:18:14","guid":{"rendered":"http:\/\/www.brennecke.org\/?page_id=1538"},"modified":"2012-07-12T08:41:33","modified_gmt":"2012-07-12T06:41:33","slug":"signalplatine","status":"publish","type":"page","link":"https:\/\/www.brennecke.org\/?page_id=1538","title":{"rendered":"Signalplatine"},"content":{"rendered":"<p>Da der TFT-Bildschirm bereits alle n\u00f6tige Technik mitbringt, um das   Bild zu verarbeiten, bleibt der Signalplatine in dieser Hinsicht wenig   zu tun. Da aber ein VGA-Eingang nun einmal auch mit an Bord war, lag   nichts n\u00e4her, als das altbekannte VGA-Modul auch noch mit zu   integrieren, um so wieder ein Oszilloskop an Bord des Schaltpults zu   haben. Die Telespiele f\u00fcr das VGA-Modul lassen sich damit nat\u00fcrlich   ebenfalls aufbauen. Das eigentliche Oszilloskop und auch der   Sinusgenerator sind aber nicht Teil der Signalplatine \u2013 sie werden nun   eigenst\u00e4ndige Module, da auf der verbleibenden schwarzen Grundplatte nun   mehr Platz ist als beim Original, das sich den Platz noch mit der   damaligen Bildr\u00f6hreneinheit teilen musste.<\/p>\n<p><a href=\"http:\/\/www.brennecke.org\/wp-content\/uploads\/2012\/04\/IMG_4648.jpg\"><img loading=\"lazy\" decoding=\"async\" title=\"IMG_4648\" src=\"http:\/\/www.brennecke.org\/wp-content\/uploads\/2012\/04\/IMG_4648-300x225.jpg\" alt=\"\" width=\"300\" height=\"225\" \/><\/a> <a href=\"http:\/\/www.brennecke.org\/wp-content\/uploads\/2012\/05\/Bildschirmfoto-2012-07-07-um-14.08.52.png\"><img loading=\"lazy\" decoding=\"async\" title=\"Bildschirmfoto 2012-07-07 um 14.08.52\" src=\"http:\/\/www.brennecke.org\/wp-content\/uploads\/2012\/05\/Bildschirmfoto-2012-07-07-um-14.08.52-300x241.png\" alt=\"\" width=\"300\" height=\"241\" \/><\/a><\/p>\n<p>Das VGA-Modul wurde in der zweiten Generation wesentlich  vereinfacht  und baut nun auf einem AVR ATMega88-Mikrocontroller auf, der  alle  ben\u00f6tigten Signale in Software erzeugt. Als externe Beschaltung  wird  lediglich ein Treiber-Inverter ben\u00f6tigt, der die positiven   Synchronimpulse in negative, VGA-konforme umsetzt. Ein weiterer Chip  erstellt aus vier Signalen des AVR  die bereits oben beschriebenen  &#8222;W\u00e4nde&#8220;, die im VGA-Modus \u00fcber einen  Schalter eingeblendet werden  k\u00f6nnen. \u00dcber einen DIP-Schalter k\u00f6nnen sie  auch einzeln ausgeblendet  werden.<\/p>\n<p>Es zeigte sich bei ersten Tests, dass das vom ATMega88 erzeugte  Signal zwar gen\u00fcgt, einen Multisync-Monitor zu synchronisieren. Der hier  verbaute kleine TFT-Bildschirm zeigte sich jedoch zickiger &#8211; offenbar  sind kleine Unregelm\u00e4\u00dfigkeiten beim Synchronsignal die Ursache. Diese  Unregelm\u00e4\u00dfigkeiten stammen von der Erzeugung der vertikalen Bildsignale &#8211;  ein Problem, das sich leider nicht softwareseitig l\u00f6sen lie\u00df. Daher  wurde die Erzeugung der vertikalen Signale (mit Ausnahme der  Synchronimpulse) in einen zweiten AVR vom Typ ATTiny26 verlagert. Dieser  wird mit dem eingebauten Oszillator bei 8MHz betrieben und kommt so mit  einem Minimum an externer Beschaltung aus. Er wird extern durch den  horizontalen Synchronimpuls getriggert und durch den vertikalen  Synchronimpuls mit dem Bild synchronisiert und erzeugt nun die  zus\u00e4tzlichen Bildsignale, ohne den Hauptprozessor zu belasten. Damit  l\u00e4sst sich auch auf dem kleinen TFT-Bildschirm ein perfekt stehendes  Bild erzeugen.<\/p>\n<p>Diese \u00c4nderung erlaubt es auch, ein anderes leidiges Problem zu beheben &#8211; einen bisher nicht erkl\u00e4rten \u00dcberschwinger, den der Sinusgenerator im Zusammenhang mit dem VGA-Modul zeigte. Der Grund hierf\u00fcr liegt in der Signalg\u00fcte der Rechtecksignale &#8211; das 480Hz-Signal besitzt zwar die richtige Frequenz, aber nicht \u00fcberall das gleiche Timing &#8211; manche Flanken sind schmaler als andere. Mittels des Mikroprozessors l\u00e4sst sich jedoch ein ausreichend pr\u00e4zises Signal herstellen, das diese Problem nicht mehr aufweist.<\/p>\n<p><a href=\"http:\/\/www.brennecke.org\/wp-content\/uploads\/2012\/05\/IMG_4309.jpg\"><img loading=\"lazy\" decoding=\"async\" class=\"alignnone size-medium wp-image-1548\" title=\"IMG_4309\" src=\"http:\/\/www.brennecke.org\/wp-content\/uploads\/2012\/05\/IMG_4309-300x225.jpg\" alt=\"\" width=\"300\" height=\"225\" srcset=\"https:\/\/www.brennecke.org\/wp-content\/uploads\/2012\/05\/IMG_4309-300x225.jpg 300w, https:\/\/www.brennecke.org\/wp-content\/uploads\/2012\/05\/IMG_4309.jpg 800w\" sizes=\"(max-width: 300px) 100vw, 300px\" \/><\/a> <a href=\"http:\/\/www.brennecke.org\/wp-content\/uploads\/2012\/05\/IMG_4691.jpg\"><img loading=\"lazy\" decoding=\"async\" class=\"alignnone size-medium wp-image-1549\" title=\"IMG_4691\" src=\"http:\/\/www.brennecke.org\/wp-content\/uploads\/2012\/05\/IMG_4691-300x225.jpg\" alt=\"\" width=\"300\" height=\"225\" srcset=\"https:\/\/www.brennecke.org\/wp-content\/uploads\/2012\/05\/IMG_4691-300x225.jpg 300w, https:\/\/www.brennecke.org\/wp-content\/uploads\/2012\/05\/IMG_4691.jpg 800w\" sizes=\"(max-width: 300px) 100vw, 300px\" \/><\/a><\/p>\n<p>Neben der eigentlichen Signalplatine sind noch ein paar Schalter erforderlich, mit denen der Bildschirm gesteuert werden kann (Ein\/Aus, Men\u00fc und Eingang).<\/p>\n<p><a href=\"http:\/\/www.brennecke.org\/wp-content\/uploads\/2012\/05\/IMG_4490.jpg\"><img loading=\"lazy\" decoding=\"async\" title=\"IMG_4490\" src=\"http:\/\/www.brennecke.org\/wp-content\/uploads\/2012\/05\/IMG_4490.jpg\" alt=\"\" width=\"678\" height=\"195\" \/><\/a><\/p>\n<p><a href=\"http:\/\/www.brennecke.org\/wp-content\/uploads\/2012\/05\/Schalter.png\"><img loading=\"lazy\" decoding=\"async\" title=\"Schalter\" src=\"http:\/\/www.brennecke.org\/wp-content\/uploads\/2012\/05\/Schalter.png\" alt=\"\" width=\"550\" height=\"143\" \/><\/a><\/p>\n<p><a title=\"TV-Lab \u2013 Digitales Flachbildfernsehen f\u00fcr die Philips-Bauk\u00e4sten\" href=\"http:\/\/www.brennecke.org\/?page_id=1057\">Zur\u00fcck zum Hauptartikel<\/a><\/p>\n<div class=\"twoclick_social_bookmarks_post_1538 social_share_privacy clearfix 1.6.4 locale-de_DE sprite-de_DE\"><\/div><div class=\"twoclick-js\"><script type=\"text\/javascript\">\/* <![CDATA[ *\/\njQuery(document).ready(function($){if($('.twoclick_social_bookmarks_post_1538')){$('.twoclick_social_bookmarks_post_1538').socialSharePrivacy({\"services\":{\"facebook\":{\"status\":\"on\",\"txt_info\":\"2 Klicks f\\u00fcr mehr Datenschutz: Erst wenn Sie hier klicken, wird der Button aktiv und Sie k\\u00f6nnen Ihre Empfehlung an Facebook senden. Schon beim Aktivieren werden Daten an Dritte \\u00fcbertragen - siehe <em>i<\\\/em>.\",\"perma_option\":\"off\",\"action\":\"recommend\",\"language\":\"de_DE\"},\"twitter\":{\"reply_to\":\"\",\"tweet_text\":\"Signalplatine%20%C2%BB%2053%20Cent\",\"status\":\"on\",\"txt_info\":\"2 Klicks f\\u00fcr mehr Datenschutz: Erst wenn Sie hier klicken, wird der Button aktiv und Sie k\\u00f6nnen Ihre Empfehlung an Twitter senden. Schon beim Aktivieren werden Daten an Dritte \\u00fcbertragen - siehe <em>i<\\\/em>.\",\"perma_option\":\"off\",\"language\":\"de\",\"referrer_track\":\"\"},\"gplus\":{\"status\":\"on\",\"txt_info\":\"2 Klicks f\\u00fcr mehr Datenschutz: Erst wenn Sie hier klicken, wird der Button aktiv und Sie k\\u00f6nnen Ihre Empfehlung an Google+ senden. Schon beim Aktivieren werden Daten an Dritte \\u00fcbertragen - siehe <em>i<\\\/em>.\",\"perma_option\":\"off\",\"referrer_track\":\"\"},\"flattr\":{\"uid\":\"\",\"status\":\"on\",\"the_title\":\"Signalplatine\",\"the_excerpt\":\"Da%20der%20TFT-Bildschirm%20bereits%20alle%20n%C3%B6tige%20Technik%20mitbringt%2C%20um%20das%20%20%20Bild%20zu%20verarbeiten%2C%20bleibt%20der%20Signalplatine%20in%20dieser%20Hinsicht%20wenig%20%20%20zu%20tun.%20Da%20aber%20ein%20VGA-Eingang%20nun%20einmal%20auch%20mit%20an%20Bord%20war%2C%20lag%20%20%20nichts%20n%C3%A4her%2C%20als%20das%20altbekannte%20VGA-Modul%20auch%20noch%20mit%20zu%20%20%20integrieren%2C%20um%20so%20wieder%20ein%20Oszilloskop%20an%20Bord%20des%20Schaltpults%20zu%20%20%20haben.%20Die%20Telespiele%20f%C3%BCr%20das%20VGA-Modul%20lassen%20s%20...\",\"txt_info\":\"2 Klicks f\\u00fcr mehr Datenschutz: Erst wenn Sie hier klicken, wird der Button aktiv und Sie k\\u00f6nnen Ihre Empfehlung an Flattr senden. Schon beim Aktivieren werden Daten an Dritte \\u00fcbertragen - siehe <em>i<\\\/em>.\",\"perma_option\":\"off\"}},\"txt_help\":\"Wenn Sie diese Felder durch einen Klick aktivieren, werden Informationen an Facebook, Twitter, Flattr, Xing, t3n, LinkedIn, Pinterest oder Google eventuell ins Ausland \\u00fcbertragen und unter Umst\\u00e4nden auch dort gespeichert. N\\u00e4heres erfahren Sie durch einen Klick auf das <em>i<\\\/em>.\",\"settings_perma\":\"Dauerhaft aktivieren und Daten\\u00fcber-tragung zustimmen:\",\"info_link\":\"http:\\\/\\\/www.heise.de\\\/ct\\\/artikel\\\/2-Klicks-fuer-mehr-Datenschutz-1333879.html\",\"uri\":\"https:\\\/\\\/www.brennecke.org\\\/?page_id=1538\",\"post_id\":1538,\"post_title_referrer_track\":\"Signalplatine\",\"display_infobox\":\"on\"});}});\n\/* ]]> *\/<\/script><\/div>","protected":false},"excerpt":{"rendered":"<p>Da der TFT-Bildschirm bereits alle n\u00f6tige Technik mitbringt, um das Bild zu verarbeiten, bleibt der Signalplatine in dieser Hinsicht wenig zu tun. Da aber ein VGA-Eingang nun einmal auch mit an Bord war, lag nichts n\u00e4her, als das altbekannte VGA-Modul &hellip; <a href=\"https:\/\/www.brennecke.org\/?page_id=1538\">Weiterlesen <span class=\"meta-nav\">&rarr;<\/span><\/a><\/p>\n","protected":false},"author":1,"featured_media":1555,"parent":1057,"menu_order":15,"comment_status":"open","ping_status":"open","template":"","meta":{"footnotes":""},"_links":{"self":[{"href":"https:\/\/www.brennecke.org\/index.php?rest_route=\/wp\/v2\/pages\/1538"}],"collection":[{"href":"https:\/\/www.brennecke.org\/index.php?rest_route=\/wp\/v2\/pages"}],"about":[{"href":"https:\/\/www.brennecke.org\/index.php?rest_route=\/wp\/v2\/types\/page"}],"author":[{"embeddable":true,"href":"https:\/\/www.brennecke.org\/index.php?rest_route=\/wp\/v2\/users\/1"}],"replies":[{"embeddable":true,"href":"https:\/\/www.brennecke.org\/index.php?rest_route=%2Fwp%2Fv2%2Fcomments&post=1538"}],"version-history":[{"count":6,"href":"https:\/\/www.brennecke.org\/index.php?rest_route=\/wp\/v2\/pages\/1538\/revisions"}],"predecessor-version":[{"id":1545,"href":"https:\/\/www.brennecke.org\/index.php?rest_route=\/wp\/v2\/pages\/1538\/revisions\/1545"}],"up":[{"embeddable":true,"href":"https:\/\/www.brennecke.org\/index.php?rest_route=\/wp\/v2\/pages\/1057"}],"wp:featuredmedia":[{"embeddable":true,"href":"https:\/\/www.brennecke.org\/index.php?rest_route=\/wp\/v2\/media\/1555"}],"wp:attachment":[{"href":"https:\/\/www.brennecke.org\/index.php?rest_route=%2Fwp%2Fv2%2Fmedia&parent=1538"}],"curies":[{"name":"wp","href":"https:\/\/api.w.org\/{rel}","templated":true}]}}