{"id":1656,"date":"2012-07-31T14:59:37","date_gmt":"2012-07-31T12:59:37","guid":{"rendered":"http:\/\/www.brennecke.org\/?page_id=1656"},"modified":"2012-07-31T17:19:22","modified_gmt":"2012-07-31T15:19:22","slug":"hauptplatine-des-pc-lab","status":"publish","type":"page","link":"https:\/\/www.brennecke.org\/?page_id=1656","title":{"rendered":"Hauptplatine des PC Lab"},"content":{"rendered":"<p>Ich hatte bereits ein wenig Erfahrung mit dem Einbau von Mini-ITX-Boards in unterschiedliche Geh\u00e4use. Den Vorg\u00e4nger des hier benutzten Boards hatte ich seinerzeit in ein <a title=\"Der Selbstbau-iMac\" href=\"http:\/\/www.brennecke.org\/?page_id=553\">iMac-G4-Geh\u00e4use<\/a> eingebaut. Das hier verwendete Board hat gegen\u00fcber dem Vorg\u00e4nger deutlich an Performance zugelegt &#8211; wobei es nach aber wie vor kein Renner ist. Daf\u00fcr kann es l\u00fcfterlos betrieben werden und besitzt viele Komponenten und Anschl\u00fcsse, die ansonsten Erweiterungen oder Steckkarten erfordern w\u00fcrden.<\/p>\n<p><a href=\"http:\/\/www.brennecke.org\/wp-content\/uploads\/2012\/07\/Intel_DN2800MT.jpg\"><img loading=\"lazy\" decoding=\"async\" class=\"alignnone size-medium wp-image-1657\" title=\"Intel_DN2800MT\" src=\"http:\/\/www.brennecke.org\/wp-content\/uploads\/2012\/07\/Intel_DN2800MT-254x300.jpg\" alt=\"\" width=\"254\" height=\"300\" srcset=\"https:\/\/www.brennecke.org\/wp-content\/uploads\/2012\/07\/Intel_DN2800MT-254x300.jpg 254w, https:\/\/www.brennecke.org\/wp-content\/uploads\/2012\/07\/Intel_DN2800MT.jpg 440w\" sizes=\"(max-width: 254px) 100vw, 254px\" \/><\/a> <a href=\"http:\/\/www.brennecke.org\/wp-content\/uploads\/2012\/07\/IMG_4896.jpg\"><img loading=\"lazy\" decoding=\"async\" class=\"alignnone size-medium wp-image-1665\" title=\"IMG_4896\" src=\"http:\/\/www.brennecke.org\/wp-content\/uploads\/2012\/07\/IMG_4896-300x225.jpg\" alt=\"\" width=\"300\" height=\"225\" srcset=\"https:\/\/www.brennecke.org\/wp-content\/uploads\/2012\/07\/IMG_4896-300x225.jpg 300w, https:\/\/www.brennecke.org\/wp-content\/uploads\/2012\/07\/IMG_4896.jpg 1024w\" sizes=\"(max-width: 300px) 100vw, 300px\" \/><\/a><\/p>\n<h2><strong>Funktionen und Konfigurationen<\/strong><\/h2>\n<p><strong>Board: <\/strong><a href=\"http:\/\/www.intel.de\/content\/www\/de\/de\/motherboards\/desktop-motherboards\/desktop-board-dn2800mt.html\">Intel\u00ae PC-Mainboard DN2800MT<\/a><\/p>\n<p><strong>Format<\/strong>: Mini-ITX- und Micro-ATX-kompatibel (170\u00a0mm\u00a0x\u00a0170\u00a0mm)<\/p>\n<p><strong>Prozessor<\/strong>: <a href=\"http:\/\/www.intel.de\/content\/www\/de\/de\/processors\/atom\/atom-processor.html\">Intel\u00ae Atom\u2122 Prozessor N2800<\/a> mit l\u00fcfterlosem Temperatursenker (damit meint Intel vermutlich den riesigen K\u00fchler)<\/p>\n<p><strong>Arbeitsspeicher<\/strong><\/p>\n<ul>\n<li>Zwei      SO-DIMM-Steckpl\u00e4tze f\u00fcr 1066\/800\u00a0MHz <a href=\"http:\/\/www.intel.com\/technology\/memory\/index.htm\">DDR3<\/a>-Einkanalsystemspeicher<\/li>\n<li>Max.      <a href=\"http:\/\/support.intel.com\/support\/motherboards\/desktop\/d2700mt\/sb\/CS-032624.htm\">Systemspeicherkapazit\u00e4t<\/a>:      4 GB<\/li>\n<\/ul>\n<p><strong>Chipsatz<\/strong><\/p>\n<p><a href=\"http:\/\/www.intel.de\/content\/www\/de\/de\/chipsets\/internet-devices-chipsets\/nm10-chipset.html\">Intel\u00ae NM10 Express-Chipsatz<\/a><\/p>\n<p><strong>Audio<\/strong><\/p>\n<p><a href=\"http:\/\/www.intel.de\/content\/www\/de\/de\/standards\/standards-high-def-audio-specs-general-technology.html\">Intel\u00ae High-Definition-Audio (Intel\u00ae HD-Audio)<\/a> mit folgender Konfiguration:<\/p>\n<ul>\n<li>2+2      Intel\u00ae HD-Audio \u00fcber Codec:\n<ul>\n<li>Stereo-Ausgang       (R\u00fcckseite)<\/li>\n<li>S\/PDIF-Ausgang       (intern)<\/li>\n<li>Ins       Geh\u00e4use integrierter Lautsprecherausgang (intern)<\/li>\n<li>Digitaler       DMIC-Mikrofoneingang (intern)<\/li>\n<li>Analoger       Eingang (R\u00fcckseite)<\/li>\n<li>HD-Audio\/AC\u201997-Anschluss       an der Vorderseite (intern)<\/li>\n<\/ul>\n<\/li>\n<\/ul>\n<p><strong>Netzwerkschnittstelle<\/strong><\/p>\n<p>Integrierte Intel\u00ae 10\/100\/1000-Mbit\/s-Netzwerkschnittstelle<\/p>\n<p><strong>Peripherieschnittstellen<\/strong><\/p>\n<ul>\n<li>Zwei      <a href=\"http:\/\/www.intel.de\/content\/www\/de\/de\/io\/universal-serial-bus\/universal-serial-bus.html\">USB\u00a02.0<\/a>-Hochstrom-\/Schnelladeports      (R\u00fcckseite)<\/li>\n<li>Zwei      USB\u00a02.0-Ports (R\u00fcckseite)<\/li>\n<li>Vier      USB\u00a02.0-Anschl\u00fcsse (intern)<\/li>\n<li>Zwei      <a href=\"http:\/\/www.intel.de\/content\/www\/de\/de\/io\/serial-ata\/serial-ata-developer.html\">Serial-ATA<\/a>-Ports      (3 Gbit\/s) (einer mit mSATA-Multiplexing)<\/li>\n<li>Zwei      serielle Portanschl\u00fcsse (einer Z-U130-Flash-Laufwerk-kompatibel)<\/li>\n<li>Ein      paralleler Anschluss (intern)<\/li>\n<\/ul>\n<p><strong>Erweiterungsm\u00f6glichkeiten<\/strong><\/p>\n<ul>\n<li>Ein <a href=\"http:\/\/www.intel.de\/content\/www\/de\/de\/io\/pci-express\/pci-express-architecture-devnet-index.html\">PCI-Express*<\/a>-x1-Steckplatz<\/li>\n<li>Eine      PCI Express* Minikarte (halbe Gr\u00f6\u00dfe)<\/li>\n<li>Eine      PCI Express* Minikarte (halbe\/volle Gr\u00f6\u00dfe anpassbar) mit      mSATA-Unterst\u00fctzung<\/li>\n<\/ul>\n<p><strong>Video<\/strong><\/p>\n<ul>\n<li>VGA-      und HDMI-Ports (R\u00fcckseite)<\/li>\n<li>eDP\/LVDS-Anschluss      (bis zu 24\u00a0bpp)<\/li>\n<\/ul>\n<table border=\"1\" cellspacing=\"0\" cellpadding=\"0\" width=\"489\" height=\"440\">\n<tbody>\n<tr>\n<th colspan=\"2\">\n<h2><strong>Meine Ausstattung<\/strong><\/h2>\n<\/th>\n<\/tr>\n<tr>\n<td width=\"23%\">WLAN<\/td>\n<td width=\"76%\">halblange WiFi-Mini-PCIe-Karte (Realtek-Chipsatz, lag noch in der Bastelkiste)<\/td>\n<\/tr>\n<tr>\n<td width=\"23%\">Massenspeicher<\/td>\n<td width=\"76%\">OCZ SSD Nocto mSATA-Anschluss mit 30 GB, ausreichend f\u00fcr Windows 7, einen Compiler und ein paar Anwendungsprogramme<\/td>\n<\/tr>\n<tr>\n<td width=\"23%\">RAM<\/td>\n<td width=\"76%\">2x 1GB 1333-DDR3-RAM (ausgebaut aus einem Mac mini der aktuellen Baureihe)<\/td>\n<\/tr>\n<tr>\n<td width=\"23%\">Stromversorgung<\/td>\n<td width=\"76%\">12V-2A-Steckerbnetzteil: macht 24 Watt Leistungsaufnahme<\/td>\n<\/tr>\n<tr>\n<td width=\"23%\">Lautsprecher<\/td>\n<td width=\"76%\">2&#215;2 16 Ohm\/1 Watt (ausgebaut aus einem alten Monitor mit Klangausgabe), angeschlossen an den internen Lautsprecherport<\/td>\n<\/tr>\n<tr>\n<td width=\"23%\">WLAN-Antennen<\/td>\n<td width=\"76%\">f\u00fcr wenige Euro vor l\u00e4ngerem bei ebay ersteigert. Es steht &#8222;Apple&#8220; drauf&#8230;<\/td>\n<\/tr>\n<tr>\n<td width=\"23%\">Line-Ine<\/td>\n<td width=\"76%\">f\u00fcr die Stereo-Eing\u00e4nge am Experimentierpult, direkt mit den Mic-in-Eing\u00e4ngen des Front-Audio-Steckers verbunden<\/td>\n<\/tr>\n<tr>\n<td width=\"23%\">Grafik<\/td>\n<td width=\"76%\">\u00fcber VGA angeschlossener 5&#8243;-Multisync-Bildschirm mit Controller, betrieben bei 1024&#215;768 oder 800&#215;600. Stromversorgung erfolgt \u00fcber den 12V-SATA-Stromanschluss<\/td>\n<\/tr>\n<tr>\n<td width=\"23%\">Touchscreen<\/td>\n<td width=\"76%\">resistiver 4-Draht-Touchscreen, integriert in das Bildschirmmodul, dazu ein externer Touchscreen-Controller, der per USB angeschlossen wird<\/td>\n<\/tr>\n<tr>\n<td width=\"23%\">USB<\/td>\n<td width=\"76%\">Eigene Platine auf Basis der USB-Steuerungskarte K8055 von Vellemanns. Es wurden einige \u00c4nderungen bei den Eing\u00e4ngen vorgenommen (<a title=\"Das USB-Board\" href=\"http:\/\/www.brennecke.org\/?page_id=1696\">siehe anderer Artikel<\/a>).<\/td>\n<\/tr>\n<tr>\n<td width=\"23%\"><a title=\"PC Lab \u2013 Der Computer in der Box\" href=\"http:\/\/www.brennecke.org\/?page_id=1654\">Zur\u00fcck zum Hauptartikel<\/a><\/td>\n<td width=\"76%\"><\/td>\n<\/tr>\n<\/tbody>\n<\/table>\n<div class=\"twoclick_social_bookmarks_post_1656 social_share_privacy clearfix 1.6.4 locale-de_DE sprite-de_DE\"><\/div><div class=\"twoclick-js\"><script type=\"text\/javascript\">\/* <![CDATA[ *\/\njQuery(document).ready(function($){if($('.twoclick_social_bookmarks_post_1656')){$('.twoclick_social_bookmarks_post_1656').socialSharePrivacy({\"services\":{\"facebook\":{\"status\":\"on\",\"txt_info\":\"2 Klicks f\\u00fcr mehr Datenschutz: Erst wenn Sie hier klicken, wird der Button aktiv und Sie k\\u00f6nnen Ihre Empfehlung an Facebook senden. Schon beim Aktivieren werden Daten an Dritte \\u00fcbertragen - siehe <em>i<\\\/em>.\",\"perma_option\":\"off\",\"action\":\"recommend\",\"language\":\"de_DE\"},\"twitter\":{\"reply_to\":\"\",\"tweet_text\":\"Hauptplatine%20des%20PC%20Lab%20%C2%BB%2053%20Cent\",\"status\":\"on\",\"txt_info\":\"2 Klicks f\\u00fcr mehr Datenschutz: Erst wenn Sie hier klicken, wird der Button aktiv und Sie k\\u00f6nnen Ihre Empfehlung an Twitter senden. Schon beim Aktivieren werden Daten an Dritte \\u00fcbertragen - siehe <em>i<\\\/em>.\",\"perma_option\":\"off\",\"language\":\"de\",\"referrer_track\":\"\"},\"gplus\":{\"status\":\"on\",\"txt_info\":\"2 Klicks f\\u00fcr mehr Datenschutz: Erst wenn Sie hier klicken, wird der Button aktiv und Sie k\\u00f6nnen Ihre Empfehlung an Google+ senden. Schon beim Aktivieren werden Daten an Dritte \\u00fcbertragen - siehe <em>i<\\\/em>.\",\"perma_option\":\"off\",\"referrer_track\":\"\"},\"flattr\":{\"uid\":\"\",\"status\":\"on\",\"the_title\":\"Hauptplatine%20des%20PC%20Lab\",\"the_excerpt\":\"Ich%20hatte%20bereits%20ein%20wenig%20Erfahrung%20mit%20dem%20Einbau%20von%20Mini-ITX-Boards%20in%20unterschiedliche%20Geh%C3%A4use.%20Den%20Vorg%C3%A4nger%20des%20hier%20benutzten%20Boards%20hatte%20ich%20seinerzeit%20in%20ein%20iMac-G4-Geh%C3%A4use%20eingebaut.%20Das%20hier%20verwendete%20Board%20hat%20gegen%C3%BCber%20dem%20Vorg%C3%A4nger%20deutlich%20an%20Performance%20zugelegt%20-%20wobei%20es%20nach%20aber%20wie%20vor%20kein%20Renner%20ist.%20Daf%C3%BCr%20kann%20es%20l%C3%BCfterlos%20betrieben%20werden%20und%20besitzt%20viele%20Kompone%20...\",\"txt_info\":\"2 Klicks f\\u00fcr mehr Datenschutz: Erst wenn Sie hier klicken, wird der Button aktiv und Sie k\\u00f6nnen Ihre Empfehlung an Flattr senden. Schon beim Aktivieren werden Daten an Dritte \\u00fcbertragen - siehe <em>i<\\\/em>.\",\"perma_option\":\"off\"}},\"txt_help\":\"Wenn Sie diese Felder durch einen Klick aktivieren, werden Informationen an Facebook, Twitter, Flattr, Xing, t3n, LinkedIn, Pinterest oder Google eventuell ins Ausland \\u00fcbertragen und unter Umst\\u00e4nden auch dort gespeichert. N\\u00e4heres erfahren Sie durch einen Klick auf das <em>i<\\\/em>.\",\"settings_perma\":\"Dauerhaft aktivieren und Daten\\u00fcber-tragung zustimmen:\",\"info_link\":\"http:\\\/\\\/www.heise.de\\\/ct\\\/artikel\\\/2-Klicks-fuer-mehr-Datenschutz-1333879.html\",\"uri\":\"https:\\\/\\\/www.brennecke.org\\\/?page_id=1656\",\"post_id\":1656,\"post_title_referrer_track\":\"Hauptplatine+des+PC+Lab\",\"display_infobox\":\"on\"});}});\n\/* ]]> *\/<\/script><\/div>","protected":false},"excerpt":{"rendered":"<p>Ich hatte bereits ein wenig Erfahrung mit dem Einbau von Mini-ITX-Boards in unterschiedliche Geh\u00e4use. Den Vorg\u00e4nger des hier benutzten Boards hatte ich seinerzeit in ein iMac-G4-Geh\u00e4use eingebaut. Das hier verwendete Board hat gegen\u00fcber dem Vorg\u00e4nger deutlich an Performance zugelegt &#8211; &hellip; <a href=\"https:\/\/www.brennecke.org\/?page_id=1656\">Weiterlesen <span class=\"meta-nav\">&rarr;<\/span><\/a><\/p>\n","protected":false},"author":1,"featured_media":1686,"parent":1654,"menu_order":1,"comment_status":"open","ping_status":"open","template":"","meta":{"footnotes":""},"_links":{"self":[{"href":"https:\/\/www.brennecke.org\/index.php?rest_route=\/wp\/v2\/pages\/1656"}],"collection":[{"href":"https:\/\/www.brennecke.org\/index.php?rest_route=\/wp\/v2\/pages"}],"about":[{"href":"https:\/\/www.brennecke.org\/index.php?rest_route=\/wp\/v2\/types\/page"}],"author":[{"embeddable":true,"href":"https:\/\/www.brennecke.org\/index.php?rest_route=\/wp\/v2\/users\/1"}],"replies":[{"embeddable":true,"href":"https:\/\/www.brennecke.org\/index.php?rest_route=%2Fwp%2Fv2%2Fcomments&post=1656"}],"version-history":[{"count":6,"href":"https:\/\/www.brennecke.org\/index.php?rest_route=\/wp\/v2\/pages\/1656\/revisions"}],"predecessor-version":[{"id":1689,"href":"https:\/\/www.brennecke.org\/index.php?rest_route=\/wp\/v2\/pages\/1656\/revisions\/1689"}],"up":[{"embeddable":true,"href":"https:\/\/www.brennecke.org\/index.php?rest_route=\/wp\/v2\/pages\/1654"}],"wp:featuredmedia":[{"embeddable":true,"href":"https:\/\/www.brennecke.org\/index.php?rest_route=\/wp\/v2\/media\/1686"}],"wp:attachment":[{"href":"https:\/\/www.brennecke.org\/index.php?rest_route=%2Fwp%2Fv2%2Fmedia&parent=1656"}],"curies":[{"name":"wp","href":"https:\/\/api.w.org\/{rel}","templated":true}]}}

<p>Ich hatte bereits ein wenig Erfahrung mit dem Einbau von Mini-ITX-Boards in unterschiedliche Gehäuse. Den Vorgänger des hier benutzten Boards hatte ich seinerzeit in ein <a title="Der Selbstbau-iMac" href="http://www.brennecke.org/?page_id=553">iMac-G4-Gehäuse</a> eingebaut. Das hier verwendete Board hat gegenüber dem Vorgänger deutlich an Performance zugelegt &#8211; wobei es nach aber wie vor kein Renner ist. Dafür kann es lüfterlos betrieben werden und besitzt viele Komponenten und Anschlüsse, die ansonsten Erweiterungen oder Steckkarten erfordern würden.</p>
<p><a href="http://www.brennecke.org/wp-content/uploads/2012/07/Intel_DN2800MT.jpg"><img loading="lazy" decoding="async" class="alignnone size-medium wp-image-1657" title="Intel_DN2800MT" src="http://www.brennecke.org/wp-content/uploads/2012/07/Intel_DN2800MT-254x300.jpg" alt="" width="254" height="300" srcset="https://www.brennecke.org/wp-content/uploads/2012/07/Intel_DN2800MT-254x300.jpg 254w, https://www.brennecke.org/wp-content/uploads/2012/07/Intel_DN2800MT.jpg 440w" sizes="(max-width: 254px) 100vw, 254px" /></a> <a href="http://www.brennecke.org/wp-content/uploads/2012/07/IMG_4896.jpg"><img loading="lazy" decoding="async" class="alignnone size-medium wp-image-1665" title="IMG_4896" src="http://www.brennecke.org/wp-content/uploads/2012/07/IMG_4896-300x225.jpg" alt="" width="300" height="225" srcset="https://www.brennecke.org/wp-content/uploads/2012/07/IMG_4896-300x225.jpg 300w, https://www.brennecke.org/wp-content/uploads/2012/07/IMG_4896.jpg 1024w" sizes="(max-width: 300px) 100vw, 300px" /></a></p>
<h2><strong>Funktionen und Konfigurationen</strong></h2>
<p><strong>Board: </strong><a href="http://www.intel.de/content/www/de/de/motherboards/desktop-motherboards/desktop-board-dn2800mt.html">Intel® PC-Mainboard DN2800MT</a></p>
<p><strong>Format</strong>: Mini-ITX- und Micro-ATX-kompatibel (170 mm x 170 mm)</p>
<p><strong>Prozessor</strong>: <a href="http://www.intel.de/content/www/de/de/processors/atom/atom-processor.html">Intel® Atom™ Prozessor N2800</a> mit lüfterlosem Temperatursenker (damit meint Intel vermutlich den riesigen Kühler)</p>
<p><strong>Arbeitsspeicher</strong></p>
<ul>
<li>Zwei      SO-DIMM-Steckplätze für 1066/800 MHz <a href="http://www.intel.com/technology/memory/index.htm">DDR3</a>-Einkanalsystemspeicher</li>
<li>Max.      <a href="http://support.intel.com/support/motherboards/desktop/d2700mt/sb/CS-032624.htm">Systemspeicherkapazität</a>:      4 GB</li>
</ul>
<p><strong>Chipsatz</strong></p>
<p><a href="http://www.intel.de/content/www/de/de/chipsets/internet-devices-chipsets/nm10-chipset.html">Intel® NM10 Express-Chipsatz</a></p>
<p><strong>Audio</strong></p>
<p><a href="http://www.intel.de/content/www/de/de/standards/standards-high-def-audio-specs-general-technology.html">Intel® High-Definition-Audio (Intel® HD-Audio)</a> mit folgender Konfiguration:</p>
<ul>
<li>2+2      Intel® HD-Audio über Codec:
<ul>
<li>Stereo-Ausgang       (Rückseite)</li>
<li>S/PDIF-Ausgang       (intern)</li>
<li>Ins       Gehäuse integrierter Lautsprecherausgang (intern)</li>
<li>Digitaler       DMIC-Mikrofoneingang (intern)</li>
<li>Analoger       Eingang (Rückseite)</li>
<li>HD-Audio/AC’97-Anschluss       an der Vorderseite (intern)</li>
</ul>
</li>
</ul>
<p><strong>Netzwerkschnittstelle</strong></p>
<p>Integrierte Intel® 10/100/1000-Mbit/s-Netzwerkschnittstelle</p>
<p><strong>Peripherieschnittstellen</strong></p>
<ul>
<li>Zwei      <a href="http://www.intel.de/content/www/de/de/io/universal-serial-bus/universal-serial-bus.html">USB 2.0</a>-Hochstrom-/Schnelladeports      (Rückseite)</li>
<li>Zwei      USB 2.0-Ports (Rückseite)</li>
<li>Vier      USB 2.0-Anschlüsse (intern)</li>
<li>Zwei      <a href="http://www.intel.de/content/www/de/de/io/serial-ata/serial-ata-developer.html">Serial-ATA</a>-Ports      (3 Gbit/s) (einer mit mSATA-Multiplexing)</li>
<li>Zwei      serielle Portanschlüsse (einer Z-U130-Flash-Laufwerk-kompatibel)</li>
<li>Ein      paralleler Anschluss (intern)</li>
</ul>
<p><strong>Erweiterungsmöglichkeiten</strong></p>
<ul>
<li>Ein <a href="http://www.intel.de/content/www/de/de/io/pci-express/pci-express-architecture-devnet-index.html">PCI-Express*</a>-x1-Steckplatz</li>
<li>Eine      PCI Express* Minikarte (halbe Größe)</li>
<li>Eine      PCI Express* Minikarte (halbe/volle Größe anpassbar) mit      mSATA-Unterstützung</li>
</ul>
<p><strong>Video</strong></p>
<ul>
<li>VGA-      und HDMI-Ports (Rückseite)</li>
<li>eDP/LVDS-Anschluss      (bis zu 24 bpp)</li>
</ul>
<table border="1" cellspacing="0" cellpadding="0" width="489" height="440">
<tbody>
<tr>
<th colspan="2">
<h2><strong>Meine Ausstattung</strong></h2>
</th>
</tr>
<tr>
<td width="23%">WLAN</td>
<td width="76%">halblange WiFi-Mini-PCIe-Karte (Realtek-Chipsatz, lag noch in der Bastelkiste)</td>
</tr>
<tr>
<td width="23%">Massenspeicher</td>
<td width="76%">OCZ SSD Nocto mSATA-Anschluss mit 30 GB, ausreichend für Windows 7, einen Compiler und ein paar Anwendungsprogramme</td>
</tr>
<tr>
<td width="23%">RAM</td>
<td width="76%">2x 1GB 1333-DDR3-RAM (ausgebaut aus einem Mac mini der aktuellen Baureihe)</td>
</tr>
<tr>
<td width="23%">Stromversorgung</td>
<td width="76%">12V-2A-Steckerbnetzteil: macht 24 Watt Leistungsaufnahme</td>
</tr>
<tr>
<td width="23%">Lautsprecher</td>
<td width="76%">2&#215;2 16 Ohm/1 Watt (ausgebaut aus einem alten Monitor mit Klangausgabe), angeschlossen an den internen Lautsprecherport</td>
</tr>
<tr>
<td width="23%">WLAN-Antennen</td>
<td width="76%">für wenige Euro vor längerem bei ebay ersteigert. Es steht &#8222;Apple&#8220; drauf&#8230;</td>
</tr>
<tr>
<td width="23%">Line-Ine</td>
<td width="76%">für die Stereo-Eingänge am Experimentierpult, direkt mit den Mic-in-Eingängen des Front-Audio-Steckers verbunden</td>
</tr>
<tr>
<td width="23%">Grafik</td>
<td width="76%">über VGA angeschlossener 5&#8243;-Multisync-Bildschirm mit Controller, betrieben bei 1024&#215;768 oder 800&#215;600. Stromversorgung erfolgt über den 12V-SATA-Stromanschluss</td>
</tr>
<tr>
<td width="23%">Touchscreen</td>
<td width="76%">resistiver 4-Draht-Touchscreen, integriert in das Bildschirmmodul, dazu ein externer Touchscreen-Controller, der per USB angeschlossen wird</td>
</tr>
<tr>
<td width="23%">USB</td>
<td width="76%">Eigene Platine auf Basis der USB-Steuerungskarte K8055 von Vellemanns. Es wurden einige Änderungen bei den Eingängen vorgenommen (<a title="Das USB-Board" href="http://www.brennecke.org/?page_id=1696">siehe anderer Artikel</a>).</td>
</tr>
<tr>
<td width="23%"><a title="PC Lab – Der Computer in der Box" href="http://www.brennecke.org/?page_id=1654">Zurück zum Hauptartikel</a></td>
<td width="76%"></td>
</tr>
</tbody>
</table>
<div class="twoclick_social_bookmarks_post_1656 social_share_privacy clearfix 1.6.4 locale-de_DE sprite-de_DE"></div><div class="twoclick-js"><script type="text/javascript">/* <![CDATA[ */
jQuery(document).ready(function($){if($('.twoclick_social_bookmarks_post_1656')){$('.twoclick_social_bookmarks_post_1656').socialSharePrivacy({"services":{"facebook":{"status":"on","txt_info":"2 Klicks f\u00fcr mehr Datenschutz: Erst wenn Sie hier klicken, wird der Button aktiv und Sie k\u00f6nnen Ihre Empfehlung an Facebook senden. Schon beim Aktivieren werden Daten an Dritte \u00fcbertragen - siehe <em>i<\/em>.","perma_option":"off","action":"recommend","language":"de_DE"},"twitter":{"reply_to":"","tweet_text":"Hauptplatine%20des%20PC%20Lab%20%C2%BB%2053%20Cent","status":"on","txt_info":"2 Klicks f\u00fcr mehr Datenschutz: Erst wenn Sie hier klicken, wird der Button aktiv und Sie k\u00f6nnen Ihre Empfehlung an Twitter senden. Schon beim Aktivieren werden Daten an Dritte \u00fcbertragen - siehe <em>i<\/em>.","perma_option":"off","language":"de","referrer_track":""},"gplus":{"status":"on","txt_info":"2 Klicks f\u00fcr mehr Datenschutz: Erst wenn Sie hier klicken, wird der Button aktiv und Sie k\u00f6nnen Ihre Empfehlung an Google+ senden. Schon beim Aktivieren werden Daten an Dritte \u00fcbertragen - siehe <em>i<\/em>.","perma_option":"off","referrer_track":""},"flattr":{"uid":"","status":"on","the_title":"Hauptplatine%20des%20PC%20Lab","the_excerpt":"Ich%20hatte%20bereits%20ein%20wenig%20Erfahrung%20mit%20dem%20Einbau%20von%20Mini-ITX-Boards%20in%20unterschiedliche%20Geh%C3%A4use.%20Den%20Vorg%C3%A4nger%20des%20hier%20benutzten%20Boards%20hatte%20ich%20seinerzeit%20in%20ein%20iMac-G4-Geh%C3%A4use%20eingebaut.%20Das%20hier%20verwendete%20Board%20hat%20gegen%C3%BCber%20dem%20Vorg%C3%A4nger%20deutlich%20an%20Performance%20zugelegt%20-%20wobei%20es%20nach%20aber%20wie%20vor%20kein%20Renner%20ist.%20Daf%C3%BCr%20kann%20es%20l%C3%BCfterlos%20betrieben%20werden%20und%20besitzt%20viele%20Kompone%20...","txt_info":"2 Klicks f\u00fcr mehr Datenschutz: Erst wenn Sie hier klicken, wird der Button aktiv und Sie k\u00f6nnen Ihre Empfehlung an Flattr senden. Schon beim Aktivieren werden Daten an Dritte \u00fcbertragen - siehe <em>i<\/em>.","perma_option":"off"}},"txt_help":"Wenn Sie diese Felder durch einen Klick aktivieren, werden Informationen an Facebook, Twitter, Flattr, Xing, t3n, LinkedIn, Pinterest oder Google eventuell ins Ausland \u00fcbertragen und unter Umst\u00e4nden auch dort gespeichert. N\u00e4heres erfahren Sie durch einen Klick auf das <em>i<\/em>.","settings_perma":"Dauerhaft aktivieren und Daten\u00fcber-tragung zustimmen:","info_link":"http:\/\/www.heise.de\/ct\/artikel\/2-Klicks-fuer-mehr-Datenschutz-1333879.html","uri":"https:\/\/www.brennecke.org\/?page_id=1656","post_id":1656,"post_title_referrer_track":"Hauptplatine+des+PC+Lab","display_infobox":"on"});}});
/* ]]> */</script></div>

<p>Ich hatte bereits ein wenig Erfahrung mit dem Einbau von Mini-ITX-Boards in unterschiedliche Gehäuse. Den Vorgänger des hier benutzten Boards hatte ich seinerzeit in ein iMac-G4-Gehäuse eingebaut. Das hier verwendete Board hat gegenüber dem Vorgänger deutlich an Performance zugelegt &#8211; &hellip; <a href="https://www.brennecke.org/?page_id=1656">Weiterlesen <span class="meta-nav">&rarr;</span></a></p>
