{"id":1743,"date":"2012-10-04T16:15:18","date_gmt":"2012-10-04T14:15:18","guid":{"rendered":"http:\/\/www.brennecke.org\/?page_id=1743"},"modified":"2013-04-21T11:13:06","modified_gmt":"2013-04-21T09:13:06","slug":"avr-mikrocontrollerplatine","status":"publish","type":"page","link":"https:\/\/www.brennecke.org\/?page_id=1743","title":{"rendered":"AVR-Mikrocontrollerplatine"},"content":{"rendered":"<p>ich hatte mich vor einiger Zeit an einer Art <a title=\"AVRnet 6440 \u2013 Das neue Mikrocontroller MasterLab\" href=\"http:\/\/www.brennecke.org\/?page_id=1046\">&#8222;Nachbau&#8220; des alten Philips Masterlab 6400 <\/a>versucht. Das funktionierte soweit gut, aber zum schnellen Einsatz innerhalb einer Schaltung stellte sich das Teil doch als <a title=\"UKW-Radio mit RDS-Decoder\" href=\"http:\/\/www.brennecke.org\/?page_id=1587\">ein wenig sperrig<\/a> heraus. Nun sollte also eine kleine, einfache Platine entstehen, die die grundlegenden M\u00f6glichkeiten des Masterlab bietet, die aber sowohl mit den ABC- als auch auf den EE2000-Schaltpults einsetzbar sein sollte. Auf ein LCD-Panel und LEDs als wichtigste Benutzerschnittstellen sollte dabei ebenso wenig verzichtet werden wie auf die M\u00f6glichkeit, das Board von au\u00dfen ansteuern zu k\u00f6nnen.<\/p>\n<p><a href=\"http:\/\/www.brennecke.org\/wp-content\/uploads\/2012\/10\/IMG_4937.jpg\"><img loading=\"lazy\" decoding=\"async\" class=\"alignnone size-full wp-image-1744\" title=\"IMG_4937\" alt=\"\" src=\"http:\/\/www.brennecke.org\/wp-content\/uploads\/2012\/10\/IMG_4937.jpg\" width=\"1024\" height=\"768\" srcset=\"https:\/\/www.brennecke.org\/wp-content\/uploads\/2012\/10\/IMG_4937.jpg 1024w, https:\/\/www.brennecke.org\/wp-content\/uploads\/2012\/10\/IMG_4937-300x225.jpg 300w\" sizes=\"(max-width: 1024px) 100vw, 1024px\" \/><\/a><\/p>\n<p>Die Schaltung besteht nun\u00a0 aus einem AVR ATMega88, der mit 20 MHz getaktet ist. Er ist kleiner, aber schneller als der ATMega644 im Masterlab. Programme k\u00f6nnen leicht portiert werden. Er bietet weniger Ausg\u00e4nge, aber durch den Verzicht auf Ethernet, USB\/Serial und Tastatur werden auch weniger Ausg\u00e4nge ben\u00f6tigt.<\/p>\n<p>Das Board verf\u00fcgt \u00fcber acht digitale Ausg\u00e4nge und zwei digitale Eing\u00e4nge, die auch Interrupts ausl\u00f6sen k\u00f6nnen. Ein- und Ausg\u00e4nge sind 9V-tauglich und vom Mikrocontroller entkoppelt, so dass beim Basteln nichts schiefgehen kann. Die Eing\u00e4nge k\u00f6nnen auch \u00fcber zwei Taster auf der Platine ausgel\u00f6st werden, zudem sind sie, falls es nicht anders geht, auch noch einmal direkt ansteuerbar.<\/p>\n<p>Au\u00dferdem finden sich acht LEDs auf der Platine, die die Ausgangszust\u00e4nde anzeigen. Sie k\u00f6nnen gemeinsam \u00fcber einen Schalter abgeschaltet werden, wenn sie nicht ben\u00f6tigt werden. Die Hauptanzeige auf der Platine wird durch ein 2&#215;16-Zeichen-Display gebildet, das vom AVR angesteuert werden kann. Das Display zeigt alphanumerische Zeichen an. Damit lassen sich dann h\u00fcbsche Sachen umsetzen, beispielsweise ein <a title=\"Kompaktes UKW-Radio mit RDS-Decoder\" href=\"http:\/\/www.brennecke.org\/?page_id=1756\">kompakter UKW-RDS-Decoder<\/a> oder ein <a title=\"DCF77-Funkuhr\" href=\"http:\/\/www.brennecke.org\/?page_id=1732\">DCF-77-Zeitempf\u00e4nger<\/a>, dessen Ergebnisse auf dem Display dargestellt werden k\u00f6nnen. Es l\u00e4sst sich nat\u00fcrlich auch als Z\u00e4hlerbaustein, Frequenzz\u00e4hler einsetzen etc&#8230;.<\/p>\n<p>Die Programmierung erfolgt \u00fcber einen 6-poligen-Anschlussstecker (entspricht der Norm f\u00fcr AVRISP-Programmer). Das Programmieren kann im laufenden Betrieb geschehen, da der daf\u00fcr n\u00f6tige RESET-Eingang speziell f\u00fcrs Programmieren freigehalten wurde.<\/p>\n<p><a href=\"http:\/\/www.brennecke.org\/wp-content\/uploads\/2012\/11\/AVR-Mikrocontrollerplatine-Layout.png\"><img loading=\"lazy\" decoding=\"async\" class=\"alignnone size-large wp-image-2356\" alt=\"AVR-Mikrocontrollerplatine Layout\" src=\"http:\/\/www.brennecke.org\/wp-content\/uploads\/2012\/11\/AVR-Mikrocontrollerplatine-Layout-1024x643.png\" width=\"640\" height=\"401\" srcset=\"https:\/\/www.brennecke.org\/wp-content\/uploads\/2012\/11\/AVR-Mikrocontrollerplatine-Layout-1024x643.png 1024w, https:\/\/www.brennecke.org\/wp-content\/uploads\/2012\/11\/AVR-Mikrocontrollerplatine-Layout-300x188.png 300w, https:\/\/www.brennecke.org\/wp-content\/uploads\/2012\/11\/AVR-Mikrocontrollerplatine-Layout.png 1082w\" sizes=\"(max-width: 640px) 100vw, 640px\" \/><\/a><\/p>\n<p><a href=\"http:\/\/www.brennecke.org\/wp-content\/uploads\/2012\/11\/AVR-Mikrocontrollerplatine.png\"><img loading=\"lazy\" decoding=\"async\" class=\"alignnone size-large wp-image-2355\" alt=\"AVR-Mikrocontrollerplatine\" src=\"http:\/\/www.brennecke.org\/wp-content\/uploads\/2012\/11\/AVR-Mikrocontrollerplatine-1024x640.png\" width=\"640\" height=\"400\" srcset=\"https:\/\/www.brennecke.org\/wp-content\/uploads\/2012\/11\/AVR-Mikrocontrollerplatine-1024x640.png 1024w, https:\/\/www.brennecke.org\/wp-content\/uploads\/2012\/11\/AVR-Mikrocontrollerplatine-300x187.png 300w, https:\/\/www.brennecke.org\/wp-content\/uploads\/2012\/11\/AVR-Mikrocontrollerplatine.png 1085w\" sizes=\"(max-width: 640px) 100vw, 640px\" \/><\/a><\/p>\n<p>Schaltbild (folgt)<br \/>\n<a title=\"Neue Module f\u00fcr die Philips-Experimentierk\u00e4sten\" href=\"http:\/\/www.brennecke.org\/?page_id=1051\">Zur\u00fcck zur Hauptseite<\/a><\/p>\n<div class=\"twoclick_social_bookmarks_post_1743 social_share_privacy clearfix 1.6.4 locale-de_DE sprite-de_DE\"><\/div><div class=\"twoclick-js\"><script type=\"text\/javascript\">\/* <![CDATA[ *\/\njQuery(document).ready(function($){if($('.twoclick_social_bookmarks_post_1743')){$('.twoclick_social_bookmarks_post_1743').socialSharePrivacy({\"services\":{\"facebook\":{\"status\":\"on\",\"txt_info\":\"2 Klicks f\\u00fcr mehr Datenschutz: Erst wenn Sie hier klicken, wird der Button aktiv und Sie k\\u00f6nnen Ihre Empfehlung an Facebook senden. Schon beim Aktivieren werden Daten an Dritte \\u00fcbertragen - siehe <em>i<\\\/em>.\",\"perma_option\":\"off\",\"action\":\"recommend\",\"language\":\"de_DE\"},\"twitter\":{\"reply_to\":\"\",\"tweet_text\":\"AVR-Mikrocontrollerplatine%20%C2%BB%2053%20Cent\",\"status\":\"on\",\"txt_info\":\"2 Klicks f\\u00fcr mehr Datenschutz: Erst wenn Sie hier klicken, wird der Button aktiv und Sie k\\u00f6nnen Ihre Empfehlung an Twitter senden. Schon beim Aktivieren werden Daten an Dritte \\u00fcbertragen - siehe <em>i<\\\/em>.\",\"perma_option\":\"off\",\"language\":\"de\",\"referrer_track\":\"\"},\"gplus\":{\"status\":\"on\",\"txt_info\":\"2 Klicks f\\u00fcr mehr Datenschutz: Erst wenn Sie hier klicken, wird der Button aktiv und Sie k\\u00f6nnen Ihre Empfehlung an Google+ senden. Schon beim Aktivieren werden Daten an Dritte \\u00fcbertragen - siehe <em>i<\\\/em>.\",\"perma_option\":\"off\",\"referrer_track\":\"\"},\"flattr\":{\"uid\":\"\",\"status\":\"on\",\"the_title\":\"AVR-Mikrocontrollerplatine\",\"the_excerpt\":\"ich%20hatte%20mich%20vor%20einiger%20Zeit%20an%20einer%20Art%20%22Nachbau%22%20des%20alten%20Philips%20Masterlab%206400%20versucht.%20Das%20funktionierte%20soweit%20gut%2C%20aber%20zum%20schnellen%20Einsatz%20innerhalb%20einer%20Schaltung%20stellte%20sich%20das%20Teil%20doch%20als%20ein%20wenig%20sperrig%20heraus.%20Nun%20sollte%20also%20eine%20kleine%2C%20einfache%20Platine%20entstehen%2C%20die%20die%20grundlegenden%20M%C3%B6glichkeiten%20des%20Masterlab%20bietet%2C%20die%20aber%20sowohl%20mit%20den%20ABC-%20als%20auch%20auf%20d%20...\",\"txt_info\":\"2 Klicks f\\u00fcr mehr Datenschutz: Erst wenn Sie hier klicken, wird der Button aktiv und Sie k\\u00f6nnen Ihre Empfehlung an Flattr senden. Schon beim Aktivieren werden Daten an Dritte \\u00fcbertragen - siehe <em>i<\\\/em>.\",\"perma_option\":\"off\"}},\"txt_help\":\"Wenn Sie diese Felder durch einen Klick aktivieren, werden Informationen an Facebook, Twitter, Flattr, Xing, t3n, LinkedIn, Pinterest oder Google eventuell ins Ausland \\u00fcbertragen und unter Umst\\u00e4nden auch dort gespeichert. N\\u00e4heres erfahren Sie durch einen Klick auf das <em>i<\\\/em>.\",\"settings_perma\":\"Dauerhaft aktivieren und Daten\\u00fcber-tragung zustimmen:\",\"info_link\":\"http:\\\/\\\/www.heise.de\\\/ct\\\/artikel\\\/2-Klicks-fuer-mehr-Datenschutz-1333879.html\",\"uri\":\"https:\\\/\\\/www.brennecke.org\\\/?page_id=1743\",\"post_id\":1743,\"post_title_referrer_track\":\"AVR-Mikrocontrollerplatine\",\"display_infobox\":\"on\"});}});\n\/* ]]> *\/<\/script><\/div>","protected":false},"excerpt":{"rendered":"<p>ich hatte mich vor einiger Zeit an einer Art &#8222;Nachbau&#8220; des alten Philips Masterlab 6400 versucht. Das funktionierte soweit gut, aber zum schnellen Einsatz innerhalb einer Schaltung stellte sich das Teil doch als ein wenig sperrig heraus. Nun sollte also &hellip; <a href=\"https:\/\/www.brennecke.org\/?page_id=1743\">Weiterlesen <span class=\"meta-nav\">&rarr;<\/span><\/a><\/p>\n","protected":false},"author":1,"featured_media":1749,"parent":1858,"menu_order":1,"comment_status":"open","ping_status":"open","template":"","meta":{"footnotes":""},"_links":{"self":[{"href":"https:\/\/www.brennecke.org\/index.php?rest_route=\/wp\/v2\/pages\/1743"}],"collection":[{"href":"https:\/\/www.brennecke.org\/index.php?rest_route=\/wp\/v2\/pages"}],"about":[{"href":"https:\/\/www.brennecke.org\/index.php?rest_route=\/wp\/v2\/types\/page"}],"author":[{"embeddable":true,"href":"https:\/\/www.brennecke.org\/index.php?rest_route=\/wp\/v2\/users\/1"}],"replies":[{"embeddable":true,"href":"https:\/\/www.brennecke.org\/index.php?rest_route=%2Fwp%2Fv2%2Fcomments&post=1743"}],"version-history":[{"count":10,"href":"https:\/\/www.brennecke.org\/index.php?rest_route=\/wp\/v2\/pages\/1743\/revisions"}],"predecessor-version":[{"id":2368,"href":"https:\/\/www.brennecke.org\/index.php?rest_route=\/wp\/v2\/pages\/1743\/revisions\/2368"}],"up":[{"embeddable":true,"href":"https:\/\/www.brennecke.org\/index.php?rest_route=\/wp\/v2\/pages\/1858"}],"wp:featuredmedia":[{"embeddable":true,"href":"https:\/\/www.brennecke.org\/index.php?rest_route=\/wp\/v2\/media\/1749"}],"wp:attachment":[{"href":"https:\/\/www.brennecke.org\/index.php?rest_route=%2Fwp%2Fv2%2Fmedia&parent=1743"}],"curies":[{"name":"wp","href":"https:\/\/api.w.org\/{rel}","templated":true}]}}