{"id":2,"date":"2009-04-23T22:26:52","date_gmt":"2009-04-23T20:26:52","guid":{"rendered":"http:\/\/www.brennecke.org\/?page_id=2"},"modified":"2011-04-20T20:46:33","modified_gmt":"2011-04-20T18:46:33","slug":"ueber-mich","status":"publish","type":"page","link":"https:\/\/www.brennecke.org\/?page_id=2","title":{"rendered":"\u00dcber JeanLuc7"},"content":{"rendered":"<p><strong>Frank Brennecke<\/strong> gr\u00fcndete seine erste Firma bereits w\u00e4hrend seines              Elektrotechnik-Studiums an der Universit\u00e4t Karlsruhe.              In dieser Zeit sammelte er auch erste Erfahrungen in              der Schulung und Fortbildung von Studentengruppen.              Nach seinem Studium arbeitete er ab 1992 zun\u00e4chst bei              der CAS Software AG und war dort zun\u00e4chst f\u00fcr die              Entwicklung von Produktsoftware und die Abwicklung              mehrerer Gro\u00dfprojekte verantwortlich. Sp\u00e4ter              entwickelte er dort in leitender Stellung das              Personal-entwicklungssystem. In dieser Zeit war              er nebenamtlich t\u00e4tig als Dozent an der Berufsakademie              Karlsruhe.<br \/>\nAb 2000 \u00fcbernahm er die Gesch\u00e4ftsf\u00fchrung der neu         gegr\u00fcndeten MAP&amp;GUIDE GmbH, die aus einer         Zusammenf\u00fchrung von Abteilungen der CAS Software AG und der         PTV AG entstand. Seine betreuten Bereiche waren dort die         Softwareentwicklung, das Produktmanagement und die         Personalenmtwicklung. Das Unternehmen wuchs w\u00e4hrend seiner         Gesch\u00e4ftsf\u00fchrung von 25 auf 130 Mitarbeitern und war sehr         erfolgreich im Markt der professionellen Routenplanungswerkzeuge und der Consumer-Navigationssysteme         t\u00e4tig. Nach der Integration der MAP&amp;GUIDE GmbH in die         Mutterfirma PTV AG war er dort als freier Consultant t\u00e4tig         und betreut Projekte im europ\u00e4ischen Ausland.<\/p>\n<p>Seit 2008 ist er Gesch\u00e4ftsf\u00fchrer der Produkttochter beim Ortungsspezialisten         OECON GmbH und betreut dort Consulting-, Industrie- und         Forschungsprojekte. Er ist au\u00dferdem zertifizierter MBTI\u00ae Trainer und betreibt ein B\u00fcro f\u00fcr Personalmanagement         und Unternehmensf\u00fchrung.<\/p>\n<p>Frank Brennecke ist seit Jahren \u00fcberzeugter Mac-User und bekennender Star-Trek-Fan. Neben einer Vorliebe f\u00fcr Himbeer-Pfirsich-Marmelade sind Politik und Geschichte seine wichtigsten Pr\u00e4ferenzen. Unter dem Namen JeanLuc7 ist er seit Jahren in vielen technischen und politischen Foren unterwegs.<\/p>\n<p>53 Cent sind Frank Brenneckes &#8222;2 Cent und ein bisschen mehr&#8220; zum Tagesgeschehen. Die Briefe werden, teilweise in erweitertem Umfang, auch den jeweils angesprochenen zugesandt.<\/p>\n<div class=\"twoclick_social_bookmarks_post_2 social_share_privacy clearfix 1.6.4 locale-de_DE sprite-de_DE\"><\/div><div class=\"twoclick-js\"><script type=\"text\/javascript\">\/* <![CDATA[ *\/\njQuery(document).ready(function($){if($('.twoclick_social_bookmarks_post_2')){$('.twoclick_social_bookmarks_post_2').socialSharePrivacy({\"services\":{\"facebook\":{\"status\":\"on\",\"txt_info\":\"2 Klicks f\\u00fcr mehr Datenschutz: Erst wenn Sie hier klicken, wird der Button aktiv und Sie k\\u00f6nnen Ihre Empfehlung an Facebook senden. Schon beim Aktivieren werden Daten an Dritte \\u00fcbertragen - siehe <em>i<\\\/em>.\",\"perma_option\":\"off\",\"action\":\"recommend\",\"language\":\"de_DE\"},\"twitter\":{\"reply_to\":\"\",\"tweet_text\":\"%C3%9Cber%20JeanLuc7%20%C2%BB%2053%20Cent\",\"status\":\"on\",\"txt_info\":\"2 Klicks f\\u00fcr mehr Datenschutz: Erst wenn Sie hier klicken, wird der Button aktiv und Sie k\\u00f6nnen Ihre Empfehlung an Twitter senden. Schon beim Aktivieren werden Daten an Dritte \\u00fcbertragen - siehe <em>i<\\\/em>.\",\"perma_option\":\"off\",\"language\":\"de\",\"referrer_track\":\"\"},\"gplus\":{\"status\":\"on\",\"txt_info\":\"2 Klicks f\\u00fcr mehr Datenschutz: Erst wenn Sie hier klicken, wird der Button aktiv und Sie k\\u00f6nnen Ihre Empfehlung an Google+ senden. Schon beim Aktivieren werden Daten an Dritte \\u00fcbertragen - siehe <em>i<\\\/em>.\",\"perma_option\":\"off\",\"referrer_track\":\"\"},\"flattr\":{\"uid\":\"\",\"status\":\"on\",\"the_title\":\"%C3%9Cber%20JeanLuc7\",\"the_excerpt\":\"Frank%20Brennecke%20gr%C3%BCndete%20seine%20erste%20Firma%20bereits%20w%C3%A4hrend%20seines%20%20%20%20%20%20%20%20%20%20%20%20%20%20Elektrotechnik-Studiums%20an%20der%20Universit%C3%A4t%20Karlsruhe.%20%20%20%20%20%20%20%20%20%20%20%20%20%20In%20dieser%20Zeit%20sammelte%20er%20auch%20erste%20Erfahrungen%20in%20%20%20%20%20%20%20%20%20%20%20%20%20%20der%20Schulung%20und%20Fortbildung%20von%20Studentengruppen.%20%20%20%20%20%20%20%20%20%20%20%20%20%20Nach%20seinem%20Studium%20arbeitete%20er%20ab%201992%20zun%C3%A4chst%20bei%20%20%20%20%20%20%20%20%20%20%20%20%20%20der%20CAS%20Software%20AG%20und%20war%20dort%20zun%C3%A4chst%20f%C3%BCr%20die%20%20%20%20%20...\",\"txt_info\":\"2 Klicks f\\u00fcr mehr Datenschutz: Erst wenn Sie hier klicken, wird der Button aktiv und Sie k\\u00f6nnen Ihre Empfehlung an Flattr senden. Schon beim Aktivieren werden Daten an Dritte \\u00fcbertragen - siehe <em>i<\\\/em>.\",\"perma_option\":\"off\"}},\"txt_help\":\"Wenn Sie diese Felder durch einen Klick aktivieren, werden Informationen an Facebook, Twitter, Flattr, Xing, t3n, LinkedIn, Pinterest oder Google eventuell ins Ausland \\u00fcbertragen und unter Umst\\u00e4nden auch dort gespeichert. N\\u00e4heres erfahren Sie durch einen Klick auf das <em>i<\\\/em>.\",\"settings_perma\":\"Dauerhaft aktivieren und Daten\\u00fcber-tragung zustimmen:\",\"info_link\":\"http:\\\/\\\/www.heise.de\\\/ct\\\/artikel\\\/2-Klicks-fuer-mehr-Datenschutz-1333879.html\",\"uri\":\"https:\\\/\\\/www.brennecke.org\\\/?page_id=2\",\"post_id\":2,\"post_title_referrer_track\":\"%C3%9Cber+JeanLuc7\",\"display_infobox\":\"on\"});}});\n\/* ]]> *\/<\/script><\/div>","protected":false},"excerpt":{"rendered":"<p>Frank Brennecke gr\u00fcndete seine erste Firma bereits w\u00e4hrend seines Elektrotechnik-Studiums an der Universit\u00e4t Karlsruhe. In dieser Zeit sammelte er auch erste Erfahrungen in der Schulung und Fortbildung von Studentengruppen. Nach seinem Studium arbeitete er ab 1992 zun\u00e4chst bei der CAS &hellip; <a href=\"https:\/\/www.brennecke.org\/?page_id=2\">Weiterlesen <span class=\"meta-nav\">&rarr;<\/span><\/a><\/p>\n","protected":false},"author":1,"featured_media":0,"parent":0,"menu_order":0,"comment_status":"open","ping_status":"open","template":"","meta":{"footnotes":""},"_links":{"self":[{"href":"https:\/\/www.brennecke.org\/index.php?rest_route=\/wp\/v2\/pages\/2"}],"collection":[{"href":"https:\/\/www.brennecke.org\/index.php?rest_route=\/wp\/v2\/pages"}],"about":[{"href":"https:\/\/www.brennecke.org\/index.php?rest_route=\/wp\/v2\/types\/page"}],"author":[{"embeddable":true,"href":"https:\/\/www.brennecke.org\/index.php?rest_route=\/wp\/v2\/users\/1"}],"replies":[{"embeddable":true,"href":"https:\/\/www.brennecke.org\/index.php?rest_route=%2Fwp%2Fv2%2Fcomments&post=2"}],"version-history":[{"count":9,"href":"https:\/\/www.brennecke.org\/index.php?rest_route=\/wp\/v2\/pages\/2\/revisions"}],"predecessor-version":[{"id":537,"href":"https:\/\/www.brennecke.org\/index.php?rest_route=\/wp\/v2\/pages\/2\/revisions\/537"}],"wp:attachment":[{"href":"https:\/\/www.brennecke.org\/index.php?rest_route=%2Fwp%2Fv2%2Fmedia&parent=2"}],"curies":[{"name":"wp","href":"https:\/\/api.w.org\/{rel}","templated":true}]}}

Über JeanLuc7

<p><strong>Frank Brennecke</strong> gründete seine erste Firma bereits während seines              Elektrotechnik-Studiums an der Universität Karlsruhe.              In dieser Zeit sammelte er auch erste Erfahrungen in              der Schulung und Fortbildung von Studentengruppen.              Nach seinem Studium arbeitete er ab 1992 zunächst bei              der CAS Software AG und war dort zunächst für die              Entwicklung von Produktsoftware und die Abwicklung              mehrerer Großprojekte verantwortlich. Später              entwickelte er dort in leitender Stellung das              Personal-entwicklungssystem. In dieser Zeit war              er nebenamtlich tätig als Dozent an der Berufsakademie              Karlsruhe.<br />
Ab 2000 übernahm er die Geschäftsführung der neu         gegründeten MAP&amp;GUIDE GmbH, die aus einer         Zusammenführung von Abteilungen der CAS Software AG und der         PTV AG entstand. Seine betreuten Bereiche waren dort die         Softwareentwicklung, das Produktmanagement und die         Personalenmtwicklung. Das Unternehmen wuchs während seiner         Geschäftsführung von 25 auf 130 Mitarbeitern und war sehr         erfolgreich im Markt der professionellen Routenplanungswerkzeuge und der Consumer-Navigationssysteme         tätig. Nach der Integration der MAP&amp;GUIDE GmbH in die         Mutterfirma PTV AG war er dort als freier Consultant tätig         und betreut Projekte im europäischen Ausland.</p>
<p>Seit 2008 ist er Geschäftsführer der Produkttochter beim Ortungsspezialisten         OECON GmbH und betreut dort Consulting-, Industrie- und         Forschungsprojekte. Er ist außerdem zertifizierter MBTI® Trainer und betreibt ein Büro für Personalmanagement         und Unternehmensführung.</p>
<p>Frank Brennecke ist seit Jahren überzeugter Mac-User und bekennender Star-Trek-Fan. Neben einer Vorliebe für Himbeer-Pfirsich-Marmelade sind Politik und Geschichte seine wichtigsten Präferenzen. Unter dem Namen JeanLuc7 ist er seit Jahren in vielen technischen und politischen Foren unterwegs.</p>
<p>53 Cent sind Frank Brenneckes &#8222;2 Cent und ein bisschen mehr&#8220; zum Tagesgeschehen. Die Briefe werden, teilweise in erweitertem Umfang, auch den jeweils angesprochenen zugesandt.</p>
<div class="twoclick_social_bookmarks_post_2 social_share_privacy clearfix 1.6.4 locale-de_DE sprite-de_DE"></div><div class="twoclick-js"><script type="text/javascript">/* <![CDATA[ */
jQuery(document).ready(function($){if($('.twoclick_social_bookmarks_post_2')){$('.twoclick_social_bookmarks_post_2').socialSharePrivacy({"services":{"facebook":{"status":"on","txt_info":"2 Klicks f\u00fcr mehr Datenschutz: Erst wenn Sie hier klicken, wird der Button aktiv und Sie k\u00f6nnen Ihre Empfehlung an Facebook senden. Schon beim Aktivieren werden Daten an Dritte \u00fcbertragen - siehe <em>i<\/em>.","perma_option":"off","action":"recommend","language":"de_DE"},"twitter":{"reply_to":"","tweet_text":"%C3%9Cber%20JeanLuc7%20%C2%BB%2053%20Cent","status":"on","txt_info":"2 Klicks f\u00fcr mehr Datenschutz: Erst wenn Sie hier klicken, wird der Button aktiv und Sie k\u00f6nnen Ihre Empfehlung an Twitter senden. Schon beim Aktivieren werden Daten an Dritte \u00fcbertragen - siehe <em>i<\/em>.","perma_option":"off","language":"de","referrer_track":""},"gplus":{"status":"on","txt_info":"2 Klicks f\u00fcr mehr Datenschutz: Erst wenn Sie hier klicken, wird der Button aktiv und Sie k\u00f6nnen Ihre Empfehlung an Google+ senden. Schon beim Aktivieren werden Daten an Dritte \u00fcbertragen - siehe <em>i<\/em>.","perma_option":"off","referrer_track":""},"flattr":{"uid":"","status":"on","the_title":"%C3%9Cber%20JeanLuc7","the_excerpt":"Frank%20Brennecke%20gr%C3%BCndete%20seine%20erste%20Firma%20bereits%20w%C3%A4hrend%20seines%20%20%20%20%20%20%20%20%20%20%20%20%20%20Elektrotechnik-Studiums%20an%20der%20Universit%C3%A4t%20Karlsruhe.%20%20%20%20%20%20%20%20%20%20%20%20%20%20In%20dieser%20Zeit%20sammelte%20er%20auch%20erste%20Erfahrungen%20in%20%20%20%20%20%20%20%20%20%20%20%20%20%20der%20Schulung%20und%20Fortbildung%20von%20Studentengruppen.%20%20%20%20%20%20%20%20%20%20%20%20%20%20Nach%20seinem%20Studium%20arbeitete%20er%20ab%201992%20zun%C3%A4chst%20bei%20%20%20%20%20%20%20%20%20%20%20%20%20%20der%20CAS%20Software%20AG%20und%20war%20dort%20zun%C3%A4chst%20f%C3%BCr%20die%20%20%20%20%20...","txt_info":"2 Klicks f\u00fcr mehr Datenschutz: Erst wenn Sie hier klicken, wird der Button aktiv und Sie k\u00f6nnen Ihre Empfehlung an Flattr senden. Schon beim Aktivieren werden Daten an Dritte \u00fcbertragen - siehe <em>i<\/em>.","perma_option":"off"}},"txt_help":"Wenn Sie diese Felder durch einen Klick aktivieren, werden Informationen an Facebook, Twitter, Flattr, Xing, t3n, LinkedIn, Pinterest oder Google eventuell ins Ausland \u00fcbertragen und unter Umst\u00e4nden auch dort gespeichert. N\u00e4heres erfahren Sie durch einen Klick auf das <em>i<\/em>.","settings_perma":"Dauerhaft aktivieren und Daten\u00fcber-tragung zustimmen:","info_link":"http:\/\/www.heise.de\/ct\/artikel\/2-Klicks-fuer-mehr-Datenschutz-1333879.html","uri":"https:\/\/www.brennecke.org\/?page_id=2","post_id":2,"post_title_referrer_track":"%C3%9Cber+JeanLuc7","display_infobox":"on"});}});
/* ]]> */</script></div>

<p>Frank Brennecke gründete seine erste Firma bereits während seines Elektrotechnik-Studiums an der Universität Karlsruhe. In dieser Zeit sammelte er auch erste Erfahrungen in der Schulung und Fortbildung von Studentengruppen. Nach seinem Studium arbeitete er ab 1992 zunächst bei der CAS &hellip; <a href="https://www.brennecke.org/?page_id=2">Weiterlesen <span class="meta-nav">&rarr;</span></a></p>
