{"id":2017,"date":"2013-01-07T10:22:16","date_gmt":"2013-01-07T08:22:16","guid":{"rendered":"http:\/\/www.brennecke.org\/?page_id=2017"},"modified":"2013-04-19T10:30:16","modified_gmt":"2013-04-19T08:30:16","slug":"verarbeitungsstufe-fur-das-fbas-eingangssignal","status":"publish","type":"page","link":"https:\/\/www.brennecke.org\/?page_id=2017","title":{"rendered":"Verarbeitungsstufe f\u00fcr das FBAS-Eingangssignal"},"content":{"rendered":"<p>Das FBAS-Signal ist ein zusammengesetztes Signal. Es enth\u00e4lt die folgenden Komponenten:<\/p>\n<ul>\n<li>Helligkeitssignal<\/li>\n<li>Farbsignal (aufmoduliert auf einen unterdr\u00fcckten Tr\u00e4ger bei 4,43 MHz)<\/li>\n<li>horizontales Synchronsignal, bestehend aus vorderer und hinterer Schwarzschulter und den eigentlichen Synchronimpulsen<\/li>\n<li>vertikales Synchronsignal, bestehend aus vorderer und hinterer Schwarzschulter und den eigentlichen Synchronimpulsen<\/li>\n<li>Je nach Quelle zus\u00e4tzliche Daten wie 16:9-Info, Videotext, &#8230;<\/li>\n<\/ul>\n<p>Aufgrund der Mischung von Videosignal und Farbtr\u00e4ger hat das FBAS einen\u00a0 schlechten Ruf. Der Farbtr\u00e4ger muss erst aufwendig aus dem Signal extrahiert werden, und dann m\u00fcssen aus den zwei Signalen f\u00fcr Helligkeit und Farbe auch noch drei gewonnen werden, damit die Farben Rot, Gr\u00fcn und Blau korrekt angesprochen werden k\u00f6nnen. Das f\u00fchrt zu h\u00e4sslichen Farbs\u00e4umen &#8211; deshalb haben sich im analogen Bereich die besseren Signale S-Video (mit getrenntem Farbtr\u00e4ger) und RGB oder Component-Video (mit getrennter \u00dcbertragung aller drei Farben) durchgesetzt &#8211; bis die digitale \u00dcbertragung per HDMI auch diese Signale in den Ruhezustand schickte. Das FBAS (engl CVBS: Color Video Blanking Signal) gilt aber nach wie vor als Minimalstandard &#8211; jedes Ger\u00e4t mit analogem Videoausgang unterst\u00fctzt zumindest dieses Format.<\/p>\n<p>Die Hauptaufgabe der FBAS-Verarbeitungsstufe ist die Abspaltung der horizontalen und vertikalen Sync-Signale aus dem Videosignal. Im 6105 wird dazu das Videosignal dem TV-Baustein TBA920 zugef\u00fchrt, der die ben\u00f6tigten Komponenten f\u00fcr PAL-Signale bereits beinhaltet. Er kann noch weit mehr als das, aber seine weiteren F\u00e4higkeiten bleiben im\u00a0 6105 unber\u00fccksichtigt.<\/p>\n<p><a href=\"http:\/\/www.brennecke.org\/wp-content\/uploads\/2013\/03\/Schaltplan-BRE-Modul.png\"><img loading=\"lazy\" decoding=\"async\" class=\"alignnone size-large wp-image-2320\" alt=\"Schaltplan BRE-Modul\" src=\"http:\/\/www.brennecke.org\/wp-content\/uploads\/2013\/03\/Schaltplan-BRE-Modul-1024x634.png\" width=\"640\" height=\"396\" srcset=\"https:\/\/www.brennecke.org\/wp-content\/uploads\/2013\/03\/Schaltplan-BRE-Modul-1024x634.png 1024w, https:\/\/www.brennecke.org\/wp-content\/uploads\/2013\/03\/Schaltplan-BRE-Modul-300x185.png 300w, https:\/\/www.brennecke.org\/wp-content\/uploads\/2013\/03\/Schaltplan-BRE-Modul.png 1606w\" sizes=\"(max-width: 640px) 100vw, 640px\" \/><\/a><\/p>\n<p>Da hier aber einerseits eine Schaltung entstehen sollte, die beide Bildr\u00f6hreneinheiten (6105 und EE2007) gleicherma\u00dfen bedienen kann und andererseits die Schaltung im 6105 leider nicht mit normalen FBAS-Signalen klar kommt und zudem auch der TBA920 heute kein einfach zu bekommendes Standardbauteil mehr ist, wurde eine Alternative gefunden in Form des 8-Pin-ICs LM1881. Der LM1881 ist eine Art Universalschaltung f\u00fcr FBAS &#8211; man f\u00fchrt das FBAS-Signal und die Versoirgungsspannung zu und erh\u00e4lt alle ben\u00f6tigten Signale an den verbleibenden Pins des ICs. Dies sind<\/p>\n<ul>\n<li>Composite Sync Output: Synchronimpulse ohne Videosignal<\/li>\n<li>Vertical Sync Output: nur Bildsynchronimpulse<\/li>\n<li>Burst\/Back Porch Output: Austastsignal<\/li>\n<li>Odd\/Even Output: Anzeige, ob gerade das erste (odd) oder zweite (even) Halbbild ausgegeben wird<\/li>\n<\/ul>\n<p>In der hier vorgestellten Schaltung bleiben die Signalausg\u00e4nge f\u00fcr Burst und Odd\/Even unber\u00fccksichtigt; nur die Sync-Signale werden weiterverarbeitet. Im Schaltbild ist dies auf der linken oberen Seite gezeigt.<\/p>\n<p><a href=\"http:\/\/www.brennecke.org\/wp-content\/uploads\/2013\/01\/Verarbeitung-Eingangssignale.png\"><img loading=\"lazy\" decoding=\"async\" alt=\"Verarbeitung Eingangssignale\" src=\"http:\/\/www.brennecke.org\/wp-content\/uploads\/2013\/01\/Verarbeitung-Eingangssignale.png\" width=\"471\" height=\"258\" \/><\/a><\/p>\n<p>Das FBAS-Videosignal wird der Video-Endstufe unbearbeitet zugef\u00fchrt. Es enth\u00e4lt also noch alle Synchronimpulse. Die Bildqualit\u00e4t beeinflusst dies nicht.<\/p>\n<p>Die Bilder zeigen die Bildqualit\u00e4t beim Anschluss einer Videoquelle (DVD mit Testbild) und dem <a title=\"Pong\" href=\"http:\/\/www.brennecke.org\/?page_id=2058\">Pong-Modul<\/a>.<\/p>\n<p><a href=\"http:\/\/www.brennecke.org\/?attachment_id=2090\" rel=\"attachment wp-att-2090\"><img loading=\"lazy\" decoding=\"async\" class=\"alignnone size-medium wp-image-2090\" alt=\"Testbild FBAS\" src=\"http:\/\/www.brennecke.org\/wp-content\/uploads\/2013\/01\/Testbild-FBAS-300x225.jpg\" width=\"300\" height=\"225\" srcset=\"https:\/\/www.brennecke.org\/wp-content\/uploads\/2013\/01\/Testbild-FBAS-300x225.jpg 300w, https:\/\/www.brennecke.org\/wp-content\/uploads\/2013\/01\/Testbild-FBAS.jpg 1024w\" sizes=\"(max-width: 300px) 100vw, 300px\" \/><\/a>\u00a0\u00a0 <a href=\"http:\/\/www.brennecke.org\/?attachment_id=2085\" rel=\"attachment wp-att-2085\"><img loading=\"lazy\" decoding=\"async\" class=\"alignnone size-medium wp-image-2085\" alt=\"Pong\" src=\"http:\/\/www.brennecke.org\/wp-content\/uploads\/2013\/01\/Pong-300x225.jpg\" width=\"300\" height=\"225\" srcset=\"https:\/\/www.brennecke.org\/wp-content\/uploads\/2013\/01\/Pong-300x225.jpg 300w, https:\/\/www.brennecke.org\/wp-content\/uploads\/2013\/01\/Pong.jpg 1024w\" sizes=\"(max-width: 300px) 100vw, 300px\" \/><\/a><\/p>\n<p><a title=\"Neues von der Bildr\u00f6hreneinheit\" href=\"http:\/\/www.brennecke.org\/?page_id=1842\">Zur\u00fcck zur Hauptseite<\/a><\/p>\n<p>&nbsp;<\/p>\n<p>&nbsp;<\/p>\n<div class=\"twoclick_social_bookmarks_post_2017 social_share_privacy clearfix 1.6.4 locale-de_DE sprite-de_DE\"><\/div><div class=\"twoclick-js\"><script type=\"text\/javascript\">\/* <![CDATA[ *\/\njQuery(document).ready(function($){if($('.twoclick_social_bookmarks_post_2017')){$('.twoclick_social_bookmarks_post_2017').socialSharePrivacy({\"services\":{\"facebook\":{\"status\":\"on\",\"txt_info\":\"2 Klicks f\\u00fcr mehr Datenschutz: Erst wenn Sie hier klicken, wird der Button aktiv und Sie k\\u00f6nnen Ihre Empfehlung an Facebook senden. Schon beim Aktivieren werden Daten an Dritte \\u00fcbertragen - siehe <em>i<\\\/em>.\",\"perma_option\":\"off\",\"action\":\"recommend\",\"language\":\"de_DE\"},\"twitter\":{\"reply_to\":\"\",\"tweet_text\":\"Verarbeitungsstufe%20f%C3%BCr%20das%20FBAS-Eingangssignal%20%C2%BB%2053%20Cent\",\"status\":\"on\",\"txt_info\":\"2 Klicks f\\u00fcr mehr Datenschutz: Erst wenn Sie hier klicken, wird der Button aktiv und Sie k\\u00f6nnen Ihre Empfehlung an Twitter senden. Schon beim Aktivieren werden Daten an Dritte \\u00fcbertragen - siehe <em>i<\\\/em>.\",\"perma_option\":\"off\",\"language\":\"de\",\"referrer_track\":\"\"},\"gplus\":{\"status\":\"on\",\"txt_info\":\"2 Klicks f\\u00fcr mehr Datenschutz: Erst wenn Sie hier klicken, wird der Button aktiv und Sie k\\u00f6nnen Ihre Empfehlung an Google+ senden. Schon beim Aktivieren werden Daten an Dritte \\u00fcbertragen - siehe <em>i<\\\/em>.\",\"perma_option\":\"off\",\"referrer_track\":\"\"},\"flattr\":{\"uid\":\"\",\"status\":\"on\",\"the_title\":\"Verarbeitungsstufe%20f%C3%BCr%20das%20FBAS-Eingangssignal\",\"the_excerpt\":\"Das%20FBAS-Signal%20ist%20ein%20zusammengesetztes%20Signal.%20Es%20enth%C3%A4lt%20die%20folgenden%20Komponenten%3A%0D%0A%0D%0A%09Helligkeitssignal%0D%0A%09Farbsignal%20%28aufmoduliert%20auf%20einen%20unterdr%C3%BCckten%20Tr%C3%A4ger%20bei%204%2C43%20MHz%29%0D%0A%09horizontales%20Synchronsignal%2C%20bestehend%20aus%20vorderer%20und%20hinterer%20Schwarzschulter%20und%20den%20eigentlichen%20Synchronimpulsen%0D%0A%09vertikales%20Synchronsignal%2C%20bestehend%20aus%20vorderer%20und%20hinterer%20Schwarzschulter%20und%20den%20eige%20...\",\"txt_info\":\"2 Klicks f\\u00fcr mehr Datenschutz: Erst wenn Sie hier klicken, wird der Button aktiv und Sie k\\u00f6nnen Ihre Empfehlung an Flattr senden. Schon beim Aktivieren werden Daten an Dritte \\u00fcbertragen - siehe <em>i<\\\/em>.\",\"perma_option\":\"off\"}},\"txt_help\":\"Wenn Sie diese Felder durch einen Klick aktivieren, werden Informationen an Facebook, Twitter, Flattr, Xing, t3n, LinkedIn, Pinterest oder Google eventuell ins Ausland \\u00fcbertragen und unter Umst\\u00e4nden auch dort gespeichert. N\\u00e4heres erfahren Sie durch einen Klick auf das <em>i<\\\/em>.\",\"settings_perma\":\"Dauerhaft aktivieren und Daten\\u00fcber-tragung zustimmen:\",\"info_link\":\"http:\\\/\\\/www.heise.de\\\/ct\\\/artikel\\\/2-Klicks-fuer-mehr-Datenschutz-1333879.html\",\"uri\":\"https:\\\/\\\/www.brennecke.org\\\/?page_id=2017\",\"post_id\":2017,\"post_title_referrer_track\":\"Verarbeitungsstufe+f%C3%BCr+das+FBAS-Eingangssignal\",\"display_infobox\":\"on\"});}});\n\/* ]]> *\/<\/script><\/div>","protected":false},"excerpt":{"rendered":"<p>Das FBAS-Signal ist ein zusammengesetztes Signal. Es enth\u00e4lt die folgenden Komponenten: Helligkeitssignal Farbsignal (aufmoduliert auf einen unterdr\u00fcckten Tr\u00e4ger bei 4,43 MHz) horizontales Synchronsignal, bestehend aus vorderer und hinterer Schwarzschulter und den eigentlichen Synchronimpulsen vertikales Synchronsignal, bestehend aus vorderer und hinterer &hellip; <a href=\"https:\/\/www.brennecke.org\/?page_id=2017\">Weiterlesen <span class=\"meta-nav\">&rarr;<\/span><\/a><\/p>\n","protected":false},"author":1,"featured_media":2011,"parent":1842,"menu_order":3,"comment_status":"open","ping_status":"open","template":"","meta":{"footnotes":""},"_links":{"self":[{"href":"https:\/\/www.brennecke.org\/index.php?rest_route=\/wp\/v2\/pages\/2017"}],"collection":[{"href":"https:\/\/www.brennecke.org\/index.php?rest_route=\/wp\/v2\/pages"}],"about":[{"href":"https:\/\/www.brennecke.org\/index.php?rest_route=\/wp\/v2\/types\/page"}],"author":[{"embeddable":true,"href":"https:\/\/www.brennecke.org\/index.php?rest_route=\/wp\/v2\/users\/1"}],"replies":[{"embeddable":true,"href":"https:\/\/www.brennecke.org\/index.php?rest_route=%2Fwp%2Fv2%2Fcomments&post=2017"}],"version-history":[{"count":7,"href":"https:\/\/www.brennecke.org\/index.php?rest_route=\/wp\/v2\/pages\/2017\/revisions"}],"predecessor-version":[{"id":2323,"href":"https:\/\/www.brennecke.org\/index.php?rest_route=\/wp\/v2\/pages\/2017\/revisions\/2323"}],"up":[{"embeddable":true,"href":"https:\/\/www.brennecke.org\/index.php?rest_route=\/wp\/v2\/pages\/1842"}],"wp:featuredmedia":[{"embeddable":true,"href":"https:\/\/www.brennecke.org\/index.php?rest_route=\/wp\/v2\/media\/2011"}],"wp:attachment":[{"href":"https:\/\/www.brennecke.org\/index.php?rest_route=%2Fwp%2Fv2%2Fmedia&parent=2017"}],"curies":[{"name":"wp","href":"https:\/\/api.w.org\/{rel}","templated":true}]}}