{"id":2882,"date":"2014-03-17T11:26:22","date_gmt":"2014-03-17T09:26:22","guid":{"rendered":"http:\/\/www.brennecke.org\/?page_id=2882"},"modified":"2014-03-31T11:38:24","modified_gmt":"2014-03-31T09:38:24","slug":"finaler-prototyp","status":"publish","type":"page","link":"https:\/\/www.brennecke.org\/?page_id=2882","title":{"rendered":"Finaler Prototyp"},"content":{"rendered":"<p><a class=\"alignnone size-medium wp-image-2887\" title=\"Universelle Bildr\u00f6hreneinheit\" href=\"http:\/\/www.brennecke.org\/?page_id=2795\">Zur\u00fcck zur Hauptseite<\/a><\/p>\n<p><a title=\"Dritte Bauphase\" href=\"http:\/\/www.brennecke.org\/?page_id=2849\">Zur\u00fcck zur dritten Bauphase<\/a><\/p>\n<p>Der finale Prototyp weist nun die folgenden Eigenschaften auf:<\/p>\n<ul>\n<li>Die Endverst\u00e4rker f\u00fcr x- und y-Ablenkung wurden an die hohe Empfindlichkeit von unter 10V\/cm der R\u00f6hre angepasst:\u00a0 Hier wurden gegen\u00fcber dem Original von Thiem\/Ittner insbesondere die Kollektorstr\u00f6me erh\u00f6ht und die Ablenkung damit etwas unempfindlicher. Sie kann auf diese Weise aber h\u00f6here Frequenzen verarbeiten. Eine HF-Optimierung wurde nicht durchgef\u00fchrt, weil die Ablenkfrequenzen nicht in derart hohe Bereiche kommen und die R\u00f6hre mit ihrer Eigenkapazit\u00e4t sowieso nicht schnell genug folgen kann. Auslenkungen bis SVGA (37,6 kHz Zeilenfrequenz) sind gerade noch m\u00f6glich. Diese Anpassung ist allerdings r\u00f6hrenspezifisch.<\/li>\n<li>Wesentlich verbesserte Helligkeitsregelung: In der Original-Ittner-Schaltung findet sich hierzu eine einzige Stufe mit einem HF-Leistungstransistor, der einen erheblichen Spannungshub zur Aussteuerung ben\u00f6tigt. Die Stufe wurde HF-optimiert; au\u00dferdem wurde eine zweite Vorverst\u00e4rkerstufe mit einem Kleinsignaltransistor (BC548) eingebaut, die ebenfalls HF-optimiert ist. Der Videoeingang tastet bei GND-Signal dunkel und verarbeitet nur Wechselspannung; man kann das Bild also nicht einfach dauerhaft per Gleichspannung dunkel tasten, wie das bei der EE2007-R\u00f6hre an ihrem Pin 8 geht. Mit den genannten Optimierungen sind Frequenzen \u00fcber 4MHz darstellbar &#8211; damit geht der Videoeingang weit \u00fcber die 2MHz-Grenzfrequenz des EE2007-Originals hinaus. Das ist auch notwendig, wenn man mit gr\u00f6\u00dferen R\u00f6hren noch ein angenehm scharfes Bild erzielen m\u00f6chte. Der Kontrast ist \u00fcber einen Regler einstellbar.<\/li>\n<li>Verbesserte Bildstabilit\u00e4t durch Nutzung von stabilisierenden Z-Dioden. Damit ist die Bildhelligkeit nun in weiten Stufen ver\u00e4nderbar, ohne die Bildlinearit\u00e4t zu beeinflussen.<\/li>\n<li>Gleichspannungsaussteuerung &#8211; die Ablenkverst\u00e4rker k\u00f6nnen dauerhaft auf Positionen abweichend des Nullpunkts gefahren werden. Die Original-BRE l\u00e4sst aufgrund ihres Konstruktionsprinzips nur Wechselspannungsansteuerung zu &#8211; dort kehrt der Leuchtpunkt bei Auslenkung mit einer Gleichspannung sofort wieder zum Nullpunkt zur\u00fcck.<\/li>\n<\/ul>\n<p>Mit diesen Verbesserungen wurde nun eine einseitige Platine der Gr\u00f6\u00dfe 10x15cm entworfen, die weite Massefelder vorsieht und nur wenige Drahtbr\u00fccken ben\u00f6tigt. Bei einer professionellen Version werden diese Br\u00fccken als Durchkontaktierungen einer zweiseitigen Platine ausgef\u00fchrt. Hier wird auch ein noch gr\u00f6\u00dferes Massefeld vorgesehen, was zu einer weiter verbesserten HF-Festigkeit f\u00fchren sollte.<\/p>\n<p>Wie sieht das ganze nun aus? Lassen wir Bilder sprechen, ehe es zur Schaltungsbeschreibung geht. Die Bilder sind nachbearbeitet &#8211; ich habe ihnen die Farbe entzogen. In Wirklichkeit schimmern alle Bilder in einem blau-grau, wie man es im Titelbild oben erkennen kann.<\/p>\n<p><a href=\"http:\/\/www.brennecke.org\/wp-content\/uploads\/2014\/03\/IMG_59981.jpg\"><img loading=\"lazy\" decoding=\"async\" class=\"alignnone size-full wp-image-2893\" alt=\"IMG_5998\" src=\"http:\/\/www.brennecke.org\/wp-content\/uploads\/2014\/03\/IMG_59981.jpg\" width=\"1024\" height=\"839\" srcset=\"https:\/\/www.brennecke.org\/wp-content\/uploads\/2014\/03\/IMG_59981.jpg 1024w, https:\/\/www.brennecke.org\/wp-content\/uploads\/2014\/03\/IMG_59981-300x245.jpg 300w\" sizes=\"(max-width: 1024px) 100vw, 1024px\" \/><\/a><\/p>\n<p>Im Testbild sieht man in der Mitte ein Streifenmuster, das in f\u00fcnf Feldern die Frequenzen 1MHz, 2MHz, 3MHz, 4MHz und 5 MHz enth\u00e4lt. Bis 4MHz ist alles gut getrennt erkennbar, erst bei 5MHz wird es matschig. Es gibt noch ein paar Geisterbilder, die aber verschmerzbar sind. Am rechten Rand kann man in der Mitte beim \u00dcbergang von wei\u00df zu schwarz noch eine Verzerrung erkennen &#8211; da bricht offenbar die negative Spannung immer noch ein bisschen ein.<\/p>\n<p>Die Helligkeitsunterschiede zwischen links und rechts sind eine Folge meines strahlungsverseuchten und mit Metall durchsetzten Arbeitszimmers. Die Unterschiede verschwinden, sobald die R\u00f6hre frei steht.<\/p>\n<p>Soweit zum Pr\u00fcfmuster-Testbild. Aber wie schaut es in der Realit\u00e4t aus? Dazu zwei Standbilder aus &#8222;Raumpatrouille&#8220; im Schwarz-Wei\u00df und einer Spiegel-DVD \u00fcber Willy Brandt in Farbe, beides \u00fcber einen DVD-Player zugef\u00fchrt. Das Videosignal wird dabei direkt dem Composite-Video-Kabel entnommen und dem Eingang des Videoverst\u00e4rkers zugef\u00fchrt.<\/p>\n<p><a href=\"http:\/\/www.brennecke.org\/wp-content\/uploads\/2014\/03\/IMG_60011.jpg\"><img loading=\"lazy\" decoding=\"async\" class=\"alignnone size-full wp-image-2895\" alt=\"IMG_6001\" src=\"http:\/\/www.brennecke.org\/wp-content\/uploads\/2014\/03\/IMG_60011.jpg\" width=\"1024\" height=\"817\" srcset=\"https:\/\/www.brennecke.org\/wp-content\/uploads\/2014\/03\/IMG_60011.jpg 1024w, https:\/\/www.brennecke.org\/wp-content\/uploads\/2014\/03\/IMG_60011-300x239.jpg 300w\" sizes=\"(max-width: 1024px) 100vw, 1024px\" \/><\/a><\/p>\n<p><a href=\"http:\/\/www.brennecke.org\/wp-content\/uploads\/2014\/03\/IMG_59991.jpg\"><img loading=\"lazy\" decoding=\"async\" class=\"alignnone size-full wp-image-2894\" alt=\"IMG_5999\" src=\"http:\/\/www.brennecke.org\/wp-content\/uploads\/2014\/03\/IMG_59991.jpg\" width=\"1024\" height=\"780\" srcset=\"https:\/\/www.brennecke.org\/wp-content\/uploads\/2014\/03\/IMG_59991.jpg 1024w, https:\/\/www.brennecke.org\/wp-content\/uploads\/2014\/03\/IMG_59991-300x228.jpg 300w\" sizes=\"(max-width: 1024px) 100vw, 1024px\" \/><\/a><\/p>\n<p>Man erkennt Details auf den Gesichtern, kann Schriften lesen, und die Bauten im Hintergrund von Herrn Sch\u00f6nherr und Frau Pflug sind auch gut erkennbar. Wenn nur die R\u00f6hre noch etwas heller w\u00e4re! Und weniger nachleuchtend!<\/p>\n<p>Damit w\u00e4ren wir bei den Nachteilen, die aber beide nicht von der Schaltung, sondern von der benutzten R\u00f6hre herr\u00fchren:<\/p>\n<ul>\n<li>Die Helligkeit im Vollbildmodus ist nicht \u00fcberragend. Im Halbdunkel l\u00e4sst sich gut fernsehen, und man erinnert sich dann, wie es in den 60ern und 70ern war, wenn der damalige Fernseher von der Sonne beschienen wurde. Im hellen Raum mit Sonnen-Tageslicht sieht man praktisch nichts &#8211; auch mit 3kV Nachbeschleunigungsspannung, und mehr wollte ich hier nicht verantworten. Die R\u00f6hre ist nun einmal f\u00fcr Oszilloskop-Zwecke gedacht &#8211; und dort ist sie auch hell genug.<\/li>\n<li>Die Nachtleuchtdauer ist bei bewegten Bildern irritierend. Es entsteht an den Stellen mit Bewegung ein gelblicher Nikotin-Schleier auf dem bl\u00e4ulichen Bild, der verschwindet, sobald das Bild wieder ruht. Lutz beschreibt die R\u00f6hre so: &#8222;Ganz besonders nicht [geeignet] f\u00fcr modernere Filme, die mit extrem schnellen Schnitten und heftigen Schwenks etc. keinen kontemplativen Moment der Ruhe erm\u00f6glichen&#8230; &#8222;. Dem ist nichts hinzuzuf\u00fcgen. Mit anderen (gr\u00fcnen) R\u00f6hren wird das allerdings besser aussehen.<\/li>\n<\/ul>\n<p>Zum Schluss dieses Kapitels noch ein Blick auf den Gesamtaufbau.<\/p>\n<p><a href=\"http:\/\/www.brennecke.org\/wp-content\/uploads\/2014\/03\/IMG_6003.jpg\"><img loading=\"lazy\" decoding=\"async\" class=\"alignnone size-full wp-image-2891\" alt=\"IMG_6003\" src=\"http:\/\/www.brennecke.org\/wp-content\/uploads\/2014\/03\/IMG_6003.jpg\" width=\"1024\" height=\"768\" srcset=\"https:\/\/www.brennecke.org\/wp-content\/uploads\/2014\/03\/IMG_6003.jpg 1024w, https:\/\/www.brennecke.org\/wp-content\/uploads\/2014\/03\/IMG_6003-300x225.jpg 300w\" sizes=\"(max-width: 1024px) 100vw, 1024px\" \/><\/a><\/p>\n<p>Rechts im Bild ist die Bildr\u00f6hrenplatine mit der Hochspannungsversorgung (Mitte links), dem Schaltungsnetzteil (links unten), dem Videoverst\u00e4rker (rechts unten), den Ablenkverst\u00e4rkern (oben) und den Ablenkungsvorverst\u00e4rkern (rechts im oberen Teil).<\/p>\n<p>Links finden sich die Platinen f\u00fcr die PAL-VGA-Zeilenraster-Erzeugung (oben) und die ScopeClock mit dem Umschalter f\u00fcr mehrere Eingangssignale (unten). Unterhalb der Platinen schimmern zwei gr\u00fcne Platten durch &#8211; das sind die Hochspannungskaskaden, an deren Ende dann 3kV f\u00fcr die Nachbeschleunigung zur Verf\u00fcgung stehen. Rechts im Bild schimmert blau die R\u00fcckseite des Bildschirms, die man von oben einsehen kann.<\/p>\n<p><a title=\"Zweiter finaler Prototyp\" href=\"http:\/\/www.brennecke.org\/?page_id=2945\">Weiter zum zweiten finalen Prototyp<\/a><\/p>\n<p>&nbsp;<\/p>\n<div class=\"twoclick_social_bookmarks_post_2882 social_share_privacy clearfix 1.6.4 locale-de_DE sprite-de_DE\"><\/div><div class=\"twoclick-js\"><script type=\"text\/javascript\">\/* <![CDATA[ *\/\njQuery(document).ready(function($){if($('.twoclick_social_bookmarks_post_2882')){$('.twoclick_social_bookmarks_post_2882').socialSharePrivacy({\"services\":{\"facebook\":{\"status\":\"on\",\"txt_info\":\"2 Klicks f\\u00fcr mehr Datenschutz: Erst wenn Sie hier klicken, wird der Button aktiv und Sie k\\u00f6nnen Ihre Empfehlung an Facebook senden. Schon beim Aktivieren werden Daten an Dritte \\u00fcbertragen - siehe <em>i<\\\/em>.\",\"perma_option\":\"off\",\"action\":\"recommend\",\"language\":\"de_DE\"},\"twitter\":{\"reply_to\":\"\",\"tweet_text\":\"Finaler%20Prototyp%20%C2%BB%2053%20Cent\",\"status\":\"on\",\"txt_info\":\"2 Klicks f\\u00fcr mehr Datenschutz: Erst wenn Sie hier klicken, wird der Button aktiv und Sie k\\u00f6nnen Ihre Empfehlung an Twitter senden. Schon beim Aktivieren werden Daten an Dritte \\u00fcbertragen - siehe <em>i<\\\/em>.\",\"perma_option\":\"off\",\"language\":\"de\",\"referrer_track\":\"\"},\"gplus\":{\"status\":\"on\",\"txt_info\":\"2 Klicks f\\u00fcr mehr Datenschutz: Erst wenn Sie hier klicken, wird der Button aktiv und Sie k\\u00f6nnen Ihre Empfehlung an Google+ senden. Schon beim Aktivieren werden Daten an Dritte \\u00fcbertragen - siehe <em>i<\\\/em>.\",\"perma_option\":\"off\",\"referrer_track\":\"\"},\"flattr\":{\"uid\":\"\",\"status\":\"on\",\"the_title\":\"Finaler%20Prototyp\",\"the_excerpt\":\"Zur%C3%BCck%20zur%20Hauptseite%0D%0A%0D%0AZur%C3%BCck%20zur%20dritten%20Bauphase%0D%0A%0D%0ADer%20finale%20Prototyp%20weist%20nun%20die%20folgenden%20Eigenschaften%20auf%3A%0D%0A%0D%0A%09Die%20Endverst%C3%A4rker%20f%C3%BCr%20x-%20und%20y-Ablenkung%20wurden%20an%20die%20hohe%20Empfindlichkeit%20von%20unter%2010V%2Fcm%20der%20R%C3%B6hre%20angepasst%3A%C2%A0%20Hier%20wurden%20gegen%C3%BCber%20dem%20Original%20von%20Thiem%2FIttner%20insbesondere%20die%20Kollektorstr%C3%B6me%20erh%C3%B6ht%20und%20die%20Ablenkung%20damit%20etwas%20unempfindlicher.%20Sie%20kann%20auf%20diese%20%20...\",\"txt_info\":\"2 Klicks f\\u00fcr mehr Datenschutz: Erst wenn Sie hier klicken, wird der Button aktiv und Sie k\\u00f6nnen Ihre Empfehlung an Flattr senden. Schon beim Aktivieren werden Daten an Dritte \\u00fcbertragen - siehe <em>i<\\\/em>.\",\"perma_option\":\"off\"}},\"txt_help\":\"Wenn Sie diese Felder durch einen Klick aktivieren, werden Informationen an Facebook, Twitter, Flattr, Xing, t3n, LinkedIn, Pinterest oder Google eventuell ins Ausland \\u00fcbertragen und unter Umst\\u00e4nden auch dort gespeichert. N\\u00e4heres erfahren Sie durch einen Klick auf das <em>i<\\\/em>.\",\"settings_perma\":\"Dauerhaft aktivieren und Daten\\u00fcber-tragung zustimmen:\",\"info_link\":\"http:\\\/\\\/www.heise.de\\\/ct\\\/artikel\\\/2-Klicks-fuer-mehr-Datenschutz-1333879.html\",\"uri\":\"https:\\\/\\\/www.brennecke.org\\\/?page_id=2882\",\"post_id\":2882,\"post_title_referrer_track\":\"Finaler+Prototyp\",\"display_infobox\":\"on\"});}});\n\/* ]]> *\/<\/script><\/div>","protected":false},"excerpt":{"rendered":"<p>Zur\u00fcck zur Hauptseite Zur\u00fcck zur dritten Bauphase Der finale Prototyp weist nun die folgenden Eigenschaften auf: Die Endverst\u00e4rker f\u00fcr x- und y-Ablenkung wurden an die hohe Empfindlichkeit von unter 10V\/cm der R\u00f6hre angepasst:\u00a0 Hier wurden gegen\u00fcber dem Original von Thiem\/Ittner &hellip; <a href=\"https:\/\/www.brennecke.org\/?page_id=2882\">Weiterlesen <span class=\"meta-nav\">&rarr;<\/span><\/a><\/p>\n","protected":false},"author":1,"featured_media":2887,"parent":2795,"menu_order":4,"comment_status":"open","ping_status":"open","template":"","meta":{"footnotes":""},"_links":{"self":[{"href":"https:\/\/www.brennecke.org\/index.php?rest_route=\/wp\/v2\/pages\/2882"}],"collection":[{"href":"https:\/\/www.brennecke.org\/index.php?rest_route=\/wp\/v2\/pages"}],"about":[{"href":"https:\/\/www.brennecke.org\/index.php?rest_route=\/wp\/v2\/types\/page"}],"author":[{"embeddable":true,"href":"https:\/\/www.brennecke.org\/index.php?rest_route=\/wp\/v2\/users\/1"}],"replies":[{"embeddable":true,"href":"https:\/\/www.brennecke.org\/index.php?rest_route=%2Fwp%2Fv2%2Fcomments&post=2882"}],"version-history":[{"count":13,"href":"https:\/\/www.brennecke.org\/index.php?rest_route=\/wp\/v2\/pages\/2882\/revisions"}],"predecessor-version":[{"id":3965,"href":"https:\/\/www.brennecke.org\/index.php?rest_route=\/wp\/v2\/pages\/2882\/revisions\/3965"}],"up":[{"embeddable":true,"href":"https:\/\/www.brennecke.org\/index.php?rest_route=\/wp\/v2\/pages\/2795"}],"wp:featuredmedia":[{"embeddable":true,"href":"https:\/\/www.brennecke.org\/index.php?rest_route=\/wp\/v2\/media\/2887"}],"wp:attachment":[{"href":"https:\/\/www.brennecke.org\/index.php?rest_route=%2Fwp%2Fv2%2Fmedia&parent=2882"}],"curies":[{"name":"wp","href":"https:\/\/api.w.org\/{rel}","templated":true}]}}