{"id":2920,"date":"2014-03-18T11:20:33","date_gmt":"2014-03-18T09:20:33","guid":{"rendered":"http:\/\/www.brennecke.org\/?page_id=2920"},"modified":"2014-04-01T10:48:46","modified_gmt":"2014-04-01T08:48:46","slug":"scopeclock-eingangswahl-zusatzmodul","status":"publish","type":"page","link":"https:\/\/www.brennecke.org\/?page_id=2920","title":{"rendered":"ScopeClock-Eingangswahl-Zusatzmodul"},"content":{"rendered":"<p><a title=\"Universelle Bildr\u00f6hreneinheit\" href=\"http:\/\/www.brennecke.org\/?page_id=2795\">Zur\u00fcck zur Hauptseite<\/a><\/p>\n<p><a title=\"PAL-Modul\" href=\"http:\/\/www.brennecke.org\/?page_id=2969\">Zur\u00fcck zur Schaltungsbeschreibung des PAL-Zusatzmoduls<\/a><\/p>\n<p>Das Bildr\u00f6hrenmodul kann eine Menge unterschiedlicher Aufgaben leisten, und aus seiner Herkunft lag auch noch ein ScopeClock-Baustein betriebsfertig herum. Daher wuchs einerseits schnell der Wunsch nach mehreren schaltbaren Eing\u00e4ngen, und zum anderen sollte die ScopeClock intern verbaut werden, um auch ohne angeschlossene Signalquelle zumindest ein Bild anzeigen zu k\u00f6nnen.<\/p>\n<h2>ScopeClock<\/h2>\n<p>Die ScopeClock entspricht exakt dem Original, wie es von <a href=\"http:\/\/www.thiem-work.de\/\">thiem-work<\/a> und den <a href=\"http:\/\/askjanfirst.com\/dindex.htm?\/r5.htm\">W\u00fcstens<\/a> vertrieben wird. ScopeClocks steuern den Elektronenstrahl nicht per Raster, sondern per Vektor. Au\u00dferdem ist die Helligkeit eine Funktion der Aufenthaltsdauer des Elektronenstrahls, weswegen ScopeClocks auch ohne Videosignal bereits ein Bild liefern k\u00f6nnen. Leider ben\u00f6tigt diese ScopeClock ein 50-Hz-Synchronsignal, damit sie arbeitet &#8211; ansonsten wird kein Bild erzeugt. Das Bildr\u00f6hrenmodul stellt ein solches Signal an einem der Spannungsversorgungsstecker zur Verf\u00fcgung.<\/p>\n<p><a href=\"http:\/\/www.brennecke.org\/wp-content\/uploads\/2014\/03\/IMG_6002.jpg\"><img loading=\"lazy\" decoding=\"async\" class=\"alignnone size-full wp-image-2890\" alt=\"IMG_6002\" src=\"http:\/\/www.brennecke.org\/wp-content\/uploads\/2014\/03\/IMG_6002.jpg\" width=\"1024\" height=\"768\" srcset=\"https:\/\/www.brennecke.org\/wp-content\/uploads\/2014\/03\/IMG_6002.jpg 1024w, https:\/\/www.brennecke.org\/wp-content\/uploads\/2014\/03\/IMG_6002-300x225.jpg 300w\" sizes=\"(max-width: 1024px) 100vw, 1024px\" \/><\/a><\/p>\n<p>Die Austastung beseitigt dann noch ein paar Unsch\u00f6nheiten im Signal &#8211; beispielsweise einen hellen Fleck rechts unten, der auf runden R\u00f6hren gar nicht sichtbar ist. Damit sieht das Bild insgesamt sogar besser aus als mit der Original-Bildr\u00f6hrenschaltung von Thiem, die eine recht komplexe Schaltung f\u00fcr die Strahlunterdr\u00fcckung nutzt, sich aber nicht f\u00fcr Helligkeitssteuerungen eignet (siehe <a title=\"Erste Bauphase\" href=\"http:\/\/www.brennecke.org\/?page_id=2846\">Bauphase 1<\/a>). Wer vergleichen m\u00f6chte: <a href=\"http:\/\/askjanfirst.com\/rb\/D10-191GM.jpg\">Hier<\/a> ist der Link zu einem Bild, das die Originalschaltung mit derselben R\u00f6hre nutzt. Man sieht dort kleine, unsch\u00f6ne H\u00e4kchen an den Zeigerstrichen, die bei der hier vorgestellten Variante v\u00f6llig fehlen.<\/p>\n<h2>Eingangswahl<\/h2>\n<p>Neben der ScopeClock sollten drei weitere Eing\u00e4nge verf\u00fcgbar sein:<\/p>\n<ul>\n<li>Composite-Video-Eingang: einfaches Anstecken eines gelben Kabels sollte dann ein PAL-Bild auf den Schirm zaubern. Diese Aufgabe leistet das PAL-VGA-Zusatzmodul &#8211; dessen Signale m\u00fcssen dann aber auf die Eing\u00e4nge des Bildr\u00f6hrenmoduls geschaltet werden.<\/li>\n<li>VGA\/SVGA-Eingang: F\u00fcr diese Signalart wurde eine 15-polige-VGA-Buchse integriert. Diese Aufgabe leistet das PAL-VGA-Zusatzmodul &#8211; dessen Signale m\u00fcssen dann aber auf die Eing\u00e4nge des Bildr\u00f6hrenmoduls geschaltet werden.<\/li>\n<li>Externer Signaleingang: Hier stehen die Eing\u00e4nge f\u00fcr die Ablenkgeneratoren, der Videoeingang und der Austasteingang externen Schaltungen zur Verf\u00fcgung wie bei der Original-Bildr\u00f6hreneinheit.<\/li>\n<\/ul>\n<p>Vier wahlweise schaltbare Eing\u00e4nge mit je vier Kan\u00e4len kann man notfalls mit mechanischen Umschaltern verwalten. In R\u00f6hrenradios funktionierte diese Technik viele Jahre, aber bei Frequenzen von mehreren Megahertz im Videobereich wirken sich Kontaktschwierigkeiten gleich unangenehm aus. Daher zog ich es vor, einen digitalen Umschalter zu benutzten, und dieser steht in Form eines CD4052 zur Verf\u00fcgung. Dieser Chip integriert zwei 4-fach-Schalter, deren Durchg\u00e4nge bei Verbindung einen Widerstandswert von knapp 300 Ohm aufweisen, bei Trennung aber mehrere Megaohm, so dass kein \u00dcbersprechen bef\u00fcrchtet werden muss. Diese Schalter kommen auch im Schuco-Ozilloskop-Lab 6105 zum Einsatz.<\/p>\n<p>Die 300 Ohm stellen kein Problem dar, da die Eing\u00e4nge der Endverst\u00e4rker auf dem Bildr\u00f6hrenmodul wesentlich hochohmiger sind. Die Schalter sollen laut Datenblatt eine Grenzfrequenz von 60 MHz haben &#8211; also weit mehr, als unsere Video-Endstufe verarbeitet.<\/p>\n<p>Die vier digitalen Schalter werden nun von einem analogen Drehschalter bedient, der aber nur noch Masse-Pegel schalten muss und keine Signalpegel. Die ScopeClock ist bereits auf der Platine mit einem der Eingangsschalter verbunden, alle weiteren Eing\u00e4nge werden \u00fcber Pfostensteckerleisten (f\u00fcr das PAL-VGA-Zusatzmodul) oder einfache Steckverbinder (f\u00fcr die externen Signale) verbunden.<\/p>\n<p>Das Modul besitzt au\u00dferdem folgende Anschl\u00fcsse:<\/p>\n<ul>\n<li>Spannungsversorgung mit \u00b112V und +5V, wobei ein Pin die Wechselspannung f\u00fcr das Synchronsignal der Scopeclock liefern muss.<\/li>\n<li>Pfostenstecker f\u00fcr den Wahlschalter f\u00fcr die verschiedenen Eing\u00e4nge. Wie beim PAL-VGA-Zusatzmodul f\u00fchrt der Stecker au\u00dferdem die 5V-Spannungsversorgung &#8211; das Modul nimmt nur dann den Betrieb auf, wenn die \u00e4u\u00dferen beiden Pin miteinander verbunden sind. Diese Trennung erm\u00f6glicht es, das Modul mikrocontrollerseitig abzuschalten, wenn es nicht ben\u00f6tigt wird. Damit sinkt der Strombedarf, und gleichzeitig wird verhindert, dass ScopeClock-Impulse irgendwo unerw\u00fcnscht einstreuen, denn im abgeschalteten Zustand werden erst gar keine erzeugt.<\/li>\n<li>Eingang f\u00fcr ein DCF77-Modul mitsamt einer Transistor-Verst\u00e4rkerstufe. Diese Stufe wird bei 3,3V-DCF77-Modulen ben\u00f6tigt. Bei 5V-Modulen kann sie komplett entfallen und wird durch drei Drahtbr\u00fccken ersetzt.<\/li>\n<\/ul>\n<p>Der Wahlschalter stellt dann in Stellung &#8222;0&#8220; (beide Inputs auf Masse) die externen Eing\u00e4nge ein, bei &#8222;1&#8220; und &#8222;2&#8220; (jeweils ein Input auf Masse) wird PAL und VGA gew\u00e4hlt, und bei &#8222;3&#8220; (beide Inputs offen) wird die ScopeClock aktiviert. Mit den Reglern auf der Platine k\u00f6nnen H\u00f6he und Breite der ScopeClock so angepasst werden, dass beim Umschalten kein Nachkorrigieren der Bildh\u00f6he und -breite erforderlich ist.<\/p>\n<p><a title=\"Mechanischer Aufbau\" href=\"http:\/\/www.brennecke.org\/?page_id=2929\">Mechanischer Aufbau<\/a><\/p>\n<p>&nbsp;<\/p>\n<p>&nbsp;<\/p>\n<div class=\"twoclick_social_bookmarks_post_2920 social_share_privacy clearfix 1.6.4 locale-de_DE sprite-de_DE\"><\/div><div class=\"twoclick-js\"><script type=\"text\/javascript\">\/* <![CDATA[ *\/\njQuery(document).ready(function($){if($('.twoclick_social_bookmarks_post_2920')){$('.twoclick_social_bookmarks_post_2920').socialSharePrivacy({\"services\":{\"facebook\":{\"status\":\"on\",\"txt_info\":\"2 Klicks f\\u00fcr mehr Datenschutz: Erst wenn Sie hier klicken, wird der Button aktiv und Sie k\\u00f6nnen Ihre Empfehlung an Facebook senden. Schon beim Aktivieren werden Daten an Dritte \\u00fcbertragen - siehe <em>i<\\\/em>.\",\"perma_option\":\"off\",\"action\":\"recommend\",\"language\":\"de_DE\"},\"twitter\":{\"reply_to\":\"\",\"tweet_text\":\"ScopeClock-Eingangswahl-Zusatzmodul%20%C2%BB%2053%20Cent\",\"status\":\"on\",\"txt_info\":\"2 Klicks f\\u00fcr mehr Datenschutz: Erst wenn Sie hier klicken, wird der Button aktiv und Sie k\\u00f6nnen Ihre Empfehlung an Twitter senden. Schon beim Aktivieren werden Daten an Dritte \\u00fcbertragen - siehe <em>i<\\\/em>.\",\"perma_option\":\"off\",\"language\":\"de\",\"referrer_track\":\"\"},\"gplus\":{\"status\":\"on\",\"txt_info\":\"2 Klicks f\\u00fcr mehr Datenschutz: Erst wenn Sie hier klicken, wird der Button aktiv und Sie k\\u00f6nnen Ihre Empfehlung an Google+ senden. Schon beim Aktivieren werden Daten an Dritte \\u00fcbertragen - siehe <em>i<\\\/em>.\",\"perma_option\":\"off\",\"referrer_track\":\"\"},\"flattr\":{\"uid\":\"\",\"status\":\"on\",\"the_title\":\"ScopeClock-Eingangswahl-Zusatzmodul\",\"the_excerpt\":\"Zur%C3%BCck%20zur%20Hauptseite%0D%0A%0D%0AZur%C3%BCck%20zur%20Schaltungsbeschreibung%20des%20PAL-Zusatzmoduls%0D%0A%0D%0ADas%20Bildr%C3%B6hrenmodul%20kann%20eine%20Menge%20unterschiedlicher%20Aufgaben%20leisten%2C%20und%20aus%20seiner%20Herkunft%20lag%20auch%20noch%20ein%20ScopeClock-Baustein%20betriebsfertig%20herum.%20Daher%20wuchs%20einerseits%20schnell%20der%20Wunsch%20nach%20mehreren%20schaltbaren%20Eing%C3%A4ngen%2C%20und%20zum%20anderen%20sollte%20die%20ScopeClock%20intern%20verbaut%20werden%2C%20um%20auch%20ohne%20ange%20...\",\"txt_info\":\"2 Klicks f\\u00fcr mehr Datenschutz: Erst wenn Sie hier klicken, wird der Button aktiv und Sie k\\u00f6nnen Ihre Empfehlung an Flattr senden. Schon beim Aktivieren werden Daten an Dritte \\u00fcbertragen - siehe <em>i<\\\/em>.\",\"perma_option\":\"off\"}},\"txt_help\":\"Wenn Sie diese Felder durch einen Klick aktivieren, werden Informationen an Facebook, Twitter, Flattr, Xing, t3n, LinkedIn, Pinterest oder Google eventuell ins Ausland \\u00fcbertragen und unter Umst\\u00e4nden auch dort gespeichert. N\\u00e4heres erfahren Sie durch einen Klick auf das <em>i<\\\/em>.\",\"settings_perma\":\"Dauerhaft aktivieren und Daten\\u00fcber-tragung zustimmen:\",\"info_link\":\"http:\\\/\\\/www.heise.de\\\/ct\\\/artikel\\\/2-Klicks-fuer-mehr-Datenschutz-1333879.html\",\"uri\":\"https:\\\/\\\/www.brennecke.org\\\/?page_id=2920\",\"post_id\":2920,\"post_title_referrer_track\":\"ScopeClock-Eingangswahl-Zusatzmodul\",\"display_infobox\":\"on\"});}});\n\/* ]]> *\/<\/script><\/div>","protected":false},"excerpt":{"rendered":"<p>Zur\u00fcck zur Hauptseite Zur\u00fcck zur Schaltungsbeschreibung des PAL-Zusatzmoduls Das Bildr\u00f6hrenmodul kann eine Menge unterschiedlicher Aufgaben leisten, und aus seiner Herkunft lag auch noch ein ScopeClock-Baustein betriebsfertig herum. Daher wuchs einerseits schnell der Wunsch nach mehreren schaltbaren Eing\u00e4ngen, und zum anderen &hellip; <a href=\"https:\/\/www.brennecke.org\/?page_id=2920\">Weiterlesen <span class=\"meta-nav\">&rarr;<\/span><\/a><\/p>\n","protected":false},"author":1,"featured_media":2831,"parent":2795,"menu_order":8,"comment_status":"open","ping_status":"open","template":"","meta":{"footnotes":""},"_links":{"self":[{"href":"https:\/\/www.brennecke.org\/index.php?rest_route=\/wp\/v2\/pages\/2920"}],"collection":[{"href":"https:\/\/www.brennecke.org\/index.php?rest_route=\/wp\/v2\/pages"}],"about":[{"href":"https:\/\/www.brennecke.org\/index.php?rest_route=\/wp\/v2\/types\/page"}],"author":[{"embeddable":true,"href":"https:\/\/www.brennecke.org\/index.php?rest_route=\/wp\/v2\/users\/1"}],"replies":[{"embeddable":true,"href":"https:\/\/www.brennecke.org\/index.php?rest_route=%2Fwp%2Fv2%2Fcomments&post=2920"}],"version-history":[{"count":6,"href":"https:\/\/www.brennecke.org\/index.php?rest_route=\/wp\/v2\/pages\/2920\/revisions"}],"predecessor-version":[{"id":2977,"href":"https:\/\/www.brennecke.org\/index.php?rest_route=\/wp\/v2\/pages\/2920\/revisions\/2977"}],"up":[{"embeddable":true,"href":"https:\/\/www.brennecke.org\/index.php?rest_route=\/wp\/v2\/pages\/2795"}],"wp:featuredmedia":[{"embeddable":true,"href":"https:\/\/www.brennecke.org\/index.php?rest_route=\/wp\/v2\/media\/2831"}],"wp:attachment":[{"href":"https:\/\/www.brennecke.org\/index.php?rest_route=%2Fwp%2Fv2%2Fmedia&parent=2920"}],"curies":[{"name":"wp","href":"https:\/\/api.w.org\/{rel}","templated":true}]}}