{"id":3018,"date":"2014-04-05T11:07:10","date_gmt":"2014-04-05T09:07:10","guid":{"rendered":"http:\/\/www.brennecke.org\/?page_id=3018"},"modified":"2014-04-05T11:18:33","modified_gmt":"2014-04-05T09:18:33","slug":"dimensionierung-fuer-die-d10191","status":"publish","type":"page","link":"https:\/\/www.brennecke.org\/?page_id=3018","title":{"rendered":"Dimensionierung f\u00fcr die D10\/191"},"content":{"rendered":"<p><a title=\"Abgleich und Nachbauhinweise\" href=\"http:\/\/www.brennecke.org\/?page_id=3013\">Zur\u00fcck zum Abgleich und den Nachbauhinweisen<\/a><\/p>\n<p>Daten der D10\/191:<\/p>\n<ul>\n<li>Mittleres Ablenkplattenpotenzial: 500V<\/li>\n<li>Anodenspannung: 500V<\/li>\n<li>Wehneltspannung: -45..-90V<\/li>\n<li>Fokussierspannung: 0..40V<\/li>\n<li>Nachbeschleunigung: 3000V<\/li>\n<\/ul>\n<p>Diese R\u00f6hre besitzt eine hohe Empfindlichkeit, daher m\u00fcssen die Ablenkverst\u00e4rker angepasst werden.<\/p>\n<p><a href=\"http:\/\/www.brennecke.org\/wp-content\/uploads\/2014\/04\/Endversta\u0308rker_modifiziert.png\"><img loading=\"lazy\" decoding=\"async\" class=\"alignnone size-full wp-image-3020\" alt=\"Endversta\u0308rker_modifiziert\" src=\"http:\/\/www.brennecke.org\/wp-content\/uploads\/2014\/04\/Endversta\u0308rker_modifiziert.png\" width=\"834\" height=\"877\" srcset=\"https:\/\/www.brennecke.org\/wp-content\/uploads\/2014\/04\/Endversta\u0308rker_modifiziert.png 834w, https:\/\/www.brennecke.org\/wp-content\/uploads\/2014\/04\/Endversta\u0308rker_modifiziert-285x300.png 285w\" sizes=\"(max-width: 834px) 100vw, 834px\" \/><\/a><\/p>\n<p>Die Werte f\u00fcr den Spannungsteiler sind wie folgt:<\/p>\n<p><a href=\"http:\/\/www.brennecke.org\/wp-content\/uploads\/2014\/04\/BRE-Spannungsteiler-allgemein.png\"><img loading=\"lazy\" decoding=\"async\" class=\"alignnone size-full wp-image-3015\" alt=\"BRE-Spannungsteiler allgemein\" src=\"http:\/\/www.brennecke.org\/wp-content\/uploads\/2014\/04\/BRE-Spannungsteiler-allgemein.png\" width=\"1367\" height=\"460\" srcset=\"https:\/\/www.brennecke.org\/wp-content\/uploads\/2014\/04\/BRE-Spannungsteiler-allgemein.png 1367w, https:\/\/www.brennecke.org\/wp-content\/uploads\/2014\/04\/BRE-Spannungsteiler-allgemein-300x100.png 300w, https:\/\/www.brennecke.org\/wp-content\/uploads\/2014\/04\/BRE-Spannungsteiler-allgemein-1024x344.png 1024w\" sizes=\"(max-width: 1367px) 100vw, 1367px\" \/><\/a><\/p>\n<table>\n<tbody>\n<tr>\n<th>Bauteil<\/th>\n<th>Gr\u00f6\u00dfe<\/th>\n<th>Bauteil<\/th>\n<th>Gr\u00f6\u00dfe<\/th>\n<\/tr>\n<tr>\n<td>R35<\/td>\n<td>100 kOhm<\/td>\n<td>P1<\/td>\n<td>100 kOhm<\/td>\n<\/tr>\n<tr>\n<td>R36<\/td>\n<td>1 MOhm<\/td>\n<td>P2<\/td>\n<td>100 kOhm<\/td>\n<\/tr>\n<tr>\n<td>R32<\/td>\n<td>1 kOhm<\/td>\n<td>P3<\/td>\n<td>250 kOhm<\/td>\n<\/tr>\n<tr>\n<td>R33<\/td>\n<td>1 MOhm<\/td>\n<td>D8<\/td>\n<td>BY500<\/td>\n<\/tr>\n<tr>\n<td>R34<\/td>\n<td>100 kOhm<\/td>\n<td>D11<\/td>\n<td>ZPD91<\/td>\n<\/tr>\n<tr>\n<td>R43<\/td>\n<td>220 kOhm<\/td>\n<td>D21<\/td>\n<td>ZPD130<\/td>\n<\/tr>\n<tr>\n<td>R57<\/td>\n<td>1 MOhm<\/td>\n<td><\/td>\n<td><\/td>\n<\/tr>\n<tr>\n<td>R58<\/td>\n<td>220 kOhm<\/td>\n<td><\/td>\n<td><\/td>\n<\/tr>\n<\/tbody>\n<\/table>\n<div class=\"twoclick_social_bookmarks_post_3018 social_share_privacy clearfix 1.6.4 locale-de_DE sprite-de_DE\"><\/div><div class=\"twoclick-js\"><script type=\"text\/javascript\">\/* <![CDATA[ *\/\njQuery(document).ready(function($){if($('.twoclick_social_bookmarks_post_3018')){$('.twoclick_social_bookmarks_post_3018').socialSharePrivacy({\"services\":{\"facebook\":{\"status\":\"on\",\"txt_info\":\"2 Klicks f\\u00fcr mehr Datenschutz: Erst wenn Sie hier klicken, wird der Button aktiv und Sie k\\u00f6nnen Ihre Empfehlung an Facebook senden. Schon beim Aktivieren werden Daten an Dritte \\u00fcbertragen - siehe <em>i<\\\/em>.\",\"perma_option\":\"off\",\"action\":\"recommend\",\"language\":\"de_DE\"},\"twitter\":{\"reply_to\":\"\",\"tweet_text\":\"Dimensionierung%20f%C3%BCr%20die%20D10%2F191%20%C2%BB%2053%20Cent\",\"status\":\"on\",\"txt_info\":\"2 Klicks f\\u00fcr mehr Datenschutz: Erst wenn Sie hier klicken, wird der Button aktiv und Sie k\\u00f6nnen Ihre Empfehlung an Twitter senden. Schon beim Aktivieren werden Daten an Dritte \\u00fcbertragen - siehe <em>i<\\\/em>.\",\"perma_option\":\"off\",\"language\":\"de\",\"referrer_track\":\"\"},\"gplus\":{\"status\":\"on\",\"txt_info\":\"2 Klicks f\\u00fcr mehr Datenschutz: Erst wenn Sie hier klicken, wird der Button aktiv und Sie k\\u00f6nnen Ihre Empfehlung an Google+ senden. Schon beim Aktivieren werden Daten an Dritte \\u00fcbertragen - siehe <em>i<\\\/em>.\",\"perma_option\":\"off\",\"referrer_track\":\"\"},\"flattr\":{\"uid\":\"\",\"status\":\"on\",\"the_title\":\"Dimensionierung%20f%C3%BCr%20die%20D10%2F191\",\"the_excerpt\":\"Zur%C3%BCck%20zum%20Abgleich%20und%20den%20Nachbauhinweisen%0D%0A%0D%0ADaten%20der%20D10%2F191%3A%0D%0A%0D%0A%09Mittleres%20Ablenkplattenpotenzial%3A%20500V%0D%0A%09Anodenspannung%3A%20500V%0D%0A%09Wehneltspannung%3A%20-45..-90V%0D%0A%09Fokussierspannung%3A%200..40V%0D%0A%09Nachbeschleunigung%3A%203000V%0D%0A%0D%0ADiese%20R%C3%B6hre%20besitzt%20eine%20hohe%20Empfindlichkeit%2C%20daher%20m%C3%BCssen%20die%20Ablenkverst%C3%A4rker%20angepasst%20werden.%0D%0A%0D%0A%0D%0A%0D%0ADie%20Werte%20f%C3%BCr%20den%20Spannungsteiler%20sind%20wie%20folgt%3A%0D%0A%0D%0A%0D%0A%0D%0A%0D%0A%0D%0ABauteil%0D%20...\",\"txt_info\":\"2 Klicks f\\u00fcr mehr Datenschutz: Erst wenn Sie hier klicken, wird der Button aktiv und Sie k\\u00f6nnen Ihre Empfehlung an Flattr senden. Schon beim Aktivieren werden Daten an Dritte \\u00fcbertragen - siehe <em>i<\\\/em>.\",\"perma_option\":\"off\"}},\"txt_help\":\"Wenn Sie diese Felder durch einen Klick aktivieren, werden Informationen an Facebook, Twitter, Flattr, Xing, t3n, LinkedIn, Pinterest oder Google eventuell ins Ausland \\u00fcbertragen und unter Umst\\u00e4nden auch dort gespeichert. N\\u00e4heres erfahren Sie durch einen Klick auf das <em>i<\\\/em>.\",\"settings_perma\":\"Dauerhaft aktivieren und Daten\\u00fcber-tragung zustimmen:\",\"info_link\":\"http:\\\/\\\/www.heise.de\\\/ct\\\/artikel\\\/2-Klicks-fuer-mehr-Datenschutz-1333879.html\",\"uri\":\"https:\\\/\\\/www.brennecke.org\\\/?page_id=3018\",\"post_id\":3018,\"post_title_referrer_track\":\"Dimensionierung+f%C3%BCr+die+D10%2F191\",\"display_infobox\":\"on\"});}});\n\/* ]]> *\/<\/script><\/div>","protected":false},"excerpt":{"rendered":"<p>Zur\u00fcck zum Abgleich und den Nachbauhinweisen Daten der D10\/191: Mittleres Ablenkplattenpotenzial: 500V Anodenspannung: 500V Wehneltspannung: -45..-90V Fokussierspannung: 0..40V Nachbeschleunigung: 3000V Diese R\u00f6hre besitzt eine hohe Empfindlichkeit, daher m\u00fcssen die Ablenkverst\u00e4rker angepasst werden. Die Werte f\u00fcr den Spannungsteiler sind wie folgt: &hellip; <a href=\"https:\/\/www.brennecke.org\/?page_id=3018\">Weiterlesen <span class=\"meta-nav\">&rarr;<\/span><\/a><\/p>\n","protected":false},"author":1,"featured_media":2838,"parent":3013,"menu_order":2,"comment_status":"open","ping_status":"open","template":"","meta":{"footnotes":""},"_links":{"self":[{"href":"https:\/\/www.brennecke.org\/index.php?rest_route=\/wp\/v2\/pages\/3018"}],"collection":[{"href":"https:\/\/www.brennecke.org\/index.php?rest_route=\/wp\/v2\/pages"}],"about":[{"href":"https:\/\/www.brennecke.org\/index.php?rest_route=\/wp\/v2\/types\/page"}],"author":[{"embeddable":true,"href":"https:\/\/www.brennecke.org\/index.php?rest_route=\/wp\/v2\/users\/1"}],"replies":[{"embeddable":true,"href":"https:\/\/www.brennecke.org\/index.php?rest_route=%2Fwp%2Fv2%2Fcomments&post=3018"}],"version-history":[{"count":1,"href":"https:\/\/www.brennecke.org\/index.php?rest_route=\/wp\/v2\/pages\/3018\/revisions"}],"predecessor-version":[{"id":3021,"href":"https:\/\/www.brennecke.org\/index.php?rest_route=\/wp\/v2\/pages\/3018\/revisions\/3021"}],"up":[{"embeddable":true,"href":"https:\/\/www.brennecke.org\/index.php?rest_route=\/wp\/v2\/pages\/3013"}],"wp:featuredmedia":[{"embeddable":true,"href":"https:\/\/www.brennecke.org\/index.php?rest_route=\/wp\/v2\/media\/2838"}],"wp:attachment":[{"href":"https:\/\/www.brennecke.org\/index.php?rest_route=%2Fwp%2Fv2%2Fmedia&parent=3018"}],"curies":[{"name":"wp","href":"https:\/\/api.w.org\/{rel}","templated":true}]}}