{"id":648,"date":"2011-06-13T11:46:01","date_gmt":"2011-06-13T09:46:01","guid":{"rendered":"http:\/\/www.brennecke.org\/?page_id=648"},"modified":"2011-06-27T12:52:21","modified_gmt":"2011-06-27T10:52:21","slug":"installation-der-software","status":"publish","type":"page","link":"https:\/\/www.brennecke.org\/?page_id=648","title":{"rendered":"Installation der Software"},"content":{"rendered":"<p><a title=\"Der Selbstbau-iMac\" href=\"..\/?page_id=553\">Zur\u00fcck zur Hauptseite<\/a><\/p>\n<p>Diesen Teil des Aufbaus werde ich nur kurz behandeln. Es stehen drei Betriebssysteme zur Auswahl:<\/p>\n<ul>\n<li>Windows 7 &#8211; alle Treiber liegen bereits auf der dem Board beigef\u00fcgten CD.<\/li>\n<li>Ubuntu &#8211; alles im Netz verf\u00fcgbar<\/li>\n<li>Mac OS X<\/li>\n<\/ul>\n<p>Letzeres l\u00e4uft auf Atom-CPUs nur mit einigen Anpassungen und ist zudem etwas zickig. F\u00fcr die Installation sogenannter Hackintoshs gibt es im Netz gen\u00fcgend Anleitungen, ich habe eine davon verwendet. Man ben\u00f6tigt neben einem angepassten Kernel einige weitere Kernelerweiterungen (etwa das, was unter Windows die Ger\u00e4tetreiber sind) f\u00fcr Netzwerk, Stromsparmodus, Standby (Sleep) und Display.<\/p>\n<p>Das Intel-Board besitzt eine interne Grafik vom Typ GMA950. Diese ist schon in die Jahre gekommen und liefert nur im Office-2D-Bereich ausreichende Leistung &#8211; aber mehr hatte ich auch nicht im Sinn. Allerdings unterst\u00fctzt der Mac-OS-Treiber die spezielle Version der Grafik, die sich auf dem Board befindet (Product ID 0x27ae), nicht von Hause aus. Es kostete mich einige Stunden und mehrere Neuinstallation, bis ich begriff, dass ich auf diese Weise niemals zum Erfolg kommen w\u00fcrde.<\/p>\n<p>Es ist unbedingt erforderlich, das Betriebssystem zun\u00e4chst auf mindestens die Version 10.6.2 zu aktualisieren, denn Apple hat ab dieser Version neue Treiber f\u00fcr die GMA950 spendiert. Im Internet findet man dann f\u00fcr dieses und jedes weitere Betriebssystemupdate passende, angepasste Treiber, die auch mit der Stromsparversion der GMA950 umgehen k\u00f6nnen. Ohne diese ist die Grafik kreuzlahm und zudem auf 1024&#215;768 Pixel festgelegt.<\/p>\n<p>Ich entschied mich f\u00fcr 10.6.3, weil ich mit dieser Version bereits ein sehr \u00e4hnliches System installiert hatte, das Standby-f\u00e4hig war und die Grafik korrekt ansteuerte. Ohnehin ist man mit den Atom-CPUs vom normalen Apple-Updatepfad abgeschnitten, weil immer auch ein spezieller Kernel installiert werden muss. Gleiches gilt f\u00fcr die Standby-Funktion.<\/p>\n<p>Das System erkannte manchmal beim Starten und Aufwachen den VGA-Ausgang nicht, aber das Display sollte sp\u00e4ter ja auch gar nicht an der VGA-Buchse angeschlossen werden. Ansonsten funktionierten Sound, Grafik, Netzwerk (LAN und WLAN) und USB so wie erwartet und geplant.<\/p>\n<p>Der Standby-Betrieb war ebenfalls einsatzbereit. Daf\u00fcr ist das Zusammenwirken vieler Komponenten erforderlich &#8211; meistens bekommt man Standby erst nach einer Weile des Herumexperimentierens hin. Hardware- und Softwareupdates verbieten sich danach meistens, ebenso \u00c4nderungen im BIOS des Rechners.<\/p>\n<p>\u00dcberraschend bei der ganzen Sache ist die vollst\u00e4ndige Lautlosigkeit des Systems. W\u00fcrde nicht eine Power-LED zu leuchten beginnen, w\u00fcrde man \u00fcberhaupt nicht merken, dass hier ein Computer seine Arbeit aufgenommen hat.<\/p>\n<p>Das Board selbst bot eine zus\u00e4tzliche M\u00f6glichkeit, den Computer noch ein wenig zu tunen. Mittels des Intel Integrator Toolkit konnte man das Startlogo des BIOS festlegen. Statt des klassischen Intel-Logos nahm ich nun ein wei\u00dfes Bitmap, das in der Mitte einen iMac G4 17&#8243; zeigt. Dazu war es erforderlich, Windows 7 PE auf einem USB-Stick zu installieren und von dort die Installation zu starten.<\/p>\n<p>Der Bootvorgang, bei dem das Apple-Logo mit einem rotierenden Kreis zu sehen ist, lie\u00df sich durch die Installation eines &#8222;Themes&#8220; ebenfalls weitgehend dem Original angleichen.<\/p>\n<p><a title=\"Display \u2013 Meine ersten Erfahrungen mit LVDS\" href=\"http:\/\/www.brennecke.org\/?page_id=562\">Weiter geht&#8217;s mit den Arbeiten am Display<\/a><\/p>\n<div class=\"twoclick_social_bookmarks_post_648 social_share_privacy clearfix 1.6.4 locale-de_DE sprite-de_DE\"><\/div><div class=\"twoclick-js\"><script type=\"text\/javascript\">\/* <![CDATA[ *\/\njQuery(document).ready(function($){if($('.twoclick_social_bookmarks_post_648')){$('.twoclick_social_bookmarks_post_648').socialSharePrivacy({\"services\":{\"facebook\":{\"status\":\"on\",\"txt_info\":\"2 Klicks f\\u00fcr mehr Datenschutz: Erst wenn Sie hier klicken, wird der Button aktiv und Sie k\\u00f6nnen Ihre Empfehlung an Facebook senden. Schon beim Aktivieren werden Daten an Dritte \\u00fcbertragen - siehe <em>i<\\\/em>.\",\"perma_option\":\"off\",\"action\":\"recommend\",\"language\":\"de_DE\"},\"twitter\":{\"reply_to\":\"\",\"tweet_text\":\"Installation%20der%20Software%20%C2%BB%2053%20Cent\",\"status\":\"on\",\"txt_info\":\"2 Klicks f\\u00fcr mehr Datenschutz: Erst wenn Sie hier klicken, wird der Button aktiv und Sie k\\u00f6nnen Ihre Empfehlung an Twitter senden. Schon beim Aktivieren werden Daten an Dritte \\u00fcbertragen - siehe <em>i<\\\/em>.\",\"perma_option\":\"off\",\"language\":\"de\",\"referrer_track\":\"\"},\"gplus\":{\"status\":\"on\",\"txt_info\":\"2 Klicks f\\u00fcr mehr Datenschutz: Erst wenn Sie hier klicken, wird der Button aktiv und Sie k\\u00f6nnen Ihre Empfehlung an Google+ senden. Schon beim Aktivieren werden Daten an Dritte \\u00fcbertragen - siehe <em>i<\\\/em>.\",\"perma_option\":\"off\",\"referrer_track\":\"\"},\"flattr\":{\"uid\":\"\",\"status\":\"on\",\"the_title\":\"Installation%20der%20Software\",\"the_excerpt\":\"Zur%C3%BCck%20zur%20Hauptseite%0D%0A%0D%0ADiesen%20Teil%20des%20Aufbaus%20werde%20ich%20nur%20kurz%20behandeln.%20Es%20stehen%20drei%20Betriebssysteme%20zur%20Auswahl%3A%0D%0A%0D%0A%09Windows%207%20-%20alle%20Treiber%20liegen%20bereits%20auf%20der%20dem%20Board%20beigef%C3%BCgten%20CD.%0D%0A%09Ubuntu%20-%20alles%20im%20Netz%20verf%C3%BCgbar%0D%0A%09Mac%20OS%20X%0D%0A%0D%0ALetzeres%20l%C3%A4uft%20auf%20Atom-CPUs%20nur%20mit%20einigen%20Anpassungen%20und%20ist%20zudem%20etwas%20zickig.%20F%C3%BCr%20die%20Installation%20sogenannter%20Hackintoshs%20gibt%20es%20im%20Netz%20%20...\",\"txt_info\":\"2 Klicks f\\u00fcr mehr Datenschutz: Erst wenn Sie hier klicken, wird der Button aktiv und Sie k\\u00f6nnen Ihre Empfehlung an Flattr senden. Schon beim Aktivieren werden Daten an Dritte \\u00fcbertragen - siehe <em>i<\\\/em>.\",\"perma_option\":\"off\"}},\"txt_help\":\"Wenn Sie diese Felder durch einen Klick aktivieren, werden Informationen an Facebook, Twitter, Flattr, Xing, t3n, LinkedIn, Pinterest oder Google eventuell ins Ausland \\u00fcbertragen und unter Umst\\u00e4nden auch dort gespeichert. N\\u00e4heres erfahren Sie durch einen Klick auf das <em>i<\\\/em>.\",\"settings_perma\":\"Dauerhaft aktivieren und Daten\\u00fcber-tragung zustimmen:\",\"info_link\":\"http:\\\/\\\/www.heise.de\\\/ct\\\/artikel\\\/2-Klicks-fuer-mehr-Datenschutz-1333879.html\",\"uri\":\"https:\\\/\\\/www.brennecke.org\\\/?page_id=648\",\"post_id\":648,\"post_title_referrer_track\":\"Installation+der+Software\",\"display_infobox\":\"on\"});}});\n\/* ]]> *\/<\/script><\/div>","protected":false},"excerpt":{"rendered":"<p>Zur\u00fcck zur Hauptseite Diesen Teil des Aufbaus werde ich nur kurz behandeln. Es stehen drei Betriebssysteme zur Auswahl: Windows 7 &#8211; alle Treiber liegen bereits auf der dem Board beigef\u00fcgten CD. Ubuntu &#8211; alles im Netz verf\u00fcgbar Mac OS X &hellip; <a href=\"https:\/\/www.brennecke.org\/?page_id=648\">Weiterlesen <span class=\"meta-nav\">&rarr;<\/span><\/a><\/p>\n","protected":false},"author":1,"featured_media":703,"parent":553,"menu_order":4,"comment_status":"open","ping_status":"open","template":"","meta":{"footnotes":""},"_links":{"self":[{"href":"https:\/\/www.brennecke.org\/index.php?rest_route=\/wp\/v2\/pages\/648"}],"collection":[{"href":"https:\/\/www.brennecke.org\/index.php?rest_route=\/wp\/v2\/pages"}],"about":[{"href":"https:\/\/www.brennecke.org\/index.php?rest_route=\/wp\/v2\/types\/page"}],"author":[{"embeddable":true,"href":"https:\/\/www.brennecke.org\/index.php?rest_route=\/wp\/v2\/users\/1"}],"replies":[{"embeddable":true,"href":"https:\/\/www.brennecke.org\/index.php?rest_route=%2Fwp%2Fv2%2Fcomments&post=648"}],"version-history":[{"count":9,"href":"https:\/\/www.brennecke.org\/index.php?rest_route=\/wp\/v2\/pages\/648\/revisions"}],"predecessor-version":[{"id":661,"href":"https:\/\/www.brennecke.org\/index.php?rest_route=\/wp\/v2\/pages\/648\/revisions\/661"}],"up":[{"embeddable":true,"href":"https:\/\/www.brennecke.org\/index.php?rest_route=\/wp\/v2\/pages\/553"}],"wp:featuredmedia":[{"embeddable":true,"href":"https:\/\/www.brennecke.org\/index.php?rest_route=\/wp\/v2\/media\/703"}],"wp:attachment":[{"href":"https:\/\/www.brennecke.org\/index.php?rest_route=%2Fwp%2Fv2%2Fmedia&parent=648"}],"curies":[{"name":"wp","href":"https:\/\/api.w.org\/{rel}","templated":true}]}}

<p><a title="Der Selbstbau-iMac" href="../?page_id=553">Zurück zur Hauptseite</a></p>
<p>Diesen Teil des Aufbaus werde ich nur kurz behandeln. Es stehen drei Betriebssysteme zur Auswahl:</p>
<ul>
<li>Windows 7 &#8211; alle Treiber liegen bereits auf der dem Board beigefügten CD.</li>
<li>Ubuntu &#8211; alles im Netz verfügbar</li>
<li>Mac OS X</li>
</ul>
<p>Letzeres läuft auf Atom-CPUs nur mit einigen Anpassungen und ist zudem etwas zickig. Für die Installation sogenannter Hackintoshs gibt es im Netz genügend Anleitungen, ich habe eine davon verwendet. Man benötigt neben einem angepassten Kernel einige weitere Kernelerweiterungen (etwa das, was unter Windows die Gerätetreiber sind) für Netzwerk, Stromsparmodus, Standby (Sleep) und Display.</p>
<p>Das Intel-Board besitzt eine interne Grafik vom Typ GMA950. Diese ist schon in die Jahre gekommen und liefert nur im Office-2D-Bereich ausreichende Leistung &#8211; aber mehr hatte ich auch nicht im Sinn. Allerdings unterstützt der Mac-OS-Treiber die spezielle Version der Grafik, die sich auf dem Board befindet (Product ID 0x27ae), nicht von Hause aus. Es kostete mich einige Stunden und mehrere Neuinstallation, bis ich begriff, dass ich auf diese Weise niemals zum Erfolg kommen würde.</p>
<p>Es ist unbedingt erforderlich, das Betriebssystem zunächst auf mindestens die Version 10.6.2 zu aktualisieren, denn Apple hat ab dieser Version neue Treiber für die GMA950 spendiert. Im Internet findet man dann für dieses und jedes weitere Betriebssystemupdate passende, angepasste Treiber, die auch mit der Stromsparversion der GMA950 umgehen können. Ohne diese ist die Grafik kreuzlahm und zudem auf 1024&#215;768 Pixel festgelegt.</p>
<p>Ich entschied mich für 10.6.3, weil ich mit dieser Version bereits ein sehr ähnliches System installiert hatte, das Standby-fähig war und die Grafik korrekt ansteuerte. Ohnehin ist man mit den Atom-CPUs vom normalen Apple-Updatepfad abgeschnitten, weil immer auch ein spezieller Kernel installiert werden muss. Gleiches gilt für die Standby-Funktion.</p>
<p>Das System erkannte manchmal beim Starten und Aufwachen den VGA-Ausgang nicht, aber das Display sollte später ja auch gar nicht an der VGA-Buchse angeschlossen werden. Ansonsten funktionierten Sound, Grafik, Netzwerk (LAN und WLAN) und USB so wie erwartet und geplant.</p>
<p>Der Standby-Betrieb war ebenfalls einsatzbereit. Dafür ist das Zusammenwirken vieler Komponenten erforderlich &#8211; meistens bekommt man Standby erst nach einer Weile des Herumexperimentierens hin. Hardware- und Softwareupdates verbieten sich danach meistens, ebenso Änderungen im BIOS des Rechners.</p>
<p>Überraschend bei der ganzen Sache ist die vollständige Lautlosigkeit des Systems. Würde nicht eine Power-LED zu leuchten beginnen, würde man überhaupt nicht merken, dass hier ein Computer seine Arbeit aufgenommen hat.</p>
<p>Das Board selbst bot eine zusätzliche Möglichkeit, den Computer noch ein wenig zu tunen. Mittels des Intel Integrator Toolkit konnte man das Startlogo des BIOS festlegen. Statt des klassischen Intel-Logos nahm ich nun ein weißes Bitmap, das in der Mitte einen iMac G4 17&#8243; zeigt. Dazu war es erforderlich, Windows 7 PE auf einem USB-Stick zu installieren und von dort die Installation zu starten.</p>
<p>Der Bootvorgang, bei dem das Apple-Logo mit einem rotierenden Kreis zu sehen ist, ließ sich durch die Installation eines &#8222;Themes&#8220; ebenfalls weitgehend dem Original angleichen.</p>
<p><a title="Display – Meine ersten Erfahrungen mit LVDS" href="http://www.brennecke.org/?page_id=562">Weiter geht&#8217;s mit den Arbeiten am Display</a></p>
<div class="twoclick_social_bookmarks_post_648 social_share_privacy clearfix 1.6.4 locale-de_DE sprite-de_DE"></div><div class="twoclick-js"><script type="text/javascript">/* <![CDATA[ */
jQuery(document).ready(function($){if($('.twoclick_social_bookmarks_post_648')){$('.twoclick_social_bookmarks_post_648').socialSharePrivacy({"services":{"facebook":{"status":"on","txt_info":"2 Klicks f\u00fcr mehr Datenschutz: Erst wenn Sie hier klicken, wird der Button aktiv und Sie k\u00f6nnen Ihre Empfehlung an Facebook senden. Schon beim Aktivieren werden Daten an Dritte \u00fcbertragen - siehe <em>i<\/em>.","perma_option":"off","action":"recommend","language":"de_DE"},"twitter":{"reply_to":"","tweet_text":"Installation%20der%20Software%20%C2%BB%2053%20Cent","status":"on","txt_info":"2 Klicks f\u00fcr mehr Datenschutz: Erst wenn Sie hier klicken, wird der Button aktiv und Sie k\u00f6nnen Ihre Empfehlung an Twitter senden. Schon beim Aktivieren werden Daten an Dritte \u00fcbertragen - siehe <em>i<\/em>.","perma_option":"off","language":"de","referrer_track":""},"gplus":{"status":"on","txt_info":"2 Klicks f\u00fcr mehr Datenschutz: Erst wenn Sie hier klicken, wird der Button aktiv und Sie k\u00f6nnen Ihre Empfehlung an Google+ senden. Schon beim Aktivieren werden Daten an Dritte \u00fcbertragen - siehe <em>i<\/em>.","perma_option":"off","referrer_track":""},"flattr":{"uid":"","status":"on","the_title":"Installation%20der%20Software","the_excerpt":"Zur%C3%BCck%20zur%20Hauptseite%0D%0A%0D%0ADiesen%20Teil%20des%20Aufbaus%20werde%20ich%20nur%20kurz%20behandeln.%20Es%20stehen%20drei%20Betriebssysteme%20zur%20Auswahl%3A%0D%0A%0D%0A%09Windows%207%20-%20alle%20Treiber%20liegen%20bereits%20auf%20der%20dem%20Board%20beigef%C3%BCgten%20CD.%0D%0A%09Ubuntu%20-%20alles%20im%20Netz%20verf%C3%BCgbar%0D%0A%09Mac%20OS%20X%0D%0A%0D%0ALetzeres%20l%C3%A4uft%20auf%20Atom-CPUs%20nur%20mit%20einigen%20Anpassungen%20und%20ist%20zudem%20etwas%20zickig.%20F%C3%BCr%20die%20Installation%20sogenannter%20Hackintoshs%20gibt%20es%20im%20Netz%20%20...","txt_info":"2 Klicks f\u00fcr mehr Datenschutz: Erst wenn Sie hier klicken, wird der Button aktiv und Sie k\u00f6nnen Ihre Empfehlung an Flattr senden. Schon beim Aktivieren werden Daten an Dritte \u00fcbertragen - siehe <em>i<\/em>.","perma_option":"off"}},"txt_help":"Wenn Sie diese Felder durch einen Klick aktivieren, werden Informationen an Facebook, Twitter, Flattr, Xing, t3n, LinkedIn, Pinterest oder Google eventuell ins Ausland \u00fcbertragen und unter Umst\u00e4nden auch dort gespeichert. N\u00e4heres erfahren Sie durch einen Klick auf das <em>i<\/em>.","settings_perma":"Dauerhaft aktivieren und Daten\u00fcber-tragung zustimmen:","info_link":"http:\/\/www.heise.de\/ct\/artikel\/2-Klicks-fuer-mehr-Datenschutz-1333879.html","uri":"https:\/\/www.brennecke.org\/?page_id=648","post_id":648,"post_title_referrer_track":"Installation+der+Software","display_infobox":"on"});}});
/* ]]> */</script></div>

<p>Zurück zur Hauptseite Diesen Teil des Aufbaus werde ich nur kurz behandeln. Es stehen drei Betriebssysteme zur Auswahl: Windows 7 &#8211; alle Treiber liegen bereits auf der dem Board beigefügten CD. Ubuntu &#8211; alles im Netz verfügbar Mac OS X &hellip; <a href="https://www.brennecke.org/?page_id=648">Weiterlesen <span class="meta-nav">&rarr;</span></a></p>
